000
CXUS53 KMKX 010810
CF6ENW
PRELIMINARY LOCAL CLIMATOLOGICAL DATA (WS FORM: F-6)
STATION: KENOSHA WI
MONTH: JUNE
YEAR: 2022
LATITUDE: 42 35 N
LONGITUDE: 87 56 W
TEMPERATURE IN F: :PCPN: SNOW: WIND :SUNSHINE: SKY :PK WND
================================================================================
1 2 3 4 5 6A 6B 7 8 9 10 11 12 13 14 15 16 17 18
12Z AVG MX 2MIN
DY MAX MIN AVG DEP HDD CDD WTR SNW DPTH SPD SPD DIR MIN PSBL S-S WX SPD DR
================================================================================
1 74 53 64 0 1 0 T M M 7.3 15 330 M M 3 24 340
2 77 51 64 0 1 0 0.01 M M 7.2 16 290 M M 2 1 22 350
3 79 47 63 -1 2 0 0.00 M M 10.1 28 290 M M 0 40 300
4 67 44 56 -8 9 0 0.09 M M 2.4 10 210 M M 7 14 180
5 69 56 63 -2 2 0 0.10 M M 8.2 16 100 M M 6 M M
6 78 56 67 2 0 2 0.26 M M 7.8 18 40 M M 8 18 28 40
7 70 54 62 -3 3 0 0.00 M M 6.9 14 110 M M 5 20 10
8 65 55 60 -6 5 0 0.23 M M 7.0 23 100 M M 9 1 31 100
9 79 52 66 0 0 1 0.00 M M 8.4 20 300 M M 5 128 26 290
10 75 50 63 -3 2 0 0.05 M M 7.5 20 290 M M 3 27 280
11 74 57 66 -1 0 1 T M M 6.6 13 260 M M 6 12 19 250
12 69 53 61 -6 4 0 T M M 6.7 14 50 M M 5 12 23 50
13 79 53 66 -1 0 1 0.06 M M 7.5 21 20 M M 2 138 30 10
14 98 63 81 13 0 16 M M M 9.0 17 200 M M 2 12 26 200
15 96 M M M M M M M M 13.8 30 270 M M 1 13 44 270
16 96 63 80 12 0 15 M M M 12.4 31 280 M M 0 13 45 280
17 84 60 72 4 0 7 0.00 0.0 0 9.1 24 50 M M 1 8 32 50
18 71 50 61 -8 4 0 0.00 0.0 0 7.9 15 30 M M 0 20 30
19 81 47 64 -5 1 0 0.00 M M 5.4 15 150 M M 0 18 150
20 93 59 76 7 0 11 0.00 M M 9.2 15 220 M M 0 22 220
21 99 69 84 14 0 19 0.00 M M 12.6 23 230 M M 0 37 240
22 88 65 77 7 0 12 0.00 M M 8.8 16 310 M M 0 24 300
23 82 59 71 1 0 6 0.00 M M 6.2 14 130 M M 0 20 110
24 91 58 75 5 0 10 0.00 M M 6.2 14 150 M M 0 18 130
25 73 62 68 -2 0 3 0.13 M M 5.1 18 150 M M 6 1 26 150
26 80 56 68 -3 0 3 0.00 M M 12.2 22 290 M M 1 1 36 260
27 78 53 66 -5 0 1 0.00 M M 8.5 18 310 M M 1 25 340
28 88 53 71 0 0 6 T M M 8.6 20 360 M M 1 28 240
29 83 62 73 2 0 8 0.00 M M 7.0 13 90 M M 1 1 19 100
30 94 68 81 10 0 16 0.00 M M 11.8 22 200 M M 0 32 210
================================================================================
SM 2430 1628 34 138 0.93 0.0 247.4 M 75
================================================================================
AV 81.0 56.1 8.2 FASTST M M 3 MAX(MPH)
MISC ----> 31 280 45 280
================================================================================
NOTES:
# LAST OF SEVERAL OCCURRENCES
COLUMN 17 PEAK WIND IN M.P.H.
PRELIMINARY LOCAL CLIMATOLOGICAL DATA (WS FORM: F-6) , PAGE 2
STATION: KENOSHA WI
MONTH: JUNE
YEAR: 2022
LATITUDE: 42 35 N
LONGITUDE: 87 56 W
[TEMPERATURE DATA] [PRECIPITATION DATA] SYMBOLS USED IN COLUMN 16
AVERAGE MONTHLY: 68.6 TOTAL FOR MONTH: 0.93 1 = FOG OR MIST
DPTR FM NORMAL: 0.8 DPTR FM NORMAL: -2.76 2 = FOG REDUCING VISIBILITY
HIGHEST: 99 ON 21 GRTST 24HR 0.26 ON 6- 6 TO 1/4 MILE OR LESS
LOWEST: 44 ON 4 3 = THUNDER
SNOW, ICE PELLETS, HAIL 4 = ICE PELLETS
TOTAL MONTH: 0.0 INCH 5 = HAIL
GRTST 24HR 0.0 6 = FREEZING RAIN OR DRIZZLE
GRTST DEPTH: 0 7 = DUSTSTORM OR SANDSTORM:
VSBY 1/2 MILE OR LESS
8 = SMOKE OR HAZE
[NO. OF DAYS WITH] [WEATHER - DAYS WITH] 9 = BLOWING SNOW
X = TORNADO
MAX 32 OR BELOW: 0 0.01 INCH OR MORE: 8
MAX 90 OR ABOVE: 7 0.10 INCH OR MORE: 4
MIN 32 OR BELOW: 0 0.50 INCH OR MORE: 0
MIN 0 OR BELOW: 0 1.00 INCH OR MORE: 0
[HDD (BASE 65) ]
TOTAL THIS MO. 34 CLEAR (SCALE 0-3) 20
DPTR FM NORMAL -20 PTCLDY (SCALE 4-7) 8
TOTAL FM JUL 1 6128 CLOUDY (SCALE 8-10) 2
DPTR FM NORMAL -321
[CDD (BASE 65) ]
TOTAL THIS MO. 138
DPTR FM NORMAL 0 [PRESSURE DATA]
TOTAL FM JAN 1 226 HIGHEST SLP M ON M
DPTR FM NORMAL 45 LOWEST SLP 29.66 ON 6
[REMARKS]
#FINAL-06-22#