217
CXUS51 KCLE 010900
CF6ERI
PRELIMINARY LOCAL CLIMATOLOGICAL DATA (WS FORM: F-6)
STATION: ERIE PA
MONTH: DECEMBER
YEAR: 2020
LATITUDE: 42 4 N
LONGITUDE: 80 11 W
TEMPERATURE IN F: :PCPN: SNOW: WIND :SUNSHINE: SKY :PK WND
================================================================================
1 2 3 4 5 6A 6B 7 8 9 10 11 12 13 14 15 16 17 18
12Z AVG MX 2MIN
DY MAX MIN AVG DEP HDD CDD WTR SNW DPTH SPD SPD DIR MIN PSBL S-S WX SPD DR
================================================================================
1 37 33 35 -2 30 0 0.46 5.3 1 14.5 24 280 M M 10 12 35 280
2 41 35 38 1 27 0 0.03 T 3 16.7 28 290 M M 6 138 38 280
3 44 32 38 1 27 0 0.00 0.0 1 15.9 24 200 M M 1 38 170
4 46 39 43 7 22 0 T 0.0 T 11.9 22 200 M M 7 8 33 200
5 41 31 36 0 29 0 0.01 0.0 0 8.5 17 320 M M 10 18 24 320
6 33 30 32 -3 33 0 T T 0 5.6 13 300 M M 10 8 16 300
7 35 31 33 -2 32 0 0.00 0.0 0 8.3 15 350 M M 9 21 350
8 38 31 35 0 30 0 0.00 0.0 0 10.9 20 200 M M 10 25 220
9 42 35 39 5 26 0 0.00 0.0 0 12.4 22 200 M M 10 8 28 210
10 45 39 42 8 23 0 0.00 0.0 0 8.2 18 170 M M 6 25 180
11 57 37 47 13 18 0 0.00 0.0 0 7.2 21 170 M M 0 8 27 170
12 57 37 47 14 18 0 0.16 0.0 0 13.1 24 250 M M 6 35 280
13 48 34 41 8 24 0 0.06 T 0 8.8 24 240 M M 10 18 36 220
14 39 32 36 3 29 0 0.01 T 0 11.9 22 300 M M 10 8 33 290
15 32 27 30 -2 35 0 0.00 0.0 0 7.6 17 310 M M 9 23 310
16 34 26 30 -2 35 0 0.08 0.7 0 9.5 18 110 M M 6 18 27 110
17 32 28 30 -2 35 0 0.08 0.9 2 9.6 16 60 M M 10 18 22 70
18 35 22 29 -2 36 0 0.00 0.0 1 2.6 8 190 M M 8 10 70
19 39 31 35 4 30 0 0.04 T 1 12.9 22 160 M M 6 1 30 160
20 38 35 37 6 28 0 0.11 T 0 12.1 17 190 M M 10 18 22 180
21 40 36 38 7 27 0 0.04 0.0 0 9.2 16 200 M M 9 18 19 200
22 40 33 37 7 28 0 0.17 0.0 0 8.5 17 290 M M 10 18 24 300
23 50 32 41 11 24 0 T 0.0 0 17.2 30 170 M M 3 41 150
24 54 29 42 12 23 0 0.67 4.8 0 15.5 33 170 M M 10 16 51 170
25 30 20 25 -5 40 0 0.73 12.5 7 14.3 23 220 M M 10 128 31 260
26 25 17 21 -9 44 0 0.08 1.6 16 16.1 28 210 M M 10 37 200
27 44 24 34 5 31 0 0.00 0.0 13 15.2 28 160 M M 4 42 150
28 45 33 39 10 26 0 0.12 0.1 6 16.1 33 250 M M 10 47 270
29 33 22 28 -1 37 0 T T 4 8.4 21 290 M M 5 30 280
30 48 27 38 9 27 0 0.51 T 4 18.8 35 200 M M 9 1 49 190
31 37 32 35 6 30 0 T T T 7.0 20 280 M M 10 1 26 290
================================================================================
SM 1259 950 904 0 3.36 25.9 354.5 M 244
================================================================================
AV 40.6 30.6 11.4 FASTST M M 8 MAX(MPH)
MISC ----> 35 200 51 170
================================================================================
NOTES:
# LAST OF SEVERAL OCCURRENCES
COLUMN 17 PEAK WIND IN M.P.H.
PRELIMINARY LOCAL CLIMATOLOGICAL DATA (WS FORM: F-6) , PAGE 2
STATION: ERIE PA
MONTH: DECEMBER
YEAR: 2020
LATITUDE: 42 4 N
LONGITUDE: 80 11 W
[TEMPERATURE DATA] [PRECIPITATION DATA] SYMBOLS USED IN COLUMN 16
AVERAGE MONTHLY: 35.6 TOTAL FOR MONTH: 3.36 1 = FOG OR MIST
DPTR FM NORMAL: 3.2 DPTR FM NORMAL: -0.38 2 = FOG REDUCING VISIBILITY
HIGHEST: 57 ON 12,11 GRTST 24HR 1.08 ON 24-25 TO 1/4 MILE OR LESS
LOWEST: 17 ON 26 3 = THUNDER
SNOW, ICE PELLETS, HAIL 4 = ICE PELLETS
TOTAL MONTH: 25.9 INCHES 5 = HAIL
GRTST 24HR 12.5 ON 25-25 6 = FREEZING RAIN OR DRIZZLE
GRTST DEPTH: 16 ON 26 7 = DUSTSTORM OR SANDSTORM:
VSBY 1/2 MILE OR LESS
8 = SMOKE OR HAZE
[NO. OF DAYS WITH] [WEATHER - DAYS WITH] 9 = BLOWING SNOW
X = TORNADO
MAX 32 OR BELOW: 4 0.01 INCH OR MORE: 17
MAX 90 OR ABOVE: 0 0.10 INCH OR MORE: 8
MIN 32 OR BELOW: 19 0.50 INCH OR MORE: 3
MIN 0 OR BELOW: 0 1.00 INCH OR MORE: 0
[HDD (BASE 65) ]
TOTAL THIS MO. 904 CLEAR (SCALE 0-3) 3
DPTR FM NORMAL -108 PTCLDY (SCALE 4-7) 9
TOTAL FM JUL 1 1765 CLOUDY (SCALE 8-10) 19
DPTR FM NORMAL -403
[CDD (BASE 65) ]
TOTAL THIS MO. 0
DPTR FM NORMAL 0 [PRESSURE DATA]
TOTAL FM JAN 1 980 HIGHEST SLP 30.59 ON 29
DPTR FM NORMAL 342 LOWEST SLP 29.51 ON 1
[REMARKS]
#FINAL-12-20#