000
CXUS54 KEWX 011010
CF6ERV
PRELIMINARY LOCAL CLIMATOLOGICAL DATA (WS FORM: F-6)
STATION: KERRVILLE
MONTH: APRIL
YEAR: 2023
LATITUDE: 29 58 N
LONGITUDE: 99 5 W
TEMPERATURE IN F: :PCPN: SNOW: WIND :SUNSHINE: SKY :PK WND
================================================================================
1 2 3 4 5 6A 6B 7 8 9 10 11 12 13 14 15 16 17 18
12Z AVG MX 2MIN
DY MAX MIN AVG DEP HDD CDD WTR SNW DPTH SPD SPD DIR MIN PSBL S-S WX SPD DR
================================================================================
1 85 42 64 M 1 0 M M M 5.3 14 110 M M 1 8 17 110
2 85 59 72 M 0 7 M M M 7.8 16 190 M M 6 1 23 200
3 92 67 80 M 0 15 M M M 9.1 17 170 M M 3 1 23 190
4 87 71 79 M 0 14 M M M 9.4 15 170 M M 5 21 170
5 74 56 65 M 0 0 0.17 M M 11.5 21 350 M M 6 3 25 330
6 58 47 53 M 12 0 0.05 M M 8.5 17 350 M M 9 23 10
7 55 47 51 M 14 0 0.33 M M 7.9 12 10 M M 10 1 17 360
8 75 53 64 M 1 0 M M M 2.7 9 110 M M 9 M M
9 72 53 63 M 2 0 M M M 3.6 9 180 M M 10 12 M M
10 76 55 66 M 0 1 0.01 M M 3.5 9 90 M M 7 9 90
11 78 52 65 M 0 0 M M M 3.6 12 80 M M 5 1 M M
12 80 44 62 M 3 0 M M M 3.0 9 120 M M 2 M M
13 80 47 64 M 1 0 M M M 8.7 14 150 M M 0 27 170
14 83 62 73 M 0 8 0.01 M M 10.4 16 160 M M 5 13 41 250
15 92 53 73 M 0 8 M M M 7.9 22 130 M M 2 1 25 130
16 77 52 65 M 0 0 M M M 7.7 16 40 M M 0 24 40
17 80 42 61 M 4 0 M M M 8.5 18 160 M M 0 28 160
18 82 62 72 M 0 7 M M M 12.6 17 140 M M 9 28 170
19 80 66 73 M 0 8 M M M 13.1 17 150 M M 10 1 24 160
20 89 63 76 M 0 11 0.72 M M 8.5 15 160 M M 8 13 24 160
21 81 55 68 M 0 3 0.01 M M 4.5 13 340 M M 4 1 21 350
22 80 50 65 M 0 0 M M M 9.1 22 110 M M 5 26 110
23 66 49 58 M 7 0 0.01 M M 10.5 17 20 M M 10 25 10
24 68 50 59 M 6 0 M M M 5.8 10 150 M M 10 1 9 30
25 74 59 67 M 0 2 0.01 M M 7.1 16 150 M M 9 1 21 150
26 83 65 74 M 0 9 0.04 M M 10.4 16 170 M M 7 22 170
27 83 56 70 M 0 5 M M M 7.8 15 340 M M 2 21 340
28 89 54 72 M 0 7 0.01 M M 12.7 28 330 M M 2 3 36 330
29 78 46 62 M 3 0 M M M 11.2 23 330 M M 0 35 330
30 90 42 66 M 0 1 M M M 6.1 15 190 M M 0 20 190
================================================================================
SM 2372 1619 54 106 1.37 M 238.5 M 156
================================================================================
AV 79.1 54.0 7.9 FASTST M M 5 MAX(MPH)
MISC ----> 28 330 41 250
================================================================================
NOTES:
# LAST OF SEVERAL OCCURRENCES
COLUMN 17 PEAK WIND IN M.P.H.
PRELIMINARY LOCAL CLIMATOLOGICAL DATA (WS FORM: F-6) , PAGE 2
STATION: KERRVILLE
MONTH: APRIL
YEAR: 2023
LATITUDE: 29 58 N
LONGITUDE: 99 5 W
[TEMPERATURE DATA] [PRECIPITATION DATA] SYMBOLS USED IN COLUMN 16
AVERAGE MONTHLY: 66.5 TOTAL FOR MONTH: 1.37 1 = FOG OR MIST
DPTR FM NORMAL: 0.0 DPTR FM NORMAL: M 2 = FOG REDUCING VISIBILITY
HIGHEST: 92 ON 15, 3 GRTST 24HR 0.72 ON 20-20 TO 1/4 MILE OR LESS
LOWEST: 42 ON 30,17 3 = THUNDER
SNOW, ICE PELLETS, HAIL 4 = ICE PELLETS
TOTAL MONTH: M 5 = HAIL
GRTST 24HR M ON M 6 = FREEZING RAIN OR DRIZZLE
GRTST DEPTH: M ON M 7 = DUSTSTORM OR SANDSTORM:
VSBY 1/2 MILE OR LESS
8 = SMOKE OR HAZE
[NO. OF DAYS WITH] [WEATHER - DAYS WITH] 9 = BLOWING SNOW
X = TORNADO
MAX 32 OR BELOW: 0 0.01 INCH OR MORE: 11
MAX 90 OR ABOVE: 3 0.10 INCH OR MORE: 3
MIN 32 OR BELOW: 0 0.50 INCH OR MORE: 1
MIN 0 OR BELOW: 0 1.00 INCH OR MORE: 0
[HDD (BASE 65) ]
TOTAL THIS MO. 54 CLEAR (SCALE 0-3) 10
DPTR FM NORMAL M PTCLDY (SCALE 4-7) 11
TOTAL FM JUL 1 1733 CLOUDY (SCALE 8-10) 9
DPTR FM NORMAL M
[CDD (BASE 65) ]
TOTAL THIS MO. 106
DPTR FM NORMAL M [PRESSURE DATA]
TOTAL FM JAN 1 196 HIGHEST SLP M ON M
DPTR FM NORMAL M LOWEST SLP M ON M
[REMARKS]
#FINAL-04-23#