000
CXUS54 KEWX 051854
CF6ERV
PRELIMINARY LOCAL CLIMATOLOGICAL DATA (WS FORM: F-6)
STATION: KERRVILLE
MONTH: JUNE
YEAR: 2022
LATITUDE: 29 58 N
LONGITUDE: 99 5 W
TEMPERATURE IN F: :PCPN: SNOW: WIND :SUNSHINE: SKY :PK WND
================================================================================
1 2 3 4 5 6A 6B 7 8 9 10 11 12 13 14 15 16 17 18
12Z AVG MX 2MIN
DY MAX MIN AVG DEP HDD CDD WTR SNW DPTH SPD SPD DIR MIN PSBL S-S WX SPD DR
================================================================================
1 96 74 85 M 0 20 M M M 12.0 16 160 M M 6 27 130
2 91 72 82 M 0 17 M M M 6.3 12 100 M M 4 18 100
3 93 70 82 M 0 17 M M M 6.1 12 350 M M 5 20 330
4 96 67 82 M 0 17 0.03 M M 5.4 14 220 M M 2 3 35 280
5 99 69 84 M 0 19 M M M 12.5 18 150 M M 0 25 200
6 101 71 86 M 0 21 M M M 14.0 21 150 M M 2 24 160
7 101 72 87 M 0 22 M M M 13.6 17 180 M M 3 24 160
8 101 71 86 M 0 21 M M M 10.2 16 170 M M 2 24 140
9 96 71 84 M 0 19 M M M 7.7 16 160 M M 3 23 160
10 99 74 87 M 0 22 M M M 7.3 14 160 M M 2 22 140
11 102 74 88 M 0 23 M M M 7.5 12 150 M M 0 18 160
12 102 73 88 M 0 23 M M M 10.7 16 160 M M 0 23 190
13 98 72 85 M 0 20 M M M 15.6 22 150 M M 1 30 150
14 98 74 86 M 0 21 M M M 18.9 28 160 M M 5 36 160
15 93 74 84 M 0 19 M M M 14.3 22 160 M M 5 26 160
16 98 73 86 M 0 21 M M M 10.2 15 150 M M 2 18 24 150
17 96 67 82 M 0 17 M M M 6.4 15 140 M M 1 8 18 180
18 96 70 83 M 0 18 M M M 8.1 15 130 M M 0 22 160
19 96 71 84 M 0 19 M M M 8.3 16 170 M M 3 21 160
20 97 70 84 M 0 19 M M M 9.0 16 160 M M 0 26 170
21 97 73 85 M 0 20 M M M 8.7 16 150 M M 1 23 150
22 96 70 83 M 0 18 M M M 6.6 14 170 M M 4 21 150
23 98 70 84 M 0 19 M M M 5.4 13 160 M M 1 20 150
24 98 71 85 M 0 20 M M M 7.4 15 160 M M 0 22 160
25 98 72 85 M 0 20 M M M 9.3 14 150 M M 2 21 180
26 98 71 85 M 0 20 M M M 6.2 13 120 M M 2 18 170
27 96 69 83 M 0 18 0.45 M M 4.8 10 100 M M 3 3 20 20
28 88 68 78 M 0 13 0.22 M M 4.2 16 60 M M 4 3 23 60
29 95 65 80 M 0 15 M M M 4.1 12 110 M M 1 18 100
30 97 67 82 M 0 17 M M M 4.1 14 140 M M 1 20 140
================================================================================
SM 2910 2125 0 575 0.70 M 264.9 M 65
================================================================================
AV 97.0 70.8 8.8 FASTST M M 2 MAX(MPH)
MISC ----> 28 160 36 160
================================================================================
NOTES:
# LAST OF SEVERAL OCCURRENCES
COLUMN 17 PEAK WIND IN M.P.H.
PRELIMINARY LOCAL CLIMATOLOGICAL DATA (WS FORM: F-6) , PAGE 2
STATION: KERRVILLE
MONTH: JUNE
YEAR: 2022
LATITUDE: 29 58 N
LONGITUDE: 99 5 W
[TEMPERATURE DATA] [PRECIPITATION DATA] SYMBOLS USED IN COLUMN 16
AVERAGE MONTHLY: 83.9 TOTAL FOR MONTH: 0.70 1 = FOG OR MIST
DPTR FM NORMAL: 0.0 DPTR FM NORMAL: M 2 = FOG REDUCING VISIBILITY
HIGHEST: 102 ON 12,11 GRTST 24HR 0.45 ON 27-27 TO 1/4 MILE OR LESS
LOWEST: 65 ON 29 3 = THUNDER
SNOW, ICE PELLETS, HAIL 4 = ICE PELLETS
TOTAL MONTH: M 5 = HAIL
GRTST 24HR M ON M 6 = FREEZING RAIN OR DRIZZLE
GRTST DEPTH: M ON M 7 = DUSTSTORM OR SANDSTORM:
VSBY 1/2 MILE OR LESS
8 = SMOKE OR HAZE
[NO. OF DAYS WITH] [WEATHER - DAYS WITH] 9 = BLOWING SNOW
X = TORNADO
MAX 32 OR BELOW: 0 0.01 INCH OR MORE: 3
MAX 90 OR ABOVE: 29 0.10 INCH OR MORE: 2
MIN 32 OR BELOW: 0 0.50 INCH OR MORE: 0
MIN 0 OR BELOW: 0 1.00 INCH OR MORE: 0
[HDD (BASE 65) ]
TOTAL THIS MO. 0 CLEAR (SCALE 0-3) 21
DPTR FM NORMAL M PTCLDY (SCALE 4-7) 9
TOTAL FM JUL 1 1860 CLOUDY (SCALE 8-10) 0
DPTR FM NORMAL M
[CDD (BASE 65) ]
TOTAL THIS MO. 575
DPTR FM NORMAL M [PRESSURE DATA]
TOTAL FM JAN 1 1277 HIGHEST SLP M ON M
DPTR FM NORMAL M LOWEST SLP M ON M
[REMARKS]
#FINAL-06-22#