000
CXUS53 KDMX 020619
CF6EST
PRELIMINARY LOCAL CLIMATOLOGICAL DATA (WS FORM: F-6)
STATION: ESTHERVILLE IA
MONTH: JUNE
YEAR: 2023
LATITUDE: 43 24 N
LONGITUDE: 94 45 W
TEMPERATURE IN F: :PCPN: SNOW: WIND :SUNSHINE: SKY :PK WND
================================================================================
1 2 3 4 5 6A 6B 7 8 9 10 11 12 13 14 15 16 17 18
12Z AVG MX 2MIN
DY MAX MIN AVG DEP HDD CDD WTR SNW DPTH SPD SPD DIR MIN PSBL S-S WX SPD DR
================================================================================
1 81 61 71 7 0 6 T 0.0 0 11.6 22 180 M M 2 8 27 180
2 87 66 77 13 0 12 0.00 0.0 0 11.0 25 110 M M 2 32 110
3 87 65 76 11 0 11 0.18 0.0 0 6.6 40 160 M M 2 8 51 160
4 90 66 78 13 0 13 0.00 0.0 0 5.6 20 140 M M 2 3 28 180
5 91 62 77 12 0 12 0.00 0.0 0 3.7 13 140 M M 2 16 130
6 91 67 79 13 0 14 0.03 0.0 0 4.9 17 150 M M 3 138 22 160
7 82 65 74 8 0 9 2.27 0.0 0 8.4 32 40 M M 5 138 42 40
8 76 59 68 2 0 3 0.62 0.0 0 9.2 26 360 M M 5 13 34 360
9 75 58 67 1 0 2 0.00 0.0 0 8.4 18 190 M M 1 18 25 200
10 73 61 67 0 0 2 0.23 0.0 0 6.6 24 40 M M 7 138 31 40
11 71 48 60 -7 5 0 0.00 0.0 0 15.1 24 30 M M 5 33 40
12 78 47 63 -4 2 0 0.00 0.0 0 9.5 18 300 M M 1 28 290
13 85 53 69 1 0 4 0.00 0.0 0 10.0 20 290 M M 1 27 290
14 85 56 71 3 0 6 0.00 0.0 0 5.1 13 350 M M 0 20 50
15 88 57 73 5 0 8 0.00 0.0 0 6.8 20 60 M M 1 8 26 60
16 79 54 67 -1 0 2 0.00 0.0 0 8.5 16 110 M M 0 21 120
17 80 59 70 2 0 5 0.08 0.0 0 8.3 20 180 M M 4 25 180
18 80 64 72 3 0 7 0.04 0.0 0 3.4 9 100 M M 7 1 11 100
19 87 59 73 4 0 8 0.00 0.0 0 11.0 21 150 M M 0 12 29 150
20 86 63 75 6 0 10 0.00 0.0 0 12.2 22 150 M M 0 28 160
21 86 57 72 3 0 7 0.00 0.0 0 7.2 18 130 M M 0 18 24 140
22 87 60 74 5 0 9 0.00 0.0 0 4.6 12 140 M M 1 18 15 160
23 89 61 75 5 0 10 0.00 0.0 0 5.9 17 180 M M 1 1 21 180
24 81 64 73 3 0 8 1.07 0.0 0 10.8 31 100 M M 5 13 43 100
25 75 61 68 -2 0 3 0.11 0.0 0 15.0 28 330 M M 6 18 38 340
26 79 60 70 0 0 5 0.00 0.0 0 11.4 22 20 M M 4 1 31 360
27 81 57 69 -1 0 4 T 0.0 0 8.3 16 160 M M 1 138 22 150
28 86 63 75 5 0 10 0.13 0.0 0 11.8 24 180 M M 3 138 31 180
29 89 64 77 7 0 12 0.00 0.0 0 4.1 13 60 M M 1 138 19 310
30 84 65 75 5 0 10 0.00 0.0 0 3.5 15 200 M M 3 3 22 210
================================================================================
SM 2489 1802 7 212 4.76 0.0 248.5 M 75
================================================================================
AV 83.0 60.1 8.3 FASTST M M 3 MAX(MPH)
MISC ----> 40 160 51 160
================================================================================
NOTES:
# LAST OF SEVERAL OCCURRENCES
COLUMN 17 PEAK WIND IN M.P.H.
PRELIMINARY LOCAL CLIMATOLOGICAL DATA (WS FORM: F-6) , PAGE 2
STATION: ESTHERVILLE IA
MONTH: JUNE
YEAR: 2023
LATITUDE: 43 24 N
LONGITUDE: 94 45 W
[TEMPERATURE DATA] [PRECIPITATION DATA] SYMBOLS USED IN COLUMN 16
AVERAGE MONTHLY: 71.5 TOTAL FOR MONTH: 4.76 1 = FOG OR MIST
DPTR FM NORMAL: 3.7 DPTR FM NORMAL: 0.19 2 = FOG REDUCING VISIBILITY
HIGHEST: 91 ON 6, 5 GRTST 24HR 2.83 ON 7- 8 TO 1/4 MILE OR LESS
LOWEST: 47 ON 12 3 = THUNDER
SNOW, ICE PELLETS, HAIL 4 = ICE PELLETS
TOTAL MONTH: 0.0 INCH 5 = HAIL
GRTST 24HR 0.0 6 = FREEZING RAIN OR DRIZZLE
GRTST DEPTH: 0 7 = DUSTSTORM OR SANDSTORM:
VSBY 1/2 MILE OR LESS
8 = SMOKE OR HAZE
[NO. OF DAYS WITH] [WEATHER - DAYS WITH] 9 = BLOWING SNOW
X = TORNADO
MAX 32 OR BELOW: 0 0.01 INCH OR MORE: 10
MAX 90 OR ABOVE: 3 0.10 INCH OR MORE: 7
MIN 32 OR BELOW: 0 0.50 INCH OR MORE: 3
MIN 0 OR BELOW: 0 1.00 INCH OR MORE: 2
[HDD (BASE 65) ]
TOTAL THIS MO. 7 CLEAR (SCALE 0-3) 21
DPTR FM NORMAL -37 PTCLDY (SCALE 4-7) 9
TOTAL FM JUL 1 7560 CLOUDY (SCALE 8-10) 0
DPTR FM NORMAL -349
[CDD (BASE 65) ]
TOTAL THIS MO. 212
DPTR FM NORMAL 84 [PRESSURE DATA]
TOTAL FM JAN 1 268 HIGHEST SLP 30.09 ON 21
DPTR FM NORMAL 107 LOWEST SLP 29.54 ON 25
[REMARKS]
#FINAL-06-23#