000
CXUS56 KPQR 011155
CF6EUG
PRELIMINARY LOCAL CLIMATOLOGICAL DATA (WS FORM: F-6)
STATION: EUGENE OR
MONTH: APRIL
YEAR: 2022
LATITUDE: 44 7 N
LONGITUDE: 123 13 W
TEMPERATURE IN F: :PCPN: SNOW: WIND :SUNSHINE: SKY :PK WND
================================================================================
1 2 3 4 5 6A 6B 7 8 9 10 11 12 13 14 15 16 17 18
12Z AVG MX 2MIN
DY MAX MIN AVG DEP HDD CDD WTR SNW DPTH SPD SPD DIR MIN PSBL S-S WX SPD DR
================================================================================
1 61 33 47 -2 18 0 0.06 0.0 0 3.1 14 300 M M 6 1 16 310
2 60 36 48 -1 17 0 0.00 0.0 0 3.9 10 350 M M 3 13 350
3 61 38 50 1 15 0 0.07 0.0 0 10.1 22 210 M M 7 27 200
4 56 40 48 -1 17 0 0.74 0.0 0 14.8 26 260 M M 9 1 34 240
5 58 36 47 -2 18 0 0.02 0.0 0 4.9 10 150 M M 3 1 14 290
6 64 33 49 0 16 0 0.00 0.0 0 5.1 13 350 M M 2 17 360
7 74 37 56 7 9 0 0.00 0.0 0 5.0 15 220 M M 3 1 18 230
8 60 41 51 2 14 0 0.01 0.0 0 9.5 23 290 M M 7 1 27 290
9 56 37 47 -3 18 0 0.01 0.0 0 6.2 17 270 M M 7 21 270
10 48 41 45 -5 20 0 0.56 0.0 0 9.1 28 180 M M 10 1 36 180
11 51 36 44 -6 21 0 0.15 0.0 0 12.1 26 180 M M 8 1 33 310
12 48 35 42 -8 23 0 0.48 T 0 10.8 20 220 M M 8 1 29 220
13 53 34 44 -6 21 0 0.33 T 0 8.6 20 200 M M 9 1 24 180
14 49 33 41 -9 24 0 0.09 0.0 0 6.4 15 290 M M 7 5 20 220
15 56 30 43 -7 22 0 0.00 0.0 0 5.5 12 360 M M 5 12 14 350
16 54 37 46 -4 19 0 0.03 0.0 0 8.3 25 260 M M 7 15 32 230
17 54 32 43 -8 22 0 0.00 0.0 0 3.6 10 20 M M 7 12 130
18 62 41 52 1 13 0 0.22 0.0 0 9.5 29 190 M M 8 1 38 200
19 56 41 49 -2 16 0 0.40 0.0 0 7.4 18 200 M M 8 1 22 200
20 53 38 46 -5 19 0 0.73 0.0 0 8.7 30 180 M M 8 1 38 170
21 60 41 51 0 14 0 T 0.0 0 10.4 25 260 M M 8 35 250
22 62 39 51 -1 14 0 0.03 0.0 0 3.5 16 330 M M 7 1 19 320
23 66 35 51 -1 14 0 0.00 0.0 0 3.5 9 10 M M 3 12 12 10
24 72 38 55 3 10 0 0.00 0.0 0 6.8 14 260 M M 4 16 270
25 57 47 52 0 13 0 0.03 0.0 0 6.0 10 300 M M 10 1 12 300
26 59 40 50 -2 15 0 T 0.0 0 6.1 18 230 M M 8 23 270
27 58 41 50 -3 15 0 T 0.0 0 3.8 15 330 M M 7 17 320
28 59 42 51 -2 14 0 T 0.0 0 7.3 18 260 M M 7 23 240
29 61 45 53 0 12 0 0.35 0.0 0 5.9 15 200 M M 9 1 21 200
30 58 44 51 -2 14 0 0.17 0.0 0 8.9 18 240 M M 8 18 22 230
================================================================================
SM 1746 1141 497 0 4.48 T 214.8 M 203
================================================================================
AV 58.2 38.0 7.2 FASTST M M 7 MAX(MPH)
MISC ----> 30 180 # 38 200
================================================================================
NOTES:
# LAST OF SEVERAL OCCURRENCES
COLUMN 17 PEAK WIND IN M.P.H.
PRELIMINARY LOCAL CLIMATOLOGICAL DATA (WS FORM: F-6) , PAGE 2
STATION: EUGENE OR
MONTH: APRIL
YEAR: 2022
LATITUDE: 44 7 N
LONGITUDE: 123 13 W
[TEMPERATURE DATA] [PRECIPITATION DATA] SYMBOLS USED IN COLUMN 16
AVERAGE MONTHLY: 48.1 TOTAL FOR MONTH: 4.48 1 = FOG OR MIST
DPTR FM NORMAL: -2.6 DPTR FM NORMAL: 1.16 2 = FOG REDUCING VISIBILITY
HIGHEST: 74 ON 7 GRTST 24HR 0.80 ON 3- 4 TO 1/4 MILE OR LESS
LOWEST: 30 ON 15 3 = THUNDER
SNOW, ICE PELLETS, HAIL 4 = ICE PELLETS
TOTAL MONTH: T 5 = HAIL
GRTST 24HR T ON 12-12 6 = FREEZING RAIN OR DRIZZLE
GRTST DEPTH: 0 7 = DUSTSTORM OR SANDSTORM:
VSBY 1/2 MILE OR LESS
8 = SMOKE OR HAZE
[NO. OF DAYS WITH] [WEATHER - DAYS WITH] 9 = BLOWING SNOW
X = TORNADO
MAX 32 OR BELOW: 0 0.01 INCH OR MORE: 19
MAX 90 OR ABOVE: 0 0.10 INCH OR MORE: 10
MIN 32 OR BELOW: 2 0.50 INCH OR MORE: 3
MIN 0 OR BELOW: 0 1.00 INCH OR MORE: 0
[HDD (BASE 65) ]
TOTAL THIS MO. 497 CLEAR (SCALE 0-3) 2
DPTR FM NORMAL 66 PTCLDY (SCALE 4-7) 21
TOTAL FM JUL 1 3926 CLOUDY (SCALE 8-10) 7
DPTR FM NORMAL -262
[CDD (BASE 65) ]
TOTAL THIS MO. 0
DPTR FM NORMAL 0 [PRESSURE DATA]
TOTAL FM JAN 1 0 HIGHEST SLP 30.46 ON 9
DPTR FM NORMAL 0 LOWEST SLP 29.43 ON 11
[REMARKS]
#FINAL-04-22#