000
CXUS51 KOKX 010910
CF6EWR
PRELIMINARY LOCAL CLIMATOLOGICAL DATA (WS FORM: F-6)
STATION: NEWARK NJ
MONTH: MAY
YEAR: 2023
LATITUDE: 40 42 N
LONGITUDE: 74 10 W
TEMPERATURE IN F: :PCPN: SNOW: WIND :SUNSHINE: SKY :PK WND
================================================================================
1 2 3 4 5 6A 6B 7 8 9 10 11 12 13 14 15 16 17 18
12Z AVG MX 2MIN
DY MAX MIN AVG DEP HDD CDD WTR SNW DPTH SPD SPD DIR MIN PSBL S-S WX SPD DR
================================================================================
1 64 50 57 -2 8 0 0.07 0.0 0 16.8 30 230 M M 7 1 39 240
2 59 47 53 -6 12 0 0.05 0.0 0 12.0 31 260 M M 8 39 230
3 60 47 54 -6 11 0 T 0.0 0 9.5 17 290 M M 8 25 270
4 58 48 53 -7 12 0 0.02 0.0 0 7.7 15 360 M M 9 18 10
5 66 47 57 -3 8 0 T 0.0 0 5.0 10 150 M M 6 15 270
6 76 45 61 1 4 0 0.00 0.0 0 7.1 17 320 M M 3 25 320
7 80 53 67 6 0 2 T 0.0 0 8.3 22 250 M M 6 31 260
8 80 60 70 9 0 5 0.01 0.0 0 11.2 21 320 M M 7 29 310
9 68 55 62 1 3 0 0.00 0.0 0 7.7 15 10 M M 8 18 30
10 76 48 62 0 3 0 0.00 0.0 0 5.3 14 150 M M 4 20 290
11 84 52 68 6 0 3 0.00 0.0 0 9.6 18 240 M M 4 27 260
12 90 60 75 13 0 10 0.00 0.0 0 8.4 22 250 M M 6 26 260
13 84 67 76 14 0 11 0.00 0.0 0 8.9 17 350 M M 9 24 290
14 77 59 68 5 0 3 0.00 0.0 0 11.8 22 330 M M 7 33 290
15 78 51 65 2 0 0 0.00 0.0 0 11.0 21 230 M M 5 26 250
16 83 53 68 5 0 3 0.00 0.0 0 12.6 26 230 M M 5 34 260
17 70 50 60 -4 5 0 0.00 0.0 0 17.4 26 330 M M 5 36 320
18 61 44 53 -11 12 0 0.00 0.0 0 8.4 18 140 M M 1 23 140
19 72 52 62 -2 3 0 0.00 0.0 0 7.9 20 150 M M 6 28 140
20 70 58 64 0 1 0 0.66 0.0 0 5.1 9 270 M M 10 1 20 270
21 75 57 66 1 0 1 0.01 0.0 0 11.5 22 360 M M 7 29 310
22 78 56 67 2 0 2 0.00 0.0 0 7.1 15 150 M M 4 20 140
23 69 55 62 -3 3 0 0.00 0.0 0 5.9 15 150 M M 7 20 150
24 81 52 67 1 0 2 0.07 0.0 0 6.9 25 20 M M 6 29 30
25 72 51 62 -4 3 0 0.00 0.0 0 13.6 24 360 M M 4 33 350
26 76 51 64 -2 1 0 0.00 0.0 0 7.8 16 340 M M 3 23 310
27 80 54 67 1 0 2 0.00 0.0 0 6.4 13 120 M M 5 17 120
28 80 56 68 1 0 3 0.00 0.0 0 5.6 13 160 M M 6 17 160
29 79 59 69 2 0 4 0.00 0.0 0 9.7 21 120 M M 3 28 120
30 70 57 64 -3 1 0 0.00 0.0 0 8.0 16 160 M M 2 8 21 160
31 78 51 65 -3 0 0 0.00 0.0 0 4.9 13 140 M M 2 18 150
================================================================================
SM 2294 1645 90 51 0.89 0.0 279.1 M 173
================================================================================
AV 74.0 53.1 9.0 FASTST M M 6 MAX(MPH)
MISC ----> 31 260 # 39 240
================================================================================
NOTES:
# LAST OF SEVERAL OCCURRENCES
COLUMN 17 PEAK WIND IN M.P.H.
PRELIMINARY LOCAL CLIMATOLOGICAL DATA (WS FORM: F-6) , PAGE 2
STATION: NEWARK NJ
MONTH: MAY
YEAR: 2023
LATITUDE: 40 42 N
LONGITUDE: 74 10 W
[TEMPERATURE DATA] [PRECIPITATION DATA] SYMBOLS USED IN COLUMN 16
AVERAGE MONTHLY: 63.5 TOTAL FOR MONTH: 0.89 1 = FOG OR MIST
DPTR FM NORMAL: 0.2 DPTR FM NORMAL: -3.08 2 = FOG REDUCING VISIBILITY
HIGHEST: 90 ON 12 GRTST 24HR 2.22 ON 30- 1 TO 1/4 MILE OR LESS
LOWEST: 44 ON 18 3 = THUNDER
SNOW, ICE PELLETS, HAIL 4 = ICE PELLETS
TOTAL MONTH: 0.0 INCH 5 = HAIL
GRTST 24HR 0.0 6 = FREEZING RAIN OR DRIZZLE
GRTST DEPTH: 0 7 = DUSTSTORM OR SANDSTORM:
VSBY 1/2 MILE OR LESS
8 = SMOKE OR HAZE
[NO. OF DAYS WITH] [WEATHER - DAYS WITH] 9 = BLOWING SNOW
X = TORNADO
MAX 32 OR BELOW: 0 0.01 INCH OR MORE: 7
MAX 90 OR ABOVE: 1 0.10 INCH OR MORE: 1
MIN 32 OR BELOW: 0 0.50 INCH OR MORE: 1
MIN 0 OR BELOW: 0 1.00 INCH OR MORE: 0
[HDD (BASE 65) ]
TOTAL THIS MO. 90 CLEAR (SCALE 0-3) 6
DPTR FM NORMAL -34 PTCLDY (SCALE 4-7) 21
TOTAL FM JUL 1 3835 CLOUDY (SCALE 8-10) 4
DPTR FM NORMAL -852
[CDD (BASE 65) ]
TOTAL THIS MO. 51
DPTR FM NORMAL -18 [PRESSURE DATA]
TOTAL FM JAN 1 90 HIGHEST SLP M ON M
DPTR FM NORMAL 6 LOWEST SLP 29.02 ON 1
[REMARKS]
#FINAL-05-23#