000
CXUS51 KOKX 012354
CF6EWR
PRELIMINARY LOCAL CLIMATOLOGICAL DATA (WS FORM: F-6)
STATION: NEWARK NJ
MONTH: FEBRUARY
YEAR: 2023
LATITUDE: 40 42 N
LONGITUDE: 74 10 W
TEMPERATURE IN F: :PCPN: SNOW: WIND :SUNSHINE: SKY :PK WND
================================================================================
1 2 3 4 5 6A 6B 7 8 9 10 11 12 13 14 15 16 17 18
12Z AVG MX 2MIN
DY MAX MIN AVG DEP HDD CDD WTR SNW DPTH SPD SPD DIR MIN PSBL S-S WX SPD DR
================================================================================
1 40 27 34 1 31 0 0.02 0.3 T 9.3 17 10 M M 6 22 290
2 42 25 34 1 31 0 0.00 0.0 0 8.6 20 250 M M 7 25 260
3 35 13 24 -9 41 0 0.00 0.0 0 21.0 37 290 M M 5 46 310
4 26 5 16 -17 49 0 0.00 0.0 0 11.5 30 310 M M 4 36 330
5 51 25 38 5 27 0 0.00 0.0 0 6.6 17 210 M M 8 24 260
6 56 32 44 11 21 0 0.00 0.0 0 11.2 26 340 M M 6 33 340
7 43 27 35 1 30 0 0.01 0.0 0 7.4 14 180 M M 6 17 180
8 57 35 46 12 19 0 T 0.0 0 7.4 21 320 M M 5 28 300
9 52 33 43 9 22 0 0.00 0.0 0 3.7 14 140 M M 9 19 140
10 61 43 52 18 13 0 0.00 0.0 0 14.4 28 250 M M 5 36 260
11 48 36 42 8 23 0 0.00 0.0 0 11.6 31 280 M M 4 38 280
12 48 31 40 6 25 0 0.12 0.0 0 4.6 17 360 M M 10 20 350
13 61 39 50 15 15 0 T 0.0 0 13.4 22 250 M M 7 28 290
14 57 42 50 15 15 0 0.00 0.0 0 10.7 24 300 M M 2 32 290
15 70 43 57 22 8 0 0.00 0.0 0 11.3 25 230 M M 7 36 220
16 68 50 59 24 6 0 0.06 0.0 0 4.7 13 180 M M 9 16 180
17 62 33 48 12 17 0 0.15 0.0 0 14.7 36 320 M M 9 1 48 320
18 44 28 36 0 29 0 0.00 0.0 0 13.4 29 320 M M 3 36 340
19 52 32 42 6 23 0 0.00 0.0 0 6.5 17 160 M M 8 24 140
20 64 40 52 16 13 0 0.00 0.0 0 9.1 24 270 M M 8 1 33 290
21 49 38 44 8 21 0 0.21 0.0 0 8.0 20 20 M M 8 18 23 10
22 45 34 40 3 25 0 0.19 T 0 6.4 13 260 M M 7 14 16 360
23 45 40 43 6 22 0 0.01 0.0 0 7.9 14 30 M M 10 1 17 160
24 48 26 37 0 28 0 T 0.0 0 16.4 35 320 M M 6 1 47 320
25 34 23 29 -8 36 0 T T 0 6.1 18 330 M M 8 25 320
26 53 23 38 0 27 0 0.00 0.0 0 10.1 26 250 M M 3 18 33 260
27 45 34 40 2 25 0 0.38 1.2 0 8.6 20 100 M M 6 14 28 130
28 39 33 36 -2 29 0 0.26 0.5 2 9.1 18 50 M M 9 14 26 50
================================================================================
SM 1395 890 671 0 1.41 2.0 273.7 M 185
================================================================================
AV 49.8 31.8 9.8 FASTST M M 7 MAX(MPH)
MISC ----> 37 290 48 320
================================================================================
NOTES:
# LAST OF SEVERAL OCCURRENCES
COLUMN 17 PEAK WIND IN M.P.H.
PRELIMINARY LOCAL CLIMATOLOGICAL DATA (WS FORM: F-6) , PAGE 2
STATION: NEWARK NJ
MONTH: FEBRUARY
YEAR: 2023
LATITUDE: 40 42 N
LONGITUDE: 74 10 W
[TEMPERATURE DATA] [PRECIPITATION DATA] SYMBOLS USED IN COLUMN 16
AVERAGE MONTHLY: 40.8 TOTAL FOR MONTH: 1.41 1 = FOG OR MIST
DPTR FM NORMAL: 5.7 DPTR FM NORMAL: -1.57 2 = FOG REDUCING VISIBILITY
HIGHEST: 70 ON 15 GRTST 24HR 0.64 ON 27-28 TO 1/4 MILE OR LESS
LOWEST: 5 ON 4 3 = THUNDER
SNOW, ICE PELLETS, HAIL 4 = ICE PELLETS
TOTAL MONTH: 2.0 INCHES 5 = HAIL
GRTST 24HR 1.2 ON 27-27 6 = FREEZING RAIN OR DRIZZLE
GRTST DEPTH: 2 ON 28 7 = DUSTSTORM OR SANDSTORM:
VSBY 1/2 MILE OR LESS
8 = SMOKE OR HAZE
[NO. OF DAYS WITH] [WEATHER - DAYS WITH] 9 = BLOWING SNOW
X = TORNADO
MAX 32 OR BELOW: 1 0.01 INCH OR MORE: 10
MAX 90 OR ABOVE: 0 0.10 INCH OR MORE: 6
MIN 32 OR BELOW: 13 0.50 INCH OR MORE: 0
MIN 0 OR BELOW: 0 1.00 INCH OR MORE: 0
[HDD (BASE 65) ]
TOTAL THIS MO. 671 CLEAR (SCALE 0-3) 3
DPTR FM NORMAL -166 PTCLDY (SCALE 4-7) 18
TOTAL FM JUL 1 2887 CLOUDY (SCALE 8-10) 7
DPTR FM NORMAL -616
[CDD (BASE 65) ]
TOTAL THIS MO. 0
DPTR FM NORMAL 0 [PRESSURE DATA]
TOTAL FM JAN 1 0 HIGHEST SLP 30.68 ON 4
DPTR FM NORMAL 0 LOWEST SLP 29.50 ON 17
[REMARKS]
#FINAL-02-23#