000
CXUS51 KOKX 011010
CF6EWR
PRELIMINARY LOCAL CLIMATOLOGICAL DATA (WS FORM: F-6)
STATION: NEWARK NJ
MONTH: NOVEMBER
YEAR: 2022
LATITUDE: 40 42 N
LONGITUDE: 74 10 W
TEMPERATURE IN F: :PCPN: SNOW: WIND :SUNSHINE: SKY :PK WND
================================================================================
1 2 3 4 5 6A 6B 7 8 9 10 11 12 13 14 15 16 17 18
12Z AVG MX 2MIN
DY MAX MIN AVG DEP HDD CDD WTR SNW DPTH SPD SPD DIR MIN PSBL S-S WX SPD DR
================================================================================
1 72 60 66 14 0 1 0.07 0.0 0 8.1 15 290 M M 7 1 19 290
2 73 53 63 12 2 0 0.00 0.0 0 5.6 18 30 M M 2 22 10
3 69 47 58 7 7 0 0.00 0.0 0 3.7 10 110 M M 1 14 150
4 73 49 61 10 4 0 0.00 0.0 0 4.3 15 230 M M 6 18 21 200
5 79 61 70 20 0 5 0.00 0.0 0 7.6 20 180 M M 8 26 200
6 77 66 72 22 0 7 T 0.0 0 7.6 21 200 M M 8 26 200
7 81 56 69 19 0 4 0.01 0.0 0 14.0 25 340 M M 4 31 330
8 62 46 54 5 11 0 0.00 0.0 0 13.7 24 350 M M 3 29 350
9 55 38 47 -2 18 0 0.00 0.0 0 7.2 18 20 M M 1 22 10
10 70 42 56 7 9 0 0.00 0.0 0 5.2 15 240 M M 3 17 250
11 71 56 64 16 1 0 0.77 0.0 0 6.8 20 190 M M 10 18 26 190
12 74 62 68 20 0 3 0.04 0.0 0 11.5 26 280 M M 7 1 35 270
13 63 42 53 5 12 0 0.04 0.0 0 13.8 26 280 M M 7 32 290
14 48 35 42 -5 23 0 0.00 0.0 0 11.5 22 320 M M 2 28 310
15 47 33 40 -7 25 0 0.58 0.0 0 11.4 22 20 M M 8 1 27 30
16 53 40 47 0 18 0 0.24 0.0 0 14.4 25 280 M M 8 1 31 270
17 48 36 42 -4 23 0 0.00 0.0 0 14.6 29 270 M M 6 36 280
18 46 32 39 -7 26 0 T T 0 13.7 26 230 M M 4 36 250
19 42 27 35 -11 30 0 0.00 0.0 0 11.0 24 230 M M 1 31 230
20 39 27 33 -13 32 0 0.00 0.0 0 14.7 30 290 M M 3 41 300
21 44 24 34 -11 31 0 0.00 0.0 0 10.6 21 220 M M 2 28 230
22 53 31 42 -3 23 0 0.00 0.0 0 8.5 14 240 M M 2 21 260
23 58 33 46 2 19 0 0.00 0.0 0 7.6 15 290 M M 0 22 290
24 57 32 45 1 20 0 0.00 0.0 0 4.5 12 200 M M 4 15 200
25 58 41 50 6 15 0 0.01 0.0 0 12.4 33 320 M M 8 18 44 320
26 60 42 51 7 14 0 0.00 0.0 0 10.9 26 300 M M 3 36 300
27 60 42 51 8 14 0 0.52 0.0 0 7.5 21 250 M M 9 1 28 240
28 56 42 49 6 16 0 T 0.0 0 14.6 24 330 M M 4 37 330
29 45 33 39 -4 26 0 0.00 0.0 0 4.4 12 340 M M 6 15 330
30 60 36 48 6 17 0 0.49 0.0 0 12.4 31 250 M M 8 1 45 230
================================================================================
SM 1793 1264 436 20 2.77 T 293.8 M 145
================================================================================
AV 59.8 42.1 9.8 FASTST M M 5 MAX(MPH)
MISC ----> 33 320 45 230
================================================================================
NOTES:
# LAST OF SEVERAL OCCURRENCES
COLUMN 17 PEAK WIND IN M.P.H.
PRELIMINARY LOCAL CLIMATOLOGICAL DATA (WS FORM: F-6) , PAGE 2
STATION: NEWARK NJ
MONTH: NOVEMBER
YEAR: 2022
LATITUDE: 40 42 N
LONGITUDE: 74 10 W
[TEMPERATURE DATA] [PRECIPITATION DATA] SYMBOLS USED IN COLUMN 16
AVERAGE MONTHLY: 51.0 TOTAL FOR MONTH: 2.77 1 = FOG OR MIST
DPTR FM NORMAL: 4.0 DPTR FM NORMAL: -0.56 2 = FOG REDUCING VISIBILITY
HIGHEST: 81 ON 7 GRTST 24HR 0.82 ON 15-16 TO 1/4 MILE OR LESS
LOWEST: 24 ON 21 3 = THUNDER
SNOW, ICE PELLETS, HAIL 4 = ICE PELLETS
TOTAL MONTH: T 5 = HAIL
GRTST 24HR T ON 18-18 6 = FREEZING RAIN OR DRIZZLE
GRTST DEPTH: 0 7 = DUSTSTORM OR SANDSTORM:
VSBY 1/2 MILE OR LESS
8 = SMOKE OR HAZE
[NO. OF DAYS WITH] [WEATHER - DAYS WITH] 9 = BLOWING SNOW
X = TORNADO
MAX 32 OR BELOW: 0 0.01 INCH OR MORE: 10
MAX 90 OR ABOVE: 0 0.10 INCH OR MORE: 5
MIN 32 OR BELOW: 6 0.50 INCH OR MORE: 3
MIN 0 OR BELOW: 0 1.00 INCH OR MORE: 0
[HDD (BASE 65) ]
TOTAL THIS MO. 436 CLEAR (SCALE 0-3) 12
DPTR FM NORMAL -106 PTCLDY (SCALE 4-7) 15
TOTAL FM JUL 1 753 CLOUDY (SCALE 8-10) 3
DPTR FM NORMAL -76
[CDD (BASE 65) ]
TOTAL THIS MO. 20
DPTR FM NORMAL 19 [PRESSURE DATA]
TOTAL FM JAN 1 1663 HIGHEST SLP M ON M
DPTR FM NORMAL 393 LOWEST SLP 29.36 ON 27
[REMARKS]
#FINAL-11-22#