000
CXAK56 PAFG 011739
CF6FAI
PRELIMINARY LOCAL CLIMATOLOGICAL DATA (WS FORM: F-6)
STATION: FAIRBANKS AK
MONTH: FEBRUARY
YEAR: 2021
LATITUDE: 64 49 N
LONGITUDE: 147 52 W
TEMPERATURE IN F: :PCPN: SNOW: WIND :SUNSHINE: SKY :PK WND
================================================================================
1 2 3 4 5 6A 6B 7 8 9 10 11 12 13 14 15 16 17 18
12Z AVG MX 2MIN
DY MAX MIN AVG DEP HDD CDD WTR SNW DPTH SPD SPD DIR MIN PSBL S-S WX SPD DR
================================================================================
1 -8 -30 -19 -13 84 0 0.00 0.0 14 8.0 17 50 M M 0 20 40
2 -8 -29 -18 -12 83 0 0.00 0.0 15 4.1 10 30 M M 1 10 30
3 -4 -30 -17 -11 82 0 0.17 1.3 16 4.6 8 30 M M 7 1 10 40
4 -3 -33 -18 -13 83 0 0.09 1.3 17 3.5 9 50 M M 7 1 10 200
5 -6 -34 -20 -15 85 0 0.00 0.0 17 3.6 8 50 M M 4 9 210
6 -3 -11 -7 -3 72 0 0.15 2.7 20 0.7 6 180 M M 10 1 8 210
7 -3 -30 -16 -12 81 0 T T 20 3.3 13 350 M M 4 14 350
8 -5 -39 -22 -18 87 0 0.00 0.0 19 6.6 17 50 M M 0 21 50
9 -14 -39 -26 -22 91 0 0.00 0.0 19 5.7 12 40 M M 1 13 40
10 7 -22 -7 -4 72 0 T T 19 3.4 9 50 M M 8 10 50
11 19 1 10 13 55 0 0.00 0.0 19 1.3 7 10 M M 8 8 360
12 13 -17 -2 0 67 0 0.00 0.0 19 2.1 7 40 M M 2 9 100
13 8 -22 -7 -5 72 0 0.00 0.0 19 0.5 7 160 M M 1 8 160
14 4 -26 -11 -9 76 0 0.00 0.0 18 0.0 5 30 M M 0 5 190
15 5 -26 -10 -9 75 0 T T 18 0.3 5 70 M M 6 5 100
16 12 4 8 9 57 0 0.22 4.1 22 0.3 5 250 M M 10 1 6 250
17 10 -7 2 2 63 0 T T 22 1.9 9 190 M M 8 10 190
18 4 -4 0 0 65 0 0.11 1.4 23 2.6 13 270 M M 10 1 15 280
19 -3 -31 -17 -17 82 0 0.02 0.2 23 3.8 14 250 M M 8 1 19 270
20 -5 -39 -22 -23 87 0 T T 22 2.8 9 50 M M 1 10 60
21 -14 -34 -24 -25 89 0 T T 22 1.1 10 60 M M 4 1 10 30
22 -12 -42 -27 -28 92 0 T T 22 0.7 6 50 M M 5 6 40
23 4 -35 -15 -17 80 0 0.01 0.9 22 2.5 8 360 M M 7 1 8 350
24 18 4 11 9 54 0 T T 21 3.0 10 50 M M 10 1 11 50
25 11 4 8 5 57 0 0.14 2.9 24 3.3 10 190 M M 10 1 12 200
26 18 7 13 10 52 0 0.18 2.4 26 4.0 12 360 M M 10 1 14 360
27 14 -1 7 4 58 0 0.09 1.4 26 5.6 13 360 M M 9 1 17 360
28 1 -16 -7 -11 72 0 0.19 3.3 28 3.3 10 280 M M 10 1 13 260
================================================================================
SM 60 -577 2073 0 1.37 21.9 82.6 M 161
================================================================================
AV 2.1-20.6 3.0 FASTST M M 6 MAX(MPH)
MISC ----> # 17 50 21 50
================================================================================
NOTES:
# LAST OF SEVERAL OCCURRENCES
COLUMN 17 PEAK WIND IN M.P.H.
PRELIMINARY LOCAL CLIMATOLOGICAL DATA (WS FORM: F-6) , PAGE 2
STATION: FAIRBANKS AK
MONTH: FEBRUARY
YEAR: 2021
LATITUDE: 64 49 N
LONGITUDE: 147 52 W
[TEMPERATURE DATA] [PRECIPITATION DATA] SYMBOLS USED IN COLUMN 16
AVERAGE MONTHLY: -9.2 TOTAL FOR MONTH: 1.37 1 = FOG OR MIST
DPTR FM NORMAL: -7.9 DPTR FM NORMAL: 0.95 2 = FOG REDUCING VISIBILITY
HIGHEST: 19 ON 11 GRTST 24HR 0.26 ON 3- 4 TO 1/4 MILE OR LESS
LOWEST: -42 ON 22 3 = THUNDER
SNOW, ICE PELLETS, HAIL 4 = ICE PELLETS
TOTAL MONTH: 22.1 INCHES 5 = HAIL
GRTST 24HR 4.1 ON 16-16 6 = FREEZING RAIN OR DRIZZLE
GRTST DEPTH: 28 ON 28 7 = DUSTSTORM OR SANDSTORM:
VSBY 1/2 MILE OR LESS
8 = SMOKE OR HAZE
[NO. OF DAYS WITH] [WEATHER - DAYS WITH] 9 = BLOWING SNOW
X = TORNADO
MAX 32 OR BELOW: 28 0.01 INCH OR MORE: 11
MAX 90 OR ABOVE: 0 0.10 INCH OR MORE: 7
MIN 32 OR BELOW: 28 0.50 INCH OR MORE: 0
MIN 0 OR BELOW: 23 1.00 INCH OR MORE: 0
[HDD (BASE 65) ]
TOTAL THIS MO. 2073 CLEAR (SCALE 0-3) 8
DPTR FM NORMAL 215 PTCLDY (SCALE 4-7) 10
TOTAL FM JUL 1 9954 CLOUDY (SCALE 8-10) 10
DPTR FM NORMAL -436
[CDD (BASE 65) ]
TOTAL THIS MO. 0
DPTR FM NORMAL 0 [PRESSURE DATA]
TOTAL FM JAN 1 0 HIGHEST SLP 30.85 ON 8
DPTR FM NORMAL 0 LOWEST SLP 29.20 ON 21
[REMARKS]
#FINAL-02-21#