000
CXUS53 KFGF 010815
CF6FAR
PRELIMINARY LOCAL CLIMATOLOGICAL DATA (WS FORM: F-6)
STATION: FARGO HECTOR INTL AP ND
MONTH: MAY
YEAR: 2022
LATITUDE: 46 54 N
LONGITUDE: 96 48 W
TEMPERATURE IN F: :PCPN: SNOW: WIND :SUNSHINE: SKY :PK WND
================================================================================
1 2 3 4 5 6A 6B 7 8 9 10 11 12 13 14 15 16 17 18
12Z AVG MX 2MIN
DY MAX MIN AVG DEP HDD CDD WTR SNW DPTH SPD SPD DIR MIN PSBL S-S WX SPD DR
================================================================================
1 44 36 40 -10 25 0 0.03 0.0 0 23.1 31 330 M M 10 1 39 330
2 40 32 36 -15 29 0 T T 0 13.6 22 340 M M 10 1 30 320
3 55 37 46 -5 19 0 0.00 0.0 0 7.5 15 30 M M 3 22 20
4 60 31 46 -6 19 0 0.00 0.0 0 6.8 18 190 M M 0 26 180
5 64 37 51 -1 14 0 0.00 0.0 0 6.2 16 180 M M 2 22 180
6 69 41 55 3 10 0 0.00 0.0 0 10.4 21 180 M M 4 33 190
7 72 51 62 9 3 0 0.37 0.0 0 19.6 37 160 M M 3 3 52 170
8 63 54 59 6 6 0 0.70 0.0 0 16.6 26 160 M M 8 13 38 170
9 65 51 58 4 7 0 1.13 0.0 0 15.4 32 240 M M 8 13 40 250
10 70 49 60 6 5 0 T 0.0 0 8.7 23 210 M M 2 27 220
11 75 49 62 8 3 0 0.04 0.0 0 11.7 23 60 M M 4 1 29 60
12 71 55 63 8 2 0 0.16 0.0 0 14.1 26 30 M M 6 13 33 40
13 70 53 62 7 3 0 0.00 0.0 0 26.1 40 220 M M 2 58 230
14 67 48 58 2 7 0 0.03 0.0 0 15.8 29 250 M M 5 38 260
15 71 42 57 1 8 0 0.00 0.0 0 13.0 28 290 M M 1 35 290
16 66 41 54 -3 11 0 0.00 0.0 0 7.8 16 340 M M 1 26 350
17 66 42 54 -3 11 0 T 0.0 0 8.6 17 160 M M 2 23 160
18 73 47 60 2 5 0 0.00 0.0 0 16.9 36 280 M M 3 1 50 280
19 62 42 52 -6 13 0 0.05 0.0 0 7.1 18 300 M M 5 1 24 130
20 52 37 45 -13 20 0 0.00 0.0 0 16.7 30 340 M M 6 38 340
21 48 28 38 -21 27 0 T 0.0 0 9.6 23 330 M M 6 31 330
22 60 31 46 -13 19 0 0.00 0.0 0 5.9 15 250 M M 4 23 240
23 70 37 54 -6 11 0 0.04 0.0 0 10.6 31 240 M M 2 3 39 210
24 71 44 58 -2 7 0 0.00 0.0 0 7.9 17 190 M M 3 26 180
25 66 44 55 -5 10 0 0.00 0.0 0 8.1 18 100 M M 3 28 110
26 73 38 56 -5 9 0 0.00 0.0 0 3.5 13 160 M M 0 1 18 160
27 83 52 68 7 0 3 0.01 0.0 0 7.2 15 100 M M 0 20 110
28 84 56 70 8 0 5 0.03 0.0 0 5.9 14 260 M M 2 18 280
29 82 62 72 10 0 7 0.19 0.0 0 9.2 18 50 M M 2 13 24 240
30 74 57 66 4 0 1 0.40 0.0 0 11.7 39 10 M M 6 13 55 360
31 59 50 55 -7 10 0 T 0.0 0 18.2 36 280 M M 9 1 48 280
================================================================================
SM 2045 1374 313 16 3.18 T 363.5 M 122
================================================================================
AV 66.0 44.3 11.7 FASTST M M 4 MAX(MPH)
MISC ----> 40 220 58 230
================================================================================
NOTES:
# LAST OF SEVERAL OCCURRENCES
COLUMN 17 PEAK WIND IN M.P.H.
PRELIMINARY LOCAL CLIMATOLOGICAL DATA (WS FORM: F-6) , PAGE 2
STATION: FARGO HECTOR INTL AP ND
MONTH: MAY
YEAR: 2022
LATITUDE: 46 54 N
LONGITUDE: 96 48 W
[TEMPERATURE DATA] [PRECIPITATION DATA] SYMBOLS USED IN COLUMN 16
AVERAGE MONTHLY: 55.1 TOTAL FOR MONTH: 3.18 1 = FOG OR MIST
DPTR FM NORMAL: -1.5 DPTR FM NORMAL: 0.09 2 = FOG REDUCING VISIBILITY
HIGHEST: 84 ON 28 GRTST 24HR 1.83 ON 8- 9 TO 1/4 MILE OR LESS
LOWEST: 28 ON 21 3 = THUNDER
SNOW, ICE PELLETS, HAIL 4 = ICE PELLETS
TOTAL MONTH: T 5 = HAIL
GRTST 24HR T ON 2- 2 6 = FREEZING RAIN OR DRIZZLE
GRTST DEPTH: 0 7 = DUSTSTORM OR SANDSTORM:
VSBY 1/2 MILE OR LESS
8 = SMOKE OR HAZE
[NO. OF DAYS WITH] [WEATHER - DAYS WITH] 9 = BLOWING SNOW
X = TORNADO
MAX 32 OR BELOW: 0 0.01 INCH OR MORE: 13
MAX 90 OR ABOVE: 0 0.10 INCH OR MORE: 6
MIN 32 OR BELOW: 4 0.50 INCH OR MORE: 2
MIN 0 OR BELOW: 0 1.00 INCH OR MORE: 1
[HDD (BASE 65) ]
TOTAL THIS MO. 313 CLEAR (SCALE 0-3) 15
DPTR FM NORMAL 22 PTCLDY (SCALE 4-7) 13
TOTAL FM JUL 1 9000 CLOUDY (SCALE 8-10) 3
DPTR FM NORMAL 254
[CDD (BASE 65) ]
TOTAL THIS MO. 16
DPTR FM NORMAL -13 [PRESSURE DATA]
TOTAL FM JAN 1 16 HIGHEST SLP M ON M
DPTR FM NORMAL -14 LOWEST SLP 29.13 ON 30
[REMARKS]
#FINAL-05-22#