000
CXUS53 KFGF 010915
CF6FAR
PRELIMINARY LOCAL CLIMATOLOGICAL DATA (WS FORM: F-6)
STATION: FARGO HECTOR INTL AP ND
MONTH: DECEMBER
YEAR: 2020
LATITUDE: 46 54 N
LONGITUDE: 96 48 W
TEMPERATURE IN F: :PCPN: SNOW: WIND :SUNSHINE: SKY :PK WND
================================================================================
1 2 3 4 5 6A 6B 7 8 9 10 11 12 13 14 15 16 17 18
12Z AVG MX 2MIN
DY MAX MIN AVG DEP HDD CDD WTR SNW DPTH SPD SPD DIR MIN PSBL S-S WX SPD DR
================================================================================
1 38 21 30 10 35 0 0.00 0.0 0 10.2 20 160 M M 0 28 170
2 37 19 28 9 37 0 0.00 0.0 0 8.8 16 280 M M 4 22 350
3 48 18 33 14 32 0 0.00 0.0 0 7.1 17 290 M M 0 22 280
4 42 17 30 12 35 0 0.00 0.0 0 2.7 7 280 M M 0 M M
5 42 17 30 12 35 0 0.00 0.0 0 7.4 21 350 M M 2 25 330
6 50 19 35 18 30 0 0.00 0.0 0 6.7 13 200 M M 0 1 16 190
7 44 17 31 14 34 0 0.00 0.0 0 5.4 14 180 M M 0 17 170
8 53 23 38 22 27 0 0.00 0.0 0 6.9 13 160 M M 0 18 170
9 46 23 35 19 30 0 0.00 0.0 0 6.1 13 140 M M 1 20 150
10 39 25 32 16 33 0 0.00 0.0 0 12.1 23 340 M M 6 27 330
11 31 25 28 13 37 0 0.00 0.0 0 8.4 15 360 M M 10 1 20 350
12 25 19 22 7 43 0 T T 0 8.7 14 360 M M 10 17 20
13 26 10 18 3 47 0 0.02 0.2 0 15.1 26 320 M M 10 1 35 330
14 11 0 6 -8 59 0 0.00 0.0 T 7.1 15 350 M M 8 8 22 320
15 24 8 16 2 49 0 0.00 0.0 T 10.6 17 160 M M 10 22 160
16 30 22 26 12 39 0 T T T 13.1 21 170 M M 9 8 28 180
17 31 13 22 9 43 0 0.00 0.0 T 9.8 24 150 M M 5 128 36 150
18 34 7 21 8 44 0 T T 0 16.2 28 330 M M 5 18 41 150
19 28 1 15 2 50 0 0.00 0.0 0 11.1 23 170 M M 0 32 150
20 36 17 27 15 38 0 0.05 0.2 0 9.9 22 280 M M 4 16 31 290
21 36 17 27 15 38 0 T 0.0 0 14.9 30 320 M M 6 44 300
22 39 21 30 18 35 0 0.00 0.0 T 13.3 28 150 M M 3 39 150
23 28 -5 12 0 53 0 0.13 1.2 T 33.2 48 350 M M 8 129 62 360
24 0 -9 -4 -16 69 0 0.00 0.0 1 11.7 23 330 M M 2 8 29 330
25 32 0 16 5 49 0 0.00 0.0 T 8.2 17 350 M M 1 1 23 180
26 26 5 16 5 49 0 0.00 0.0 T 4.5 12 60 M M 2 12 15 60
27 21 7 14 3 51 0 0.08 1.8 T 10.9 20 360 M M 9 18 26 30
28 18 2 10 -1 55 0 T T 1 8.9 18 360 M M 7 1 22 360
29 23 2 13 3 52 0 0.33 3.4 1 14.9 23 160 M M 6 1 31 150
30 22 8 15 5 50 0 0.06 0.7 5 13.1 30 330 M M 7 18 39 320
31 22 13 18 8 47 0 0.00 0.0 5 14.6 24 150 M M 3 33 160
================================================================================
SM 982 382 1325 0 0.67 7.5 331.6 M 138
================================================================================
AV 31.7 12.3 10.7 FASTST M M 4 MAX(MPH)
MISC ----> 48 350 62 360
================================================================================
NOTES:
# LAST OF SEVERAL OCCURRENCES
COLUMN 17 PEAK WIND IN M.P.H.
PRELIMINARY LOCAL CLIMATOLOGICAL DATA (WS FORM: F-6) , PAGE 2
STATION: FARGO HECTOR INTL AP ND
MONTH: DECEMBER
YEAR: 2020
LATITUDE: 46 54 N
LONGITUDE: 96 48 W
[TEMPERATURE DATA] [PRECIPITATION DATA] SYMBOLS USED IN COLUMN 16
AVERAGE MONTHLY: 22.0 TOTAL FOR MONTH: 0.67 1 = FOG OR MIST
DPTR FM NORMAL: 7.9 DPTR FM NORMAL: -0.16 2 = FOG REDUCING VISIBILITY
HIGHEST: 53 ON 8 GRTST 24HR 0.33 ON 29-29 TO 1/4 MILE OR LESS
LOWEST: -9 ON 24 3 = THUNDER
SNOW, ICE PELLETS, HAIL 4 = ICE PELLETS
TOTAL MONTH: 7.5 INCHES 5 = HAIL
GRTST 24HR 3.4 ON 29-29 6 = FREEZING RAIN OR DRIZZLE
GRTST DEPTH: 5 ON 31,30 7 = DUSTSTORM OR SANDSTORM:
VSBY 1/2 MILE OR LESS
8 = SMOKE OR HAZE
[NO. OF DAYS WITH] [WEATHER - DAYS WITH] 9 = BLOWING SNOW
X = TORNADO
MAX 32 OR BELOW: 17 0.01 INCH OR MORE: 6
MAX 90 OR ABOVE: 0 0.10 INCH OR MORE: 2
MIN 32 OR BELOW: 31 0.50 INCH OR MORE: 0
MIN 0 OR BELOW: 4 1.00 INCH OR MORE: 0
[HDD (BASE 65) ]
TOTAL THIS MO. 1325 CLEAR (SCALE 0-3) 12
DPTR FM NORMAL -253 PTCLDY (SCALE 4-7) 13
TOTAL FM JUL 1 3299 CLOUDY (SCALE 8-10) 6
DPTR FM NORMAL -242
[CDD (BASE 65) ]
TOTAL THIS MO. 0
DPTR FM NORMAL 0 [PRESSURE DATA]
TOTAL FM JAN 1 654 HIGHEST SLP 30.52 ON 14
DPTR FM NORMAL 103 LOWEST SLP 29.32 ON 22
[REMARKS]
#FINAL-12-20#