000
CXUS53 KFGF 010815
CF6FAR
PRELIMINARY LOCAL CLIMATOLOGICAL DATA (WS FORM: F-6)
STATION: FARGO HECTOR INTL AP ND
MONTH: OCTOBER
YEAR: 2023
LATITUDE: 46 54 N
LONGITUDE: 96 48 W
TEMPERATURE IN F: :PCPN: SNOW: WIND :SUNSHINE: SKY :PK WND
================================================================================
1 2 3 4 5 6A 6B 7 8 9 10 11 12 13 14 15 16 17 18
12Z AVG MX 2MIN
DY MAX MIN AVG DEP HDD CDD WTR SNW DPTH SPD SPD DIR MIN PSBL S-S WX SPD DR
================================================================================
1 96 68 82 29 0 17 0.00 0.0 0 13.9 24 190 M M 0 44 200
2 90 67 79 26 0 14 0.00 0.0 0 11.6 22 190 M M 0 27 160
3 81 64 73 21 0 8 0.01 0.0 0 15.9 29 190 M M 2 37 190
4 69 55 62 10 3 0 0.13 0.0 0 13.1 25 300 M M 7 1 32 300
5 61 46 54 3 11 0 0.07 0.0 0 16.6 27 300 M M 7 44 290
6 54 43 49 -2 16 0 0.25 0.0 0 17.7 30 320 M M 10 1 39 310
7 57 34 46 -4 19 0 0.00 0.0 0 8.2 14 140 M M 7 21 150
8 63 35 49 -1 16 0 0.00 0.0 0 6.7 18 10 M M 1 25 340
9 58 36 47 -2 18 0 0.00 0.0 0 6.0 16 330 M M 4 24 10
10 59 30 45 -4 20 0 0.00 0.0 0 4.6 13 340 M M 0 8 16 360
11 64 32 48 0 17 0 0.00 0.0 0 7.0 18 80 M M 1 25 80
12 63 49 56 8 9 0 T 0.0 0 13.9 26 60 M M 7 36 60
13 55 45 50 3 15 0 0.01 0.0 0 16.2 29 30 M M 7 36 30
14 55 36 46 -1 19 0 0.00 0.0 0 8.9 16 360 M M 8 19 360
15 62 38 50 4 15 0 0.00 0.0 0 8.6 17 330 M M 3 23 360
16 65 33 49 3 16 0 0.00 0.0 0 4.4 12 230 M M 0 15 230
17 70 42 56 11 9 0 0.03 0.0 0 11.5 24 130 M M 3 36 120
18 61 51 56 12 9 0 0.66 0.0 0 8.1 20 350 M M 10 1 24 360
19 67 42 55 11 10 0 0.00 0.0 0 2.9 9 350 M M 4 12 13 330
20 73 41 57 14 8 0 0.00 0.0 0 8.2 21 320 M M 0 31 300
21 60 44 52 9 13 0 0.00 0.0 0 11.2 23 330 M M 6 29 340
22 63 45 54 12 11 0 T 0.0 0 9.0 20 150 M M 7 28 150
23 66 48 57 15 8 0 0.01 0.0 0 12.8 23 350 M M 3 30 350
24 48 41 45 4 20 0 0.01 0.0 0 14.1 22 350 M M 10 1 31 360
25 51 37 44 3 21 0 0.05 0.0 0 9.9 17 360 M M 8 1 22 360
26 45 35 40 0 25 0 0.43 0.2 0 16.1 24 360 M M 10 1 31 350
27 35 21 28 -12 37 0 0.08 0.6 T 16.4 28 310 M M 8 1 34 300
28 32 15 24 -15 41 0 0.00 0.0 T 9.5 15 230 M M 0 20 260
29 31 17 24 -15 41 0 0.00 0.0 T 8.0 16 280 M M 6 20 280
30 35 22 29 -9 36 0 0.08 1.2 0 16.2 38 330 M M 9 12 50 330
31 28 23 26 -12 39 0 0.00 0.0 1 12.8 28 320 M M 7 36 320
================================================================================
SM 1817 1235 522 39 1.82 2.0 340.0 M 155
================================================================================
AV 58.6 39.8 11.0 FASTST M M 5 MAX(MPH)
MISC ----> 38 330 50 330
================================================================================
NOTES:
# LAST OF SEVERAL OCCURRENCES
COLUMN 17 PEAK WIND IN M.P.H.
PRELIMINARY LOCAL CLIMATOLOGICAL DATA (WS FORM: F-6) , PAGE 2
STATION: FARGO HECTOR INTL AP ND
MONTH: OCTOBER
YEAR: 2023
LATITUDE: 46 54 N
LONGITUDE: 96 48 W
[TEMPERATURE DATA] [PRECIPITATION DATA] SYMBOLS USED IN COLUMN 16
AVERAGE MONTHLY: 49.2 TOTAL FOR MONTH: 1.82 1 = FOG OR MIST
DPTR FM NORMAL: 3.7 DPTR FM NORMAL: -0.35 2 = FOG REDUCING VISIBILITY
HIGHEST: 96 ON 1 GRTST 24HR 0.69 ON 17-18 TO 1/4 MILE OR LESS
LOWEST: 15 ON 28 3 = THUNDER
SNOW, ICE PELLETS, HAIL 4 = ICE PELLETS
TOTAL MONTH: 2.0 INCHES 5 = HAIL
GRTST 24HR 1.2 ON 30-30 6 = FREEZING RAIN OR DRIZZLE
GRTST DEPTH: 1 ON 31 7 = DUSTSTORM OR SANDSTORM:
VSBY 1/2 MILE OR LESS
8 = SMOKE OR HAZE
[NO. OF DAYS WITH] [WEATHER - DAYS WITH] 9 = BLOWING SNOW
X = TORNADO
MAX 32 OR BELOW: 3 0.01 INCH OR MORE: 13
MAX 90 OR ABOVE: 2 0.10 INCH OR MORE: 4
MIN 32 OR BELOW: 7 0.50 INCH OR MORE: 1
MIN 0 OR BELOW: 0 1.00 INCH OR MORE: 0
[HDD (BASE 65) ]
TOTAL THIS MO. 522 CLEAR (SCALE 0-3) 12
DPTR FM NORMAL -87 PTCLDY (SCALE 4-7) 13
TOTAL FM JUL 1 582 CLOUDY (SCALE 8-10) 6
DPTR FM NORMAL -274
[CDD (BASE 65) ]
TOTAL THIS MO. 39
DPTR FM NORMAL 35 [PRESSURE DATA]
TOTAL FM JAN 1 997 HIGHEST SLP M ON M
DPTR FM NORMAL 455 LOWEST SLP 29.52 ON 3
[REMARKS]
#FINAL-10-23#