000
CXUS52 KRAH 010845
CF6FAY
PRELIMINARY LOCAL CLIMATOLOGICAL DATA (WS FORM: F-6)
STATION: FAYETTEVILLE NC
MONTH: OCTOBER
YEAR: 2021
LATITUDE: 35 0 N
LONGITUDE: 78 53 W
TEMPERATURE IN F: :PCPN: SNOW: WIND :SUNSHINE: SKY :PK WND
================================================================================
1 2 3 4 5 6A 6B 7 8 9 10 11 12 13 14 15 16 17 18
12Z AVG MX 2MIN
DY MAX MIN AVG DEP HDD CDD WTR SNW DPTH SPD SPD DIR MIN PSBL S-S WX SPD DR
================================================================================
1 82 58 70 0 0 5 0.00 M M 2.3 9 90 M M 1 1 13 80
2 84 56 70 1 0 5 0.00 M M 4.4 12 200 M M 1 1 17 200
3 85 59 72 3 0 7 0.00 M M 5.0 15 170 M M 2 20 180
4 87 65 76 8 0 11 0.12 M M 4.2 14 270 M M 3 123 16 270
5 88 67 78 10 0 13 0.00 M M 3.9 14 180 M M 5 12 18 180
6 86 69 78 10 0 13 0.00 M M 6.8 17 120 M M 2 20 100
7 77 67 72 5 0 7 0.07 M M 7.2 14 30 M M 8 18 17 30
8 77 68 73 6 0 8 0.01 M M 5.6 10 20 M M 9 17 40
9 76 65 71 4 0 6 0.26 M M 10.0 21 330 M M 10 18 29 340
10 79 65 72 6 0 7 0.00 M M 12.3 23 10 M M 9 1 30 10
11 73 67 70 4 0 5 0.00 M M 7.6 17 20 M M 10 22 20
12 73 65 69 4 0 4 0.00 M M 4.3 12 10 M M 10 16 10
13 83 61 72 7 0 7 0.00 M M 2.5 9 350 M M 1 1 13 30
14 87 62 75 10 0 10 0.00 M M 3.4 10 10 M M 0 18 14 360
15 86 60 73 9 0 8 0.00 M M 4.5 10 80 M M 0 1 14 120
16 89 61 75 11 0 10 T M M 10.9 23 320 M M 5 12 33 350
17 69 50 60 -3 5 0 0.00 M M 9.3 18 330 M M 0 25 310
18 74 45 60 -3 5 0 0.00 M M 7.4 16 330 M M 0 21 340
19 77 43 60 -3 5 0 0.00 M M 3.4 9 250 M M 0 18 11 300
20 81 48 65 3 0 0 0.00 M M 5.2 12 270 M M 0 8 14 270
21 82 49 66 4 0 1 0.00 M M 8.2 22 210 M M 0 26 210
22 83 60 72 10 0 7 0.00 M M 8.6 18 220 M M 2 24 190
23 76 52 64 3 1 0 0.00 M M 4.7 16 10 M M 0 22 10
24 80 48 64 3 1 0 0.00 M M 4.1 13 140 M M 0 1 16 170
25 81 62 72 12 0 7 0.03 M M 7.1 16 180 M M 3 1 19 170
26 74 51 63 3 2 0 0.00 M M 11.9 21 330 M M 2 28 300
27 72 46 59 -1 6 0 0.00 M M 6.1 16 330 M M 0 23 340
28 73 47 60 1 5 0 0.55 M M 6.6 16 90 M M 4 18 22 100
29 71 52 62 3 3 0 0.17 M M 8.6 26 220 M M 8 1 32 210
30 62 50 56 -3 9 0 0.00 M M 7.7 16 230 M M 4 20 220
31 73 51 62 4 3 0 0.00 M M 7.9 16 280 M M 3 20 300
================================================================================
SM 2440 1769 45 141 1.21 M 201.7 M 102
================================================================================
AV 78.7 57.1 6.5 FASTST M M 3 MAX(MPH)
MISC ----> 26 220 33 350
================================================================================
NOTES:
# LAST OF SEVERAL OCCURRENCES
COLUMN 17 PEAK WIND IN M.P.H.
PRELIMINARY LOCAL CLIMATOLOGICAL DATA (WS FORM: F-6) , PAGE 2
STATION: FAYETTEVILLE NC
MONTH: OCTOBER
YEAR: 2021
LATITUDE: 35 0 N
LONGITUDE: 78 53 W
[TEMPERATURE DATA] [PRECIPITATION DATA] SYMBOLS USED IN COLUMN 16
AVERAGE MONTHLY: 67.9 TOTAL FOR MONTH: 1.21 1 = FOG OR MIST
DPTR FM NORMAL: 4.1 DPTR FM NORMAL: -2.02 2 = FOG REDUCING VISIBILITY
HIGHEST: 89 ON 16 GRTST 24HR 0.72 ON 28-29 TO 1/4 MILE OR LESS
LOWEST: 43 ON 19 3 = THUNDER
SNOW, ICE PELLETS, HAIL 4 = ICE PELLETS
TOTAL MONTH: M 5 = HAIL
GRTST 24HR M ON M 6 = FREEZING RAIN OR DRIZZLE
GRTST DEPTH: M ON M 7 = DUSTSTORM OR SANDSTORM:
VSBY 1/2 MILE OR LESS
8 = SMOKE OR HAZE
[NO. OF DAYS WITH] [WEATHER - DAYS WITH] 9 = BLOWING SNOW
X = TORNADO
MAX 32 OR BELOW: 0 0.01 INCH OR MORE: 7
MAX 90 OR ABOVE: 0 0.10 INCH OR MORE: 4
MIN 32 OR BELOW: 0 0.50 INCH OR MORE: 1
MIN 0 OR BELOW: 0 1.00 INCH OR MORE: 0
[HDD (BASE 65) ]
TOTAL THIS MO. 45 CLEAR (SCALE 0-3) 18
DPTR FM NORMAL -70 PTCLDY (SCALE 4-7) 8
TOTAL FM JUL 1 45 CLOUDY (SCALE 8-10) 5
DPTR FM NORMAL -77
[CDD (BASE 65) ]
TOTAL THIS MO. 141
DPTR FM NORMAL 62 [PRESSURE DATA]
TOTAL FM JAN 1 2145 HIGHEST SLP 30.25 ON 2
DPTR FM NORMAL 108 LOWEST SLP 29.47 ON 29
[REMARKS]
#FINAL-10-21#