000
CXUS52 KFFC 011110
CF6FFC
PRELIMINARY LOCAL CLIMATOLOGICAL DATA (WS FORM: F-6)
STATION: PEACHTREE CITY
MONTH: JANUARY
YEAR: 2024
LATITUDE: 33 20 N
LONGITUDE: 84 34 W
TEMPERATURE IN F: :PCPN: SNOW: WIND :SUNSHINE: SKY :PK WND
================================================================================
1 2 3 4 5 6A 6B 7 8 9 10 11 12 13 14 15 16 17 18
12Z AVG MX 2MIN
DY MAX MIN AVG DEP HDD CDD WTR SNW DPTH SPD SPD DIR MIN PSBL S-S WX SPD DR
================================================================================
1 52 30 41 -4 24 0 0.00 M M 7.0 17 310 M M 1 1 24 320
2 52 26 39 -6 26 0 0.00 M M 2.6 12 330 M M 0 15 340
3 45 24 35 -10 30 0 0.02 M M 1.0 10 320 M M 5 14 320
4 52 28 40 -5 25 0 0.00 M M 5.7 15 340 M M 1 1 22 330
5 53 24 39 -6 26 0 0.17 M M 6.4 14 110 M M 2 1 24 100
6 51 40 46 1 19 0 0.60 M M 3.9 13 90 M M 10 1 20 120
7 51 29 40 -5 25 0 0.00 M M 7.1 20 300 M M 5 33 280
8 52 27 40 -5 25 0 0.35 M M 8.7 20 130 M M 3 1 31 120
9 58 41 50 5 15 0 3.33 M M 10.2 23 280 M M 9 13 41 240
10 50 31 41 -4 24 0 0.00 M M 6.5 18 290 M M 4 31 280
11 61 27 44 0 21 0 0.00 M M 1.7 14 310 M M 0 20 300
12 57 35 46 2 19 0 0.17 M M 5.8 21 130 M M 7 138 30 130
13 50 27 39 -5 26 0 0.00 M M 6.9 16 290 M M 1 31 320
14 57 23 40 -4 25 0 0.00 M M 2.9 15 250 M M 0 22 240
15 63 32 48 4 17 0 0.00 M M 1.3 9 200 M M 1 15 220
16 45 18 32 -13 33 0 0.25 M M 13.0 23 320 M M 4 1 34 310
17 39 13 26 -19 39 0 0.00 M M 6.4 17 320 M M 0 22 310
18 52 16 34 -11 31 0 0.00 M M 2.1 10 140 M M 3 18 130
19 47 27 37 -8 28 0 0.02 M M 12.9 26 310 M M 4 1 37 310
20 33 18 26 -19 39 0 0.00 M M 13.2 20 340 M M 0 28 350
21 41 12 27 -18 38 0 0.00 M M 3.7 13 350 M M 0 18 310
22 52 20 36 -9 29 0 0.00 M M 3.3 10 90 M M 4 16 80
23 56 42 49 4 16 0 0.04 M M 5.5 12 140 M M 9 18 15 140
24 63 50 57 12 8 0 0.09 M M 4.9 10 120 M M 10 12 16 90
25 74 56 65 20 0 0 2.14 M M 4.8 21 290 M M 8 138 35 280
26 69 55 62 17 3 0 0.00 M M 1.1 9 320 M M 7 12 11 330
27 66 55 61 16 4 0 0.91 M M 4.3 20 120 M M 9 1 29 130
28 57 43 50 4 15 0 T M M 11.8 21 310 M M 10 1 31 290
29 54 36 45 -1 20 0 0.00 M M 11.0 20 320 M M 4 29 310
30 60 27 44 -2 21 0 0.06 M M 2.0 10 320 M M 1 1 17 270
31 54 33 44 -2 21 0 0.00 M M 6.9 20 350 M M 1 1 29 330
================================================================================
SM 1666 965 692 0 8.15 M 184.6 M 123
================================================================================
AV 53.7 31.1 6.0 FASTST M M 4 MAX(MPH)
MISC ----> 26 310 41 240
================================================================================
NOTES:
# LAST OF SEVERAL OCCURRENCES
COLUMN 17 PEAK WIND IN M.P.H.
PRELIMINARY LOCAL CLIMATOLOGICAL DATA (WS FORM: F-6) , PAGE 2
STATION: PEACHTREE CITY
MONTH: JANUARY
YEAR: 2024
LATITUDE: 33 20 N
LONGITUDE: 84 34 W
[TEMPERATURE DATA] [PRECIPITATION DATA] SYMBOLS USED IN COLUMN 16
AVERAGE MONTHLY: 42.4 TOTAL FOR MONTH: 8.15 1 = FOG OR MIST
DPTR FM NORMAL: -2.5 DPTR FM NORMAL: 3.86 2 = FOG REDUCING VISIBILITY
HIGHEST: 74 ON 25 GRTST 24HR 3.33 ON 9- 9 TO 1/4 MILE OR LESS
LOWEST: 12 ON 21 3 = THUNDER
SNOW, ICE PELLETS, HAIL 4 = ICE PELLETS
TOTAL MONTH: M 5 = HAIL
GRTST 24HR M ON M 6 = FREEZING RAIN OR DRIZZLE
GRTST DEPTH: M ON M 7 = DUSTSTORM OR SANDSTORM:
VSBY 1/2 MILE OR LESS
8 = SMOKE OR HAZE
[NO. OF DAYS WITH] [WEATHER - DAYS WITH] 9 = BLOWING SNOW
X = TORNADO
MAX 32 OR BELOW: 0 0.01 INCH OR MORE: 13
MAX 90 OR ABOVE: 0 0.10 INCH OR MORE: 8
MIN 32 OR BELOW: 20 0.50 INCH OR MORE: 4
MIN 0 OR BELOW: 0 1.00 INCH OR MORE: 2
[HDD (BASE 65) ]
TOTAL THIS MO. 692 CLEAR (SCALE 0-3) 15
DPTR FM NORMAL 68 PTCLDY (SCALE 4-7) 9
TOTAL FM JUL 1 1725 CLOUDY (SCALE 8-10) 7
DPTR FM NORMAL 71
[CDD (BASE 65) ]
TOTAL THIS MO. 0
DPTR FM NORMAL -1 [PRESSURE DATA]
TOTAL FM JAN 1 0 HIGHEST SLP 30.65 ON 21
DPTR FM NORMAL -1 LOWEST SLP 29.42 ON 9
[REMARKS]
#FINAL-01-24#