000
CXUS52 KFFC 011010
CF6FFC
PRELIMINARY LOCAL CLIMATOLOGICAL DATA (WS FORM: F-6)
STATION: PEACHTREE CITY
MONTH: JULY
YEAR: 2020
LATITUDE: 33 20 N
LONGITUDE: 84 34 W
TEMPERATURE IN F: :PCPN: SNOW: WIND :SUNSHINE: SKY :PK WND
================================================================================
1 2 3 4 5 6A 6B 7 8 9 10 11 12 13 14 15 16 17 18
12Z AVG MX 2MIN
DY MAX MIN AVG DEP HDD CDD WTR SNW DPTH SPD SPD DIR MIN PSBL S-S WX SPD DR
================================================================================
1 83 68 76 -2 0 11 0.23 0.0 M 3.6 15 310 M M 3 138 20 330
2 91 68 80 2 0 15 0.00 0.0 M 2.9 13 50 M M 0 1 17 80
3 93 71 82 3 0 17 0.00 0.0 M 2.7 12 120 M M 3 1 16 120
4 92 71 82 3 0 17 0.00 M M 2.3 13 130 M M 2 18 17 120
5 91 71 81 2 0 16 0.00 M M 3.1 14 140 M M 1 18 19 120
6 88 71 80 1 0 15 0.14 M M 4.2 18 130 M M 7 13 23 130
7 87 73 80 1 0 15 0.13 M M 4.5 12 320 M M 7 13 14 340
8 86 72 79 0 0 14 0.01 M M 3.1 10 300 M M 3 13 17 290
9 91 71 81 2 0 16 0.96 M M 2.7 13 160 M M 2 123 17 50
10 92 71 82 3 0 17 T 0.0 M 2.9 14 310 M M 3 123 18 320
11 91 68 80 1 0 15 0.00 0.0 M 8.6 18 350 M M 0 1 24 320
12 91 64 78 -1 0 13 0.03 M M 3.2 13 340 M M 1 1 16 310
13 89 69 79 0 0 14 0.00 M M 4.5 15 300 M M 4 1 19 320
14 92 68 80 1 0 15 0.00 M M 1.6 9 250 M M 1 1 13 280
15 92 71 82 2 0 17 0.39 M M 2.4 18 170 M M 4 138 30 180
16 92 71 82 2 0 17 0.00 M M 2.4 8 120 M M 1 12 13 290
17 93 71 82 2 0 17 0.00 0.0 M 1.8 10 130 M M 1 1 14 130
18 94 73 84 4 0 19 0.00 M M 2.3 13 320 M M 2 1 17 310
19 95 71 83 3 0 18 0.00 M M 1.3 9 150 M M 1 1 14 140
20 96 71 84 4 0 19 0.12 0.0 M 2.1 24 140 M M 1 138 29 140
21 94 72 83 3 0 18 0.01 M M 1.4 16 120 M M 2 13 24 90
22 92 70 81 1 0 16 T M M 1.4 7 80 M M 1 1 11 220
23 93 69 81 1 0 16 0.00 M M 3.5 18 160 M M 1 29 170
24 90 70 80 0 0 15 0.00 M M 1.4 8 140 M M 1 11 150
25 94 70 82 2 0 17 1.09 M M 2.6 20 340 M M 2 123 28 40
26 90 68 79 -1 0 14 0.00 M M 1.1 7 300 M M 3 1 10 150
27 93 70 82 2 0 17 0.00 M M 1.8 9 250 M M 0 1 15 310
28 88 71 80 0 0 15 0.00 M M 3.4 14 310 M M 1 13 17 320
29 85 73 79 -1 0 14 0.10 M M 2.9 12 280 M M 8 138 17 250
30 88 74 81 1 0 16 0.01 M M 4.7 16 250 M M 6 24 260
31 92 73 83 3 0 18 0.00 M M 3.4 12 260 M M 1 18 17 240
================================================================================
SM 2818 2184 0 493 3.22 0.0 89.8 M 73
================================================================================
AV 90.9 70.5 2.9 FASTST M M 2 MAX(MPH)
MISC ----> 24 140 30 180
================================================================================
NOTES:
# LAST OF SEVERAL OCCURRENCES
COLUMN 17 PEAK WIND IN M.P.H.
PRELIMINARY LOCAL CLIMATOLOGICAL DATA (WS FORM: F-6) , PAGE 2
STATION: PEACHTREE CITY
MONTH: JULY
YEAR: 2020
LATITUDE: 33 20 N
LONGITUDE: 84 34 W
[TEMPERATURE DATA] [PRECIPITATION DATA] SYMBOLS USED IN COLUMN 16
AVERAGE MONTHLY: 80.7 TOTAL FOR MONTH: 3.22 1 = FOG OR MIST
DPTR FM NORMAL: 1.2 DPTR FM NORMAL: -2.04 2 = FOG REDUCING VISIBILITY
HIGHEST: 96 ON 20 GRTST 24HR 1.09 ON 25-25 TO 1/4 MILE OR LESS
LOWEST: 64 ON 12 3 = THUNDER
SNOW, ICE PELLETS, HAIL 4 = ICE PELLETS
TOTAL MONTH: 0.0 INCH 5 = HAIL
GRTST 24HR 0.0 6 = FREEZING RAIN OR DRIZZLE
GRTST DEPTH: M ON M 7 = DUSTSTORM OR SANDSTORM:
VSBY 1/2 MILE OR LESS
8 = SMOKE OR HAZE
[NO. OF DAYS WITH] [WEATHER - DAYS WITH] 9 = BLOWING SNOW
X = TORNADO
MAX 32 OR BELOW: 0 0.01 INCH OR MORE: 12
MAX 90 OR ABOVE: 23 0.10 INCH OR MORE: 8
MIN 32 OR BELOW: 0 0.50 INCH OR MORE: 2
MIN 0 OR BELOW: 0 1.00 INCH OR MORE: 1
[HDD (BASE 65) ]
TOTAL THIS MO. 0 CLEAR (SCALE 0-3) 24
DPTR FM NORMAL 0 PTCLDY (SCALE 4-7) 7
TOTAL FM JUL 1 0 CLOUDY (SCALE 8-10) 0
DPTR FM NORMAL 0
[CDD (BASE 65) ]
TOTAL THIS MO. 493
DPTR FM NORMAL 50 [PRESSURE DATA]
TOTAL FM JAN 1 1124 HIGHEST SLP 30.22 ON 17
DPTR FM NORMAL 164 LOWEST SLP 29.74 ON 12
[REMARKS]
#FINAL-07-20#