000
CXUS53 KLMK 010710
CF6FFT
PRELIMINARY LOCAL CLIMATOLOGICAL DATA (WS FORM: F-6)
STATION: FRANKFORT KY
MONTH: OCTOBER
YEAR: 2022
LATITUDE: 38 10 N
LONGITUDE: 84 54 W
TEMPERATURE IN F: :PCPN: SNOW: WIND :SUNSHINE: SKY :PK WND
================================================================================
1 2 3 4 5 6A 6B 7 8 9 10 11 12 13 14 15 16 17 18
12Z AVG MX 2MIN
DY MAX MIN AVG DEP HDD CDD WTR SNW DPTH SPD SPD DIR MIN PSBL S-S WX SPD DR
================================================================================
1 75 51 63 -1 2 0 0.00 M M 8.3 18 340 M M 0 27 360
2 73 53 63 0 2 0 0.00 M M 7.5 16 50 M M 1 25 10
3 72 43 58 -5 7 0 0.00 M M 4.4 12 30 M M 0 17 50
4 73 37 55 -7 10 0 0.00 M M 1.9 10 340 M M 0 15 330
5 77 38 58 -4 7 0 0.00 M M 1.1 9 320 M M 0 14 360
6 77 43 60 -2 5 0 T M M 2.0 13 200 M M 3 17 220
7 68 39 54 -7 11 0 0.00 M M 6.3 15 340 M M 2 23 10
8 61 32 47 -14 18 0 0.00 M M 2.2 10 320 M M 0 16 270
9 65 30 48 -12 17 0 0.00 M M 1.8 14 200 M M 0 17 220
10 75 35 55 -5 10 0 0.00 M M 1.4 10 200 M M 0 14 290
11 77 39 58 -2 7 0 0.00 M M 2.9 13 160 M M 0 16 150
12 81 51 66 7 0 1 0.09 M M 9.2 22 180 M M 4 3 33 170
13 66 41 54 -5 11 0 0.00 M M 7.9 21 320 M M 4 29 320
14 69 33 51 -7 14 0 0.00 M M 7.7 24 220 M M 1 33 210
15 70 43 57 -1 8 0 0.00 M M 5.9 20 220 M M 1 27 210
16 72 37 55 -3 10 0 T M M 5.1 18 210 M M 3 23 210
17 55 34 45 -12 20 0 0.00 M M 6.6 21 290 M M 2 33 280
18 47 34 41 -16 24 0 0.04 M M 7.2 15 300 M M 10 1 24 280
19 55 32 44 -12 21 0 0.00 M M 7.9 17 230 M M 2 27 300
20 59 27 43 -13 22 0 0.00 M M 7.9 18 230 M M 2 27 230
21 72 34 53 -3 12 0 0.00 M M 7.7 18 190 M M 0 25 220
22 79 46 63 8 2 0 0.00 M M 7.4 21 200 M M 0 27 190
23 79 50 65 10 0 0 0.00 M M 4.9 16 150 M M 0 24 210
24 79 42 61 7 4 0 0.00 M M 4.6 14 150 M M 0 24 180
25 80 54 67 13 0 2 0.31 M M 9.0 22 160 M M 4 1 32 160
26 62 38 50 -4 15 0 0.01 M M 7.8 21 240 M M 9 1 30 250
27 61 32 47 -6 18 0 0.00 M M 5.7 15 80 M M 0 1 20 60
28 70 41 56 3 9 0 0.00 M M 1.8 9 50 M M 0 13 50
29 73 36 55 3 10 0 0.00 M M 2.7 10 70 M M 0 15 60
30 63 46 55 3 10 0 0.51 M M 4.3 10 140 M M 6 1 16 130
31 68 58 63 11 2 0 0.12 M M 7.7 17 190 M M 10 1 23 220
================================================================================
SM 2153 1249 308 3 1.08 M 168.8 M 64
================================================================================
AV 69.5 40.3 5.4 FASTST M M 2 MAX(MPH)
MISC ----> 24 220 # 33 170
================================================================================
NOTES:
# LAST OF SEVERAL OCCURRENCES
COLUMN 17 PEAK WIND IN M.P.H.
PRELIMINARY LOCAL CLIMATOLOGICAL DATA (WS FORM: F-6) , PAGE 2
STATION: FRANKFORT KY
MONTH: OCTOBER
YEAR: 2022
LATITUDE: 38 10 N
LONGITUDE: 84 54 W
[TEMPERATURE DATA] [PRECIPITATION DATA] SYMBOLS USED IN COLUMN 16
AVERAGE MONTHLY: 54.9 TOTAL FOR MONTH: 1.08 1 = FOG OR MIST
DPTR FM NORMAL: -2.7 DPTR FM NORMAL: -2.56 2 = FOG REDUCING VISIBILITY
HIGHEST: 81 ON 12 GRTST 24HR 0.59 ON 30-31 TO 1/4 MILE OR LESS
LOWEST: 27 ON 20 3 = THUNDER
SNOW, ICE PELLETS, HAIL 4 = ICE PELLETS
TOTAL MONTH: M 5 = HAIL
GRTST 24HR M ON M 6 = FREEZING RAIN OR DRIZZLE
GRTST DEPTH: M ON M 7 = DUSTSTORM OR SANDSTORM:
VSBY 1/2 MILE OR LESS
8 = SMOKE OR HAZE
[NO. OF DAYS WITH] [WEATHER - DAYS WITH] 9 = BLOWING SNOW
X = TORNADO
MAX 32 OR BELOW: 0 0.01 INCH OR MORE: 6
MAX 90 OR ABOVE: 0 0.10 INCH OR MORE: 3
MIN 32 OR BELOW: 5 0.50 INCH OR MORE: 1
MIN 0 OR BELOW: 0 1.00 INCH OR MORE: 0
[HDD (BASE 65) ]
TOTAL THIS MO. 308 CLEAR (SCALE 0-3) 24
DPTR FM NORMAL 47 PTCLDY (SCALE 4-7) 4
TOTAL FM JUL 1 355 CLOUDY (SCALE 8-10) 3
DPTR FM NORMAL 53
[CDD (BASE 65) ]
TOTAL THIS MO. 3
DPTR FM NORMAL -28 [PRESSURE DATA]
TOTAL FM JAN 1 1386 HIGHEST SLP M ON M
DPTR FM NORMAL 58 LOWEST SLP 29.65 ON 25
[REMARKS]
#FINAL-10-22#