000
CXUS53 KLMK 020137
CF6FFT
PRELIMINARY LOCAL CLIMATOLOGICAL DATA (WS FORM: F-6)
STATION: FRANKFORT KY
MONTH: MARCH
YEAR: 2020
LATITUDE: 38 10 N
LONGITUDE: 84 54 W
TEMPERATURE IN F: :PCPN: SNOW: WIND :SUNSHINE: SKY :PK WND
================================================================================
1 2 3 4 5 6A 6B 7 8 9 10 11 12 13 14 15 16 17 18
12Z AVG MX 2MIN
DY MAX MIN AVG DEP HDD CDD WTR SNW DPTH SPD SPD DIR MIN PSBL S-S WX SPD DR
================================================================================
1 66 22 44 4 21 0 0.00 M M 8.1 20 210 M M 1 29 220
2 59 50 55 15 10 0 0.39 M M 10.6 24 210 M M 10 1 34 200
3 61 37 49 8 16 0 0.28 M M 10.1 26 260 M M 5 1 41 250
4 65 31 48 7 17 0 0.00 M M 7.5 23 230 M M 1 32 230
5 63 34 49 8 16 0 0.00 M M 5.9 14 120 M M 1 8 20 300
6 52 35 44 2 21 0 0.00 M M 12.7 22 310 M M 9 36 300
7 51 29 40 -2 25 0 0.00 M M 3.1 9 60 M M 3 14 320
8 67 25 46 4 19 0 0.00 M M 6.6 20 200 M M 0 26 210
9 67 47 57 15 8 0 0.00 M M 13.9 25 210 M M 2 36 190
10 63 48 56 13 9 0 0.32 M M 11.3 28 200 M M 10 1 42 200
11 58 45 52 9 13 0 0.00 M M 3.7 13 230 M M 7 18 16 230
12 69 38 54 10 11 0 1.49 M M 5.0 15 220 M M 7 123 26 130
13 64 40 52 8 13 0 0.01 M M 7.6 21 310 M M 3 29 320
14 46 37 42 -2 23 0 0.60 M M 8.4 18 80 M M 9 1 23 60
15 43 36 40 -4 25 0 0.01 M M 7.2 13 30 M M 10 18 21 20
16 48 40 44 -1 21 0 0.01 M M 2.9 9 190 M M 10 18 13 170
17 56 39 48 3 17 0 0.03 M M 4.0 10 320 M M 7 18 14 280
18 65 38 52 6 13 0 0.45 M M 8.9 22 200 M M 8 1 32 180
19 72 59 66 20 0 1 0.15 M M 9.3 23 210 M M 9 1 33 210
20 76 45 61 15 4 0 0.23 M M 14.4 26 200 M M 6 13 38 200
21 45 33 39 -8 26 0 T M M 6.3 14 340 M M 10 20 350
22 51 31 41 -6 24 0 0.05 M M 7.3 16 100 M M 3 1 26 110
23 59 46 53 6 12 0 0.04 M M 5.1 15 320 M M 7 18 20 310
24 57 41 49 1 16 0 0.30 M M 8.5 16 30 M M 3 18 24 360
25 64 42 53 5 12 0 0.00 M M 4.1 10 340 M M 4 18 14 20
26 76 38 57 9 8 0 0.00 M M 7.4 18 180 M M 1 18 25 180
27 81 54 68 19 0 3 0.01 M M 4.7 14 210 M M 3 19 130
28 82 65 74 25 0 9 0.06 M M 11.2 25 200 M M 2 3 33 220
29 70 53 62 13 3 0 0.07 M M 15.9 33 200 M M 1 48 200
30 65 46 56 6 9 0 0.00 M M 7.6 16 320 M M 0 29 270
31 51 42 47 -3 18 0 0.10 M M 5.6 13 310 M M 8 17 320
================================================================================
SM 1912 1266 430 13 4.60 M 244.9 M 160
================================================================================
AV 61.7 40.8 7.9 FASTST M M 5 MAX(MPH)
MISC ----> # 33 200 # 48 200
================================================================================
NOTES:
# LAST OF SEVERAL OCCURRENCES
COLUMN 17 PEAK WIND IN M.P.H.
PRELIMINARY LOCAL CLIMATOLOGICAL DATA (WS FORM: F-6) , PAGE 2
STATION: FRANKFORT KY
MONTH: MARCH
YEAR: 2020
LATITUDE: 38 10 N
LONGITUDE: 84 54 W
[TEMPERATURE DATA] [PRECIPITATION DATA] SYMBOLS USED IN COLUMN 16
AVERAGE MONTHLY: 51.3 TOTAL FOR MONTH: 4.60 1 = FOG OR MIST
DPTR FM NORMAL: 6.4 DPTR FM NORMAL: 0.22 2 = FOG REDUCING VISIBILITY
HIGHEST: 82 ON 28 GRTST 24HR 1.49 ON 12-12 TO 1/4 MILE OR LESS
LOWEST: 22 ON 1 3 = THUNDER
SNOW, ICE PELLETS, HAIL 4 = ICE PELLETS
TOTAL MONTH: M 5 = HAIL
GRTST 24HR M ON M 6 = FREEZING RAIN OR DRIZZLE
GRTST DEPTH: M ON M 7 = DUSTSTORM OR SANDSTORM:
VSBY 1/2 MILE OR LESS
8 = SMOKE OR HAZE
[NO. OF DAYS WITH] [WEATHER - DAYS WITH] 9 = BLOWING SNOW
X = TORNADO
MAX 32 OR BELOW: 0 0.01 INCH OR MORE: 19
MAX 90 OR ABOVE: 0 0.10 INCH OR MORE: 10
MIN 32 OR BELOW: 5 0.50 INCH OR MORE: 2
MIN 0 OR BELOW: 0 1.00 INCH OR MORE: 1
[HDD (BASE 65) ]
TOTAL THIS MO. 430 CLEAR (SCALE 0-3) 12
DPTR FM NORMAL -195 PTCLDY (SCALE 4-7) 11
TOTAL FM JUL 1 3614 CLOUDY (SCALE 8-10) 8
DPTR FM NORMAL -650
[CDD (BASE 65) ]
TOTAL THIS MO. 13
DPTR FM NORMAL 11 [PRESSURE DATA]
TOTAL FM JAN 1 13 HIGHEST SLP 30.59 ON 7
DPTR FM NORMAL 11 LOWEST SLP 29.58 ON 3
[REMARKS]
#FINAL-03-20#