000
CXUS52 KMFL 011130
CF6FLL
PRELIMINARY LOCAL CLIMATOLOGICAL DATA (WS FORM: F-6)
STATION: FORT LAUDERDALE
MONTH: FEBRUARY
YEAR: 2023
LATITUDE: 26 4 N
LONGITUDE: 80 9 W
TEMPERATURE IN F: :PCPN: SNOW: WIND :SUNSHINE: SKY :PK WND
================================================================================
1 2 3 4 5 6A 6B 7 8 9 10 11 12 13 14 15 16 17 18
12Z AVG MX 2MIN
DY MAX MIN AVG DEP HDD CDD WTR SNW DPTH SPD SPD DIR MIN PSBL S-S WX SPD DR
================================================================================
1 82 69 76 7 0 11 0.00 0.0 0 5.8 15 130 M M 1 20 130
2 83 70 77 8 0 12 0.00 0.0 0 6.2 16 130 M M 3 21 150
3 86 69 78 9 0 13 0.00 0.0 0 7.2 20 340 M M 4 26 340
4 75 64 70 1 0 5 0.02 0.0 0 16.2 26 60 M M 9 1 35 60
5 82 69 76 7 0 11 4.45 0.0 0 8.2 29 100 M M 9 138 36 100
6 80 66 73 3 0 8 T 0.0 M 7.3 18 50 M M 6 23 50
7 78 70 74 4 0 9 0.00 0.0 M 12.6 20 100 M M 5 24 100
8 80 71 76 6 0 11 0.00 0.0 0 13.9 22 100 M M 6 25 100
9 82 74 78 8 0 13 0.00 0.0 0 14.9 23 120 M M 6 29 120
10 82 74 78 8 0 13 0.00 0.0 0 12.0 20 130 M M 5 24 130
11 84 74 79 9 0 14 0.00 0.0 0 10.7 20 170 M M 4 26 160
12 78 65 72 2 0 7 0.02 0.0 0 14.1 25 270 M M 5 13 35 250
13 73 57 65 -5 0 0 0.00 0.0 0 9.2 20 310 M M 3 26 290
14 76 55 66 -4 0 1 0.00 0.0 0 8.7 16 100 M M 3 22 140
15 80 71 76 6 0 11 0.00 0.0 0 14.7 21 130 M M 4 28 140
16 82 74 78 7 0 13 0.00 0.0 0 13.5 22 120 M M 4 27 120
17 83 72 78 7 0 13 0.28 0.0 0 8.5 18 160 M M 7 18 22 160
18 80 71 76 5 0 11 0.00 0.0 0 10.1 21 30 M M 7 1 26 40
19 82 73 78 7 0 13 0.00 0.0 0 8.8 15 120 M M 4 19 140
20 83 70 77 6 0 12 0.00 0.0 0 7.2 16 130 M M 4 21 130
21 85 68 77 6 0 12 0.00 0.0 0 6.5 14 130 M M 5 19 120
22 83 69 76 5 0 11 0.00 0.0 0 8.1 21 130 M M 3 25 140
23 83 75 79 8 0 14 0.00 0.0 0 10.9 18 130 M M 3 23 140
24 85 69 77 6 0 12 0.00 0.0 0 6.3 16 80 M M 5 22 90
25 83 70 77 6 0 12 0.00 0.0 0 5.6 15 140 M M 3 18 100
26 85 69 77 6 0 12 0.00 0.0 0 6.0 14 130 M M 1 19 140
27 85 67 76 5 0 11 0.00 0.0 0 8.1 17 180 M M 1 24 160
28 88 67 78 6 0 13 0.00 0.0 0 8.4 16 260 M M 1 24 220
================================================================================
SM 2288 1932 0 298 4.77 0.0 269.7 M 121
================================================================================
AV 81.7 69.0 9.6 FASTST M M 4 MAX(MPH)
MISC ----> 29 100 36 100
================================================================================
NOTES:
# LAST OF SEVERAL OCCURRENCES
COLUMN 17 PEAK WIND IN M.P.H.
PRELIMINARY LOCAL CLIMATOLOGICAL DATA (WS FORM: F-6) , PAGE 2
STATION: FORT LAUDERDALE
MONTH: FEBRUARY
YEAR: 2023
LATITUDE: 26 4 N
LONGITUDE: 80 9 W
[TEMPERATURE DATA] [PRECIPITATION DATA] SYMBOLS USED IN COLUMN 16
AVERAGE MONTHLY: 75.4 TOTAL FOR MONTH: 4.77 1 = FOG OR MIST
DPTR FM NORMAL: 5.1 DPTR FM NORMAL: 2.39 2 = FOG REDUCING VISIBILITY
HIGHEST: 88 ON 28 GRTST 24HR 4.45 ON 5- 5 TO 1/4 MILE OR LESS
LOWEST: 55 ON 14 3 = THUNDER
SNOW, ICE PELLETS, HAIL 4 = ICE PELLETS
TOTAL MONTH: 0.0 INCH 5 = HAIL
GRTST 24HR 0.0 6 = FREEZING RAIN OR DRIZZLE
GRTST DEPTH: 0 7 = DUSTSTORM OR SANDSTORM:
VSBY 1/2 MILE OR LESS
8 = SMOKE OR HAZE
[NO. OF DAYS WITH] [WEATHER - DAYS WITH] 9 = BLOWING SNOW
X = TORNADO
MAX 32 OR BELOW: 0 0.01 INCH OR MORE: 4
MAX 90 OR ABOVE: 0 0.10 INCH OR MORE: 2
MIN 32 OR BELOW: 0 0.50 INCH OR MORE: 1
MIN 0 OR BELOW: 0 1.00 INCH OR MORE: 1
[HDD (BASE 65) ]
TOTAL THIS MO. 0 CLEAR (SCALE 0-3) 9
DPTR FM NORMAL -25 PTCLDY (SCALE 4-7) 17
TOTAL FM JUL 1 72 CLOUDY (SCALE 8-10) 2
DPTR FM NORMAL -41
[CDD (BASE 65) ]
TOTAL THIS MO. 298
DPTR FM NORMAL 123 [PRESSURE DATA]
TOTAL FM JAN 1 544 HIGHEST SLP 30.30 ON 24
DPTR FM NORMAL 216 LOWEST SLP 29.91 ON 12
[REMARKS]
#FINAL-02-23#