000
CXUS52 KMFL 031522
CLMFLL
CLIMATE REPORT
NATIONAL WEATHER SERVICE MIAMI, FL
1122 AM EDT MON JUL 03 2023
...................................
...THE FORT LAUDERDALE CLIMATE SUMMARY FOR THE MONTH OF JUNE 2023...
CLIMATE NORMAL PERIOD: 1991 TO 2020
CLIMATE RECORD PERIOD: 1912 TO 2023
WEATHER OBSERVED NORMAL DEPART LAST YEAR`S
VALUE DATE(S) VALUE FROM VALUE
NORMAL
..............................................................
TEMPERATURE (F)
RECORD
HIGH 100 06/22/2009
LOW 57 06/04/1933
HIGHEST 94 06/16 92
06/19
LOWEST 69 06/03 71
AVG. MAXIMUM 89.2 88.4 0.8 88.1
AVG. MINIMUM 74.3 76.6 -2.3 75.9
MEAN 81.8 82.5 -0.7 82.0
DAYS MAX >= 90 14 6
DAYS MAX <= 32 0 0
DAYS MIN <= 32 0 0
DAYS MIN <= 0 0 0
PRECIPITATION (INCHES)
RECORD
MAXIMUM 24.37 1992
MINIMUM 0.70 1952
TOTALS 10.74 9.55 1.19 13.72
DAILY AVG. 0.36 0.32 0.04 0.46
DAYS >= .01 25 13
DAYS >= .10 16 10
DAYS >= .50 9 6
DAYS >= 1.00 2 3
GREATEST
24 HR. TOTAL 1.92 06/16 TO 06/17 8.84
DEGREE DAYS
HEATING TOTAL 0 0 0 0
SINCE 7/1 72 122 -50 MM
COOLING TOTAL 511 525 -14 520
SINCE 1/1 2259 1898 361 MM
..............................................................
WIND (MPH)
AVERAGE WIND SPEED 6.5
HIGHEST WIND SPEED/DIRECTION 43/150 DATE 06/03
HIGHEST GUST SPEED/DIRECTION 69/150 DATE 06/03
SKY COVER
POSSIBLE SUNSHINE (PERCENT) MM
AVERAGE SKY COVER 0.57
NUMBER OF DAYS FAIR 2
NUMBER OF DAYS PC 27
NUMBER OF DAYS CLOUDY 1
AVERAGE RH (PERCENT) 81
WEATHER CONDITIONS. NUMBER OF DAYS WITH
THUNDERSTORM 25 MIXED PRECIP 0
HEAVY RAIN 14 RAIN 15
LIGHT RAIN 25 FREEZING RAIN 0
LT FREEZING RAIN 0 HAIL 0
HEAVY SNOW 0 SNOW 0
LIGHT SNOW 0 SLEET 0
FOG 19 FOG W/VIS <= 1/4 MILE 2
HAZE 2
- INDICATES NEGATIVE NUMBERS.
R INDICATES RECORD WAS SET OR TIED.
MM INDICATES DATA IS MISSING.
T INDICATES TRACE AMOUNT.
$$