000
CXUS52 KILM 012019
CF6FLO
PRELIMINARY LOCAL CLIMATOLOGICAL DATA (WS FORM: F-6)
STATION: FLORENCE SOUTH CAROLINA
MONTH: OCTOBER
YEAR: 2020
LATITUDE: 34 10 N
LONGITUDE: 79 43 W
TEMPERATURE IN F: :PCPN: SNOW: WIND :SUNSHINE: SKY :PK WND
================================================================================
1 2 3 4 5 6A 6B 7 8 9 10 11 12 13 14 15 16 17 18
12Z AVG MX 2MIN
DY MAX MIN AVG DEP HDD CDD WTR SNW DPTH SPD SPD DIR MIN PSBL S-S WX SPD DR
================================================================================
1 80 52 66 -3 0 1 0.00 M M 4.6 14 200 M M 0 17 210
2 74 57 66 -3 0 1 0.00 M M 9.1 18 30 M M 1 25 30
3 72 52 62 -6 3 0 0.00 M M 8.1 16 40 M M 0 22 60
4 70 54 62 -6 3 0 0.00 M M 7.1 16 30 M M 2 20 30
5 76 49 63 -5 2 0 0.00 M M 3.7 14 40 M M 0 1 16 50
6 80 54 67 -1 0 2 0.00 M M 4.6 12 150 M M 3 14 60
7 85 60 73 6 0 8 0.00 M M 4.9 14 270 M M 2 12 20 250
8 87 55 71 4 0 6 0.00 M M 1.7 8 90 M M 0 1 12 70
9 80 62 71 5 0 6 0.00 M M 5.1 10 100 M M 5 18 14 80
10 84 69 77 11 0 12 T M M 7.4 21 150 M M 6 29 150
11 85 71 78 12 0 13 0.61 M M 6.2 18 280 M M 8 13 23 290
12 82 67 75 10 0 10 T M M 4.3 12 330 M M 9 1 20 270
13 82 66 74 9 0 9 0.00 M M 3.2 17 340 M M 6 128 21 340
14 80 57 69 4 0 4 0.00 M M 4.8 13 10 M M 0 1 16 10
15 80 57 69 5 0 4 0.19 M M 4.3 13 150 M M 7 1 16 180
16 79 58 69 5 0 4 T M M 6.8 21 350 M M 8 1 24 360
17 68 50 59 -5 6 0 0.00 M M 8.9 17 60 M M 1 25 20
18 73 47 60 -4 5 0 0.00 M M 6.2 12 60 M M 2 15 30
19 80 53 67 4 0 2 0.00 M M 4.6 10 30 M M 0 13 60
20 81 57 69 6 0 4 T M M 4.9 10 40 M M 4 12 30
21 82 64 73 10 0 8 0.00 M M 4.8 12 30 M M 5 12 15 40
22 83 63 73 11 0 8 0.00 M M 3.9 12 70 M M 2 12 14 70
23 84 61 73 11 0 8 0.00 M M 3.5 9 70 M M 0 1 12 20
24 84 58 71 9 0 6 0.00 M M 2.0 8 160 M M 2 12 12 180
25 73 60 67 5 0 2 0.68 M M 6.6 17 40 M M 8 18 21 40
26 70 55 63 2 2 0 0.00 M M 4.8 14 10 M M 7 1 18 10
27 80 52 66 5 0 1 0.00 M M 1.4 7 290 M M 2 1 8 300
28 80 60 70 9 0 5 0.00 M M 3.4 10 140 M M 6 12 12 150
29 83 68 76 16 0 11 T M M 15.2 30 210 M M 6 41 210
30 76 53 65 5 0 0 0.00 M M 12.9 30 260 M M 1 40 250
31 66 46 56 -4 9 0 0.00 M M 9.1 18 60 M M 6 22 70
================================================================================
SM 2439 1787 30 135 1.48 M 178.1 M 109
================================================================================
AV 78.7 57.6 5.7 FASTST M M 4 MAX(MPH)
MISC ----> # 30 210 41 210
================================================================================
NOTES:
# LAST OF SEVERAL OCCURRENCES
COLUMN 17 PEAK WIND IN M.P.H.
PRELIMINARY LOCAL CLIMATOLOGICAL DATA (WS FORM: F-6) , PAGE 2
STATION: FLORENCE SOUTH CAROLINA
MONTH: OCTOBER
YEAR: 2020
LATITUDE: 34 10 N
LONGITUDE: 79 43 W
[TEMPERATURE DATA] [PRECIPITATION DATA] SYMBOLS USED IN COLUMN 16
AVERAGE MONTHLY: 68.2 TOTAL FOR MONTH: 1.48 1 = FOG OR MIST
DPTR FM NORMAL: 3.9 DPTR FM NORMAL: -1.60 2 = FOG REDUCING VISIBILITY
HIGHEST: 87 ON 8 GRTST 24HR 0.68 ON 25-25 TO 1/4 MILE OR LESS
LOWEST: 46 ON 31 3 = THUNDER
SNOW, ICE PELLETS, HAIL 4 = ICE PELLETS
TOTAL MONTH: M 5 = HAIL
GRTST 24HR M ON M 6 = FREEZING RAIN OR DRIZZLE
GRTST DEPTH: M ON M 7 = DUSTSTORM OR SANDSTORM:
VSBY 1/2 MILE OR LESS
8 = SMOKE OR HAZE
[NO. OF DAYS WITH] [WEATHER - DAYS WITH] 9 = BLOWING SNOW
X = TORNADO
MAX 32 OR BELOW: 0 0.01 INCH OR MORE: 3
MAX 90 OR ABOVE: 0 0.10 INCH OR MORE: 3
MIN 32 OR BELOW: 0 0.50 INCH OR MORE: 2
MIN 0 OR BELOW: 0 1.00 INCH OR MORE: 0
[HDD (BASE 65) ]
TOTAL THIS MO. 30 CLEAR (SCALE 0-3) 17
DPTR FM NORMAL -78 PTCLDY (SCALE 4-7) 12
TOTAL FM JUL 1 41 CLOUDY (SCALE 8-10) 2
DPTR FM NORMAL -74
[CDD (BASE 65) ]
TOTAL THIS MO. 135
DPTR FM NORMAL 49 [PRESSURE DATA]
TOTAL FM JAN 1 2370 HIGHEST SLP 30.42 ON 31
DPTR FM NORMAL 328 LOWEST SLP 29.55 ON 30
[REMARKS]
#FINAL-10-20#