000
CXUS54 KLZK 011130
CF6FLP
PRELIMINARY LOCAL CLIMATOLOGICAL DATA (WS FORM: F-6)
STATION: FLIPPIN
MONTH: JULY
YEAR: 2021
LATITUDE: 36 17 N
LONGITUDE: 92 28 W
TEMPERATURE IN F: :PCPN: SNOW: WIND :SUNSHINE: SKY :PK WND
================================================================================
1 2 3 4 5 6A 6B 7 8 9 10 11 12 13 14 15 16 17 18
12Z AVG MX 2MIN
DY MAX MIN AVG DEP HDD CDD WTR SNW DPTH SPD SPD DIR MIN PSBL S-S WX SPD DR
================================================================================
1 86 72 79 M 0 14 0.40 M M 2.3 12 280 M M 8 M M
2 86 64 75 M 0 10 0.01 M M 5.2 14 30 M M 4 18 30
3 85 60 73 M 0 8 0.00 M M 1.8 7 50 M M 1 M M
4 87 59 73 M 0 8 0.00 M M 1.4 8 80 M M 1 M M
5 88 59 74 M 0 9 0.00 M M 1.6 7 110 M M 2 M M
6 91 65 78 M 0 13 0.00 M M 1.3 6 130 M M 3 M M
7 93 68 81 M 0 16 0.00 M M 2.2 12 260 M M 3 22 200
8 94 70 82 M 0 17 0.00 M M 2.9 9 330 M M 3 M M
9 94 70 82 M 0 17 0.00 M M 2.6 8 120 M M 4 M M
10 89 71 80 M 0 15 0.00 M M 4.4 13 220 M M 5 18 220
11 84 68 76 M 0 11 0.00 M M 5.2 12 290 M M 7 M M
12 81 65 73 M 0 8 0.00 M M 4.2 12 260 M M 6 M M
13 90 63 77 M 0 12 0.00 M M 2.7 8 280 M M 2 16 99
14 94 64 79 M 0 14 0.00 M M 3.3 13 230 M M 2 20 210
15 93 69 81 M 0 16 0.00 M M 4.7 14 240 M M 2 23 240
16 85 69 77 M 0 12 0.59 M M 2.8 9 360 M M 4 3 M M
17 89 70 80 M 0 15 0.38 M M 2.6 15 120 M M 4 3 20 120
18 88 70 79 M 0 14 0.00 M M 2.7 12 360 M M 5 16 360
19 87 70 79 M 0 14 0.03 M M 3.3 10 50 M M 3 M M
20 87 68 78 M 0 13 0.00 M M 4.7 12 60 M M 2 17 60
21 89 64 77 M 0 12 0.00 M M 2.1 7 30 M M 1 M M
22 91 67 79 M 0 14 0.00 M M 2.0 6 60 M M 2 M M
23 91 71 81 M 0 16 0.00 M M 1.0 5 99 M M 4 M M
24 95 71 83 M 0 18 0.03 M M 1.7 8 250 M M 2 M M
25 93 72 83 M 0 18 0.47 M M 2.3 17 230 M M 2 3 30 230
26 95 72 84 M 0 19 0.00 M M 2.0 6 90 M M 2 16 90
27 96 74 85 M 0 20 0.03 M M 1.9 8 90 M M 3 M M
28 97 74 86 M 0 21 0.00 M M 1.4 5 99 M M 2 128 M M
29 98 72 85 M 0 20 0.00 M M 1.4 6 30 M M 0 18 M M
30 99 73 86 M 0 21 0.00 M M 2.1 9 270 M M 0 M M
31 100 69 85 M 0 20 0.00 0.0 0 4.6 13 20 M M 1 1 21 20
================================================================================
SM 2815 2113 0 455 1.94 0.0 84.2 M 90
================================================================================
AV 90.8 68.2 2.7 FASTST M M 3 MAX(MPH)
MISC ----> 17 230 30 230
================================================================================
NOTES:
# LAST OF SEVERAL OCCURRENCES
COLUMN 17 PEAK WIND IN M.P.H.
PRELIMINARY LOCAL CLIMATOLOGICAL DATA (WS FORM: F-6) , PAGE 2
STATION: FLIPPIN
MONTH: JULY
YEAR: 2021
LATITUDE: 36 17 N
LONGITUDE: 92 28 W
[TEMPERATURE DATA] [PRECIPITATION DATA] SYMBOLS USED IN COLUMN 16
AVERAGE MONTHLY: 79.5 TOTAL FOR MONTH: 1.94 1 = FOG OR MIST
DPTR FM NORMAL: 0.0 DPTR FM NORMAL: M 2 = FOG REDUCING VISIBILITY
HIGHEST: 100 ON 31 GRTST 24HR 0.59 ON 16-16 TO 1/4 MILE OR LESS
LOWEST: 59 ON 5, 4 3 = THUNDER
SNOW, ICE PELLETS, HAIL 4 = ICE PELLETS
TOTAL MONTH: 0.0 INCH 5 = HAIL
GRTST 24HR 0.0 6 = FREEZING RAIN OR DRIZZLE
GRTST DEPTH: 0 7 = DUSTSTORM OR SANDSTORM:
VSBY 1/2 MILE OR LESS
8 = SMOKE OR HAZE
[NO. OF DAYS WITH] [WEATHER - DAYS WITH] 9 = BLOWING SNOW
X = TORNADO
MAX 32 OR BELOW: 0 0.01 INCH OR MORE: 8
MAX 90 OR ABOVE: 17 0.10 INCH OR MORE: 4
MIN 32 OR BELOW: 0 0.50 INCH OR MORE: 1
MIN 0 OR BELOW: 0 1.00 INCH OR MORE: 0
[HDD (BASE 65) ]
TOTAL THIS MO. 0 CLEAR (SCALE 0-3) 21
DPTR FM NORMAL M PTCLDY (SCALE 4-7) 10
TOTAL FM JUL 1 0 CLOUDY (SCALE 8-10) 0
DPTR FM NORMAL M
[CDD (BASE 65) ]
TOTAL THIS MO. 455
DPTR FM NORMAL M [PRESSURE DATA]
TOTAL FM JAN 1 923 HIGHEST SLP 30.19 ON 14
DPTR FM NORMAL M LOWEST SLP 29.78 ON 10
[REMARKS]
#FINAL-07-21#