000
CXUS54 KLZK 011330
CF6FLP
PRELIMINARY LOCAL CLIMATOLOGICAL DATA (WS FORM: F-6)
STATION: FLIPPIN
MONTH: DECEMBER
YEAR: 2023
LATITUDE: 36 17 N
LONGITUDE: 92 28 W
TEMPERATURE IN F: :PCPN: SNOW: WIND :SUNSHINE: SKY :PK WND
================================================================================
1 2 3 4 5 6A 6B 7 8 9 10 11 12 13 14 15 16 17 18
12Z AVG MX 2MIN
DY MAX MIN AVG DEP HDD CDD WTR SNW DPTH SPD SPD DIR MIN PSBL S-S WX SPD DR
================================================================================
1 61 47 54 M 11 0 0.00 M M 6.5 13 270 M M 10 16 230
2 50 37 44 M 21 0 T M M 3.6 7 270 M M 8 M M
3 63 35 49 M 16 0 0.00 M M 3.0 8 200 M M 1 M M
4 54 34 44 M 21 0 0.00 M M 8.2 21 270 M M 3 1 35 280
5 55 31 43 M 22 0 0.00 M M 7.3 16 320 M M 1 29 290
6 54 24 39 M 26 0 0.00 M M 2.7 6 140 M M 1 12 M M
7 65 31 48 M 17 0 0.00 M M 5.6 13 180 M M 0 22 190
8 63 48 56 M 9 0 0.00 M M 4.5 10 160 M M 7 20 99
9 64 42 53 M 12 0 T M M 8.7 16 300 M M 3 27 320
10 49 31 40 M 25 0 0.00 M M 7.3 13 310 M M 0 16 330
11 57 20 39 M 26 0 0.00 M M 2.1 8 160 M M 0 M M
12 62 25 44 M 21 0 0.00 M M 0.9 5 90 M M 0 M M
13 59 31 45 M 20 0 0.00 M M 2.1 7 80 M M 0 M M
14 61 33 47 M 18 0 0.00 M M 3.4 8 110 M M 1 M M
15 58 34 46 M 19 0 0.02 M M 3.6 8 110 M M 3 8 M M
16 54 37 46 M 19 0 0.05 M M 4.0 14 280 M M 9 1 M M
17 58 27 43 M 22 0 0.00 M M 3.4 12 320 M M 0 1 M M
18 47 26 37 M 28 0 0.00 M M 8.5 18 320 M M 0 25 330
19 50 18 34 M 31 0 0.00 M M 3.1 7 99 M M 0 M M
20 60 34 47 M 18 0 0.00 M M 3.1 7 99 M M 0 M M
21 58 38 48 M 17 0 0.06 M M 2.7 6 160 M M 6 M M
22 61 47 54 M 11 0 0.04 M M 2.2 9 210 M M 10 1 M M
23 66 50 58 M 7 0 T M M 3.0 7 130 M M 7 1 M M
24 60 54 57 M 8 0 0.50 M M 6.8 12 110 M M 10 1 17 130
25 55 33 44 M 21 0 0.32 M M 8.7 16 270 M M 9 1 23 260
26 50 24 37 M 28 0 0.00 M M 4.1 12 220 M M 2 17 200
27 44 37 41 M 24 0 0.00 M M 9.6 17 280 M M 10 24 280
28 42 34 38 M 27 0 T M M 8.0 12 330 M M 8 20 300
29 38 29 34 M 31 0 0.02 M M 6.0 12 280 M M 8 1 M M
30 59 25 42 M 23 0 0.00 M M 2.9 9 280 M M 0 M M
31 45 28 37 M 28 0 M M M 5.1 13 320 M M 4 18 360
================================================================================
SM 1722 1044 627 0 1.01 M 150.8 M 121
================================================================================
AV 55.5 33.7 4.9 FASTST M M 4 MAX(MPH)
MISC ----> 21 270 35 280
================================================================================
NOTES:
# LAST OF SEVERAL OCCURRENCES
COLUMN 17 PEAK WIND IN M.P.H.
PRELIMINARY LOCAL CLIMATOLOGICAL DATA (WS FORM: F-6) , PAGE 2
STATION: FLIPPIN
MONTH: DECEMBER
YEAR: 2023
LATITUDE: 36 17 N
LONGITUDE: 92 28 W
[TEMPERATURE DATA] [PRECIPITATION DATA] SYMBOLS USED IN COLUMN 16
AVERAGE MONTHLY: 44.6 TOTAL FOR MONTH: 1.01 1 = FOG OR MIST
DPTR FM NORMAL: 0.0 DPTR FM NORMAL: M 2 = FOG REDUCING VISIBILITY
HIGHEST: 66 ON 23 GRTST 24HR 0.82 ON 24-25 TO 1/4 MILE OR LESS
LOWEST: 18 ON 19 3 = THUNDER
SNOW, ICE PELLETS, HAIL 4 = ICE PELLETS
TOTAL MONTH: M 5 = HAIL
GRTST 24HR M ON M 6 = FREEZING RAIN OR DRIZZLE
GRTST DEPTH: M ON M 7 = DUSTSTORM OR SANDSTORM:
VSBY 1/2 MILE OR LESS
8 = SMOKE OR HAZE
[NO. OF DAYS WITH] [WEATHER - DAYS WITH] 9 = BLOWING SNOW
X = TORNADO
MAX 32 OR BELOW: 0 0.01 INCH OR MORE: 7
MAX 90 OR ABOVE: 0 0.10 INCH OR MORE: 2
MIN 32 OR BELOW: 14 0.50 INCH OR MORE: 1
MIN 0 OR BELOW: 0 1.00 INCH OR MORE: 0
[HDD (BASE 65) ]
TOTAL THIS MO. 627 CLEAR (SCALE 0-3) 17
DPTR FM NORMAL M PTCLDY (SCALE 4-7) 6
TOTAL FM JUL 1 1270 CLOUDY (SCALE 8-10) 8
DPTR FM NORMAL M
[CDD (BASE 65) ]
TOTAL THIS MO. 0
DPTR FM NORMAL M [PRESSURE DATA]
TOTAL FM JAN 1 1640 HIGHEST SLP 30.68 ON 14
DPTR FM NORMAL M LOWEST SLP 29.69 ON 25
[REMARKS]
#FINAL-12-23#