000
CXUS53 KOAX 011030
CF6FNB
PRELIMINARY LOCAL CLIMATOLOGICAL DATA (WS FORM: F-6)
STATION: FALLS CITY NE
MONTH: OCTOBER
YEAR: 2020
LATITUDE: 40 4 N
LONGITUDE: 95 35 W
TEMPERATURE IN F: :PCPN: SNOW: WIND :SUNSHINE: SKY :PK WND
================================================================================
1 2 3 4 5 6A 6B 7 8 9 10 11 12 13 14 15 16 17 18
12Z AVG MX 2MIN
DY MAX MIN AVG DEP HDD CDD WTR SNW DPTH SPD SPD DIR MIN PSBL S-S WX SPD DR
================================================================================
1 65 38 52 -8 13 0 0.00 M M 9.9 22 310 M M 1 35 360
2 65 33 49 -11 16 0 T M M 5.0 14 150 M M 1 18 160
3 61 39 50 -10 15 0 0.00 M M 6.9 13 10 M M 4 22 20
4 66 32 49 -10 16 0 0.00 M M 5.0 14 180 M M 2 12 19 170
5 78 47 63 4 2 0 0.00 M M 11.5 23 200 M M 0 33 200
6 84 45 65 7 0 0 0.00 M M 5.2 13 260 M M 0 8 19 220
7 86 55 71 13 0 6 0.00 M M 4.8 14 240 M M 0 19 220
8 85 55 70 12 0 5 0.00 M M 9.2 17 190 M M 0 25 150
9 86 64 75 18 0 10 0.00 M M 11.5 23 210 M M 0 8 35 210
10 84 56 70 13 0 5 0.00 M M 2.5 8 170 M M 0 128 12 310
11 87 56 72 16 0 7 T M M 13.7 47 310 M M 0 12 69 310
12 71 47 59 3 6 0 0.00 M M 10.7 20 340 M M 2 31 340
13 75 48 62 6 3 0 0.00 M M 7.3 18 200 M M 0 28 200
14 79 47 63 8 2 0 T M M 11.8 24 300 M M 1 36 320
15 60 31 46 -9 19 0 0.00 M M 8.6 20 330 M M 1 31 300
16 63 30 47 -8 18 0 0.00 M M 10.1 22 280 M M 1 34 300
17 71 49 60 6 5 0 T M M 14.1 29 200 M M 0 41 200
18 49 38 44 -10 21 0 T M M 11.0 23 10 M M 4 33 360
19 47 37 42 -12 23 0 0.00 M M 7.4 15 110 M M 9 19 50
20 47 39 43 -10 22 0 0.01 M M 5.7 14 120 M M 8 18 20 120
21 48 33 41 -12 24 0 0.10 M M 5.6 13 90 M M 8 123 17 80
22 80 38 59 7 6 0 0.36 M M 11.8 25 200 M M 9 123 37 210
23 43 34 39 -13 26 0 0.06 M M 13.3 24 350 M M 10 13 36 10
24 38 33 36 -16 29 0 0.00 M M 7.0 13 100 M M 10 16 80
25 37 29 33 -18 32 0 T M M 10.6 17 10 M M 10 1 26 360
26 31 24 28 -23 37 0 T M M 9.5 21 350 M M 9 1 30 360
27 39 25 32 -18 33 0 0.00 M M 4.5 10 200 M M 6 13 350
28 51 25 38 -12 27 0 0.00 M M 4.2 13 360 M M 0 20 20
29 49 28 39 -11 26 0 0.00 M M 9.4 24 350 M M 1 36 350
30 64 28 46 -3 19 0 0.00 M M 5.9 12 120 M M 0 14 110
31 69 42 56 7 9 0 T M M 14.0 30 210 M M 0 8 44 180
================================================================================
SM 1958 1225 449 33 0.53 M 267.7 M 97
================================================================================
AV 63.2 39.5 8.6 FASTST M M 3 MAX(MPH)
MISC ----> 47 310 69 310
================================================================================
NOTES:
# LAST OF SEVERAL OCCURRENCES
COLUMN 17 PEAK WIND IN M.P.H.
PRELIMINARY LOCAL CLIMATOLOGICAL DATA (WS FORM: F-6) , PAGE 2
STATION: FALLS CITY NE
MONTH: OCTOBER
YEAR: 2020
LATITUDE: 40 4 N
LONGITUDE: 95 35 W
[TEMPERATURE DATA] [PRECIPITATION DATA] SYMBOLS USED IN COLUMN 16
AVERAGE MONTHLY: 51.3 TOTAL FOR MONTH: 0.53 1 = FOG OR MIST
DPTR FM NORMAL: -3.4 DPTR FM NORMAL: -2.11 2 = FOG REDUCING VISIBILITY
HIGHEST: 87 ON 11 GRTST 24HR 0.42 ON 22-23 TO 1/4 MILE OR LESS
LOWEST: 24 ON 26 3 = THUNDER
SNOW, ICE PELLETS, HAIL 4 = ICE PELLETS
TOTAL MONTH: M 5 = HAIL
GRTST 24HR M ON M 6 = FREEZING RAIN OR DRIZZLE
GRTST DEPTH: M ON M 7 = DUSTSTORM OR SANDSTORM:
VSBY 1/2 MILE OR LESS
8 = SMOKE OR HAZE
[NO. OF DAYS WITH] [WEATHER - DAYS WITH] 9 = BLOWING SNOW
X = TORNADO
MAX 32 OR BELOW: 1 0.01 INCH OR MORE: 4
MAX 90 OR ABOVE: 0 0.10 INCH OR MORE: 2
MIN 32 OR BELOW: 9 0.50 INCH OR MORE: 0
MIN 0 OR BELOW: 0 1.00 INCH OR MORE: 0
[HDD (BASE 65) ]
TOTAL THIS MO. 449 CLEAR (SCALE 0-3) 20
DPTR FM NORMAL 108 PTCLDY (SCALE 4-7) 3
TOTAL FM JUL 1 526 CLOUDY (SCALE 8-10) 8
DPTR FM NORMAL 96
[CDD (BASE 65) ]
TOTAL THIS MO. 33
DPTR FM NORMAL 13 [PRESSURE DATA]
TOTAL FM JAN 1 1252 HIGHEST SLP 30.48 ON 26
DPTR FM NORMAL 14 LOWEST SLP 29.50 ON 11
[REMARKS]
#FINAL-10-20#