000
CXUS53 KDTX 021620
CF6FNT
PRELIMINARY LOCAL CLIMATOLOGICAL DATA (WS FORM: F-6)
STATION: FLINT MI
MONTH: NOVEMBER
YEAR: 2022
LATITUDE: 42 58 N
LONGITUDE: 83 44 W
TEMPERATURE IN F: :PCPN: SNOW: WIND :SUNSHINE: SKY :PK WND
================================================================================
1 2 3 4 5 6A 6B 7 8 9 10 11 12 13 14 15 16 17 18
12Z AVG MX 2MIN
DY MAX MIN AVG DEP HDD CDD WTR SNW DPTH SPD SPD DIR MIN PSBL S-S WX SPD DR
================================================================================
1 66 38 52 8 13 0 0.00 0.0 0 4.8 13 270 M M 4 128 17 260
2 68 33 51 7 14 0 0.00 0.0 0 3.9 10 190 M M 0 12 14 180
3 71 41 56 12 9 0 0.00 0.0 0 8.5 14 200 M M 0 18 21 200
4 73 56 65 22 0 0 0.00 0.0 0 13.2 22 180 M M 3 33 180
5 72 53 63 20 2 0 T 0.0 0 19.2 35 210 M M 3 54 220
6 65 43 54 12 11 0 0.00 0.0 0 10.4 21 210 M M 0 32 210
7 53 35 44 2 21 0 0.00 0.0 0 11.2 23 280 M M 0 31 290
8 54 24 39 -3 26 0 0.00 0.0 0 5.2 14 100 M M 1 19 80
9 67 30 49 8 16 0 0.00 0.0 0 7.8 15 180 M M 2 20 190
10 75 56 66 25 0 1 0.00 0.0 0 9.9 16 200 M M 1 25 220
11 64 37 51 11 14 0 0.00 0.0 0 10.4 24 290 M M 3 31 290
12 41 33 37 -3 28 0 T T 0 12.2 18 290 M M 9 25 310
13 38 32 35 -5 30 0 T 0.1 T 9.8 18 290 M M 10 1 24 300
14 39 19 29 -10 36 0 0.00 0.0 0 3.4 10 90 M M 5 13 80
15 36 32 34 -5 31 0 0.12 0.5 0 8.4 17 70 M M 10 1 24 70
16 36 29 33 -6 32 0 0.03 1.0 1 7.8 14 280 M M 10 1 19 270
17 34 23 29 -9 36 0 0.15 3.2 1 10.4 20 240 M M 7 18 27 220
18 31 24 28 -10 37 0 0.02 0.8 2 12.2 25 260 M M 10 1 35 280
19 27 19 23 -14 42 0 0.03 0.6 1 14.7 25 220 M M 8 12 37 210
20 27 14 21 -16 44 0 T T 1 10.8 23 290 M M 4 32 280
21 41 20 31 -6 34 0 0.00 0.0 1 11.3 25 230 M M 0 34 210
22 46 16 31 -5 34 0 0.00 0.0 1 3.6 15 250 M M 1 1 19 280
23 54 19 37 1 28 0 0.00 0.0 T 3.4 10 220 M M 0 1 13 210
24 57 25 41 5 24 0 T 0.0 0 7.2 18 220 M M 3 29 230
25 49 33 41 6 24 0 0.00 0.0 0 12.1 21 280 M M 5 28 290
26 56 31 44 9 21 0 0.00 0.0 0 9.8 20 250 M M 0 27 240
27 42 35 39 5 26 0 0.20 T 0 7.6 18 340 M M 7 1 25 340
28 40 31 36 2 29 0 T T 0 4.3 10 320 M M 10 15 320
29 53 33 43 9 22 0 T 0.0 0 12.7 26 160 M M 9 39 180
30 54 28 41 8 24 0 T 0.1 0 21.9 32 270 M M 9 46 250
================================================================================
SM 1529 942 708 1 0.55 6.3 288.1 M 134
================================================================================
AV 51.0 31.4 9.6 FASTST M M 4 MAX(MPH)
MISC ----> 35 210 54 220
================================================================================
NOTES:
# LAST OF SEVERAL OCCURRENCES
COLUMN 17 PEAK WIND IN M.P.H.
PRELIMINARY LOCAL CLIMATOLOGICAL DATA (WS FORM: F-6) , PAGE 2
STATION: FLINT MI
MONTH: NOVEMBER
YEAR: 2022
LATITUDE: 42 58 N
LONGITUDE: 83 44 W
[TEMPERATURE DATA] [PRECIPITATION DATA] SYMBOLS USED IN COLUMN 16
AVERAGE MONTHLY: 41.2 TOTAL FOR MONTH: 0.55 1 = FOG OR MIST
DPTR FM NORMAL: 2.4 DPTR FM NORMAL: -1.72 2 = FOG REDUCING VISIBILITY
HIGHEST: 75 ON 10 GRTST 24HR 0.20 ON 27-27 TO 1/4 MILE OR LESS
LOWEST: 14 ON 20 3 = THUNDER
SNOW, ICE PELLETS, HAIL 4 = ICE PELLETS
TOTAL MONTH: 6.3 INCHES 5 = HAIL
GRTST 24HR 3.2 ON 17-17 6 = FREEZING RAIN OR DRIZZLE
GRTST DEPTH: 2 ON 18 7 = DUSTSTORM OR SANDSTORM:
VSBY 1/2 MILE OR LESS
8 = SMOKE OR HAZE
[NO. OF DAYS WITH] [WEATHER - DAYS WITH] 9 = BLOWING SNOW
X = TORNADO
MAX 32 OR BELOW: 3 0.01 INCH OR MORE: 6
MAX 90 OR ABOVE: 0 0.10 INCH OR MORE: 3
MIN 32 OR BELOW: 17 0.50 INCH OR MORE: 0
MIN 0 OR BELOW: 0 1.00 INCH OR MORE: 0
[HDD (BASE 65) ]
TOTAL THIS MO. 708 CLEAR (SCALE 0-3) 14
DPTR FM NORMAL -78 PTCLDY (SCALE 4-7) 8
TOTAL FM JUL 1 1261 CLOUDY (SCALE 8-10) 8
DPTR FM NORMAL -181
[CDD (BASE 65) ]
TOTAL THIS MO. 1
DPTR FM NORMAL 1 [PRESSURE DATA]
TOTAL FM JAN 1 718 HIGHEST SLP 30.77 ON 8
DPTR FM NORMAL 153 LOWEST SLP 29.39 ON 27
[REMARKS]
#FINAL-11-22#
CORRECTED SNOWFALL ON 11/15 AND SNOW DEPTH ON 11/23.