000
CXUS54 KTSA 011331
CF6FSM
PRELIMINARY LOCAL CLIMATOLOGICAL DATA (WS FORM: F-6)
STATION: FORT SMITH ARKANSAS
MONTH: DECEMBER
YEAR: 2023
LATITUDE: 35 19 N
LONGITUDE: 94 22 W
TEMPERATURE IN F: :PCPN: SNOW: WIND :SUNSHINE: SKY :PK WND
================================================================================
1 2 3 4 5 6A 6B 7 8 9 10 11 12 13 14 15 16 17 18
12Z AVG MX 2MIN
DY MAX MIN AVG DEP HDD CDD WTR SNW DPTH SPD SPD DIR MIN PSBL S-S WX SPD DR
================================================================================
1 53 46 50 4 15 0 0.00 0.0 0 7.7 18 260 M M 10 1 22 280
2 54 41 48 2 17 0 T 0.0 0 3.2 10 100 M M 7 1 13 110
3 61 33 47 1 18 0 0.00 0.0 0 5.9 13 280 M M 1 1 16 280
4 55 36 46 1 19 0 0.00 0.0 0 7.5 18 280 M M 0 25 290
5 62 32 47 2 18 0 0.00 0.0 0 5.9 21 290 M M 0 27 310
6 60 30 45 0 20 0 0.00 0.0 0 2.6 8 70 M M 0 10 40
7 69 36 53 8 12 0 0.00 0.0 0 6.3 20 210 M M 1 29 190
8 70 53 62 18 3 0 0.01 0.0 0 6.8 20 190 M M 7 3 29 210
9 65 42 54 10 11 0 0.00 0.0 0 8.5 21 290 M M 2 27 290
10 50 29 40 -4 25 0 0.00 0.0 0 7.6 16 260 M M 0 20 260
11 61 27 44 0 21 0 0.00 0.0 0 3.0 8 40 M M 0 11 50
12 61 32 47 4 18 0 0.00 0.0 0 4.6 13 50 M M 0 15 50
13 60 37 49 6 16 0 0.00 0.0 0 5.7 13 60 M M 1 M M
14 63 38 51 8 14 0 0.00 0.0 0 9.1 16 110 M M 0 24 110
15 54 47 51 8 14 0 0.46 0.0 0 6.2 20 80 M M 6 1 28 80
16 48 33 41 -1 24 0 0.00 0.0 0 7.3 17 270 M M 7 1 22 270
17 60 30 45 3 20 0 0.00 0.0 0 2.0 8 260 M M 4 12 10 260
18 53 32 43 1 22 0 0.00 0.0 0 7.3 17 320 M M 0 25 330
19 53 27 40 -2 25 0 0.00 0.0 0 6.7 13 90 M M 0 18 120
20 60 36 48 6 17 0 0.00 0.0 0 7.8 13 70 M M 3 17 110
21 52 45 49 7 16 0 0.01 0.0 0 7.5 12 70 M M 9 14 70
22 57 48 53 12 12 0 0.03 0.0 0 5.0 8 50 M M 10 1 10 70
23 69 53 61 20 4 0 0.00 0.0 0 5.9 14 130 M M 9 1 20 140
24 65 56 61 20 4 0 1.44 0.0 0 9.6 21 260 M M 10 1 28 130
25 56 33 45 4 20 0 T 0.0 0 13.1 28 270 M M 9 1 35 260
26 53 30 42 1 23 0 0.00 0.0 0 7.7 20 190 M M 3 29 190
27 44 37 41 0 24 0 0.00 0.0 0 10.2 22 300 M M 8 30 310
28 41 33 37 -4 28 0 0.00 0.0 0 9.5 14 330 M M 9 18 330
29 43 31 37 -3 28 0 0.00 0.0 0 8.6 16 260 M M 4 22 280
30 58 26 42 2 23 0 0.00 0.0 0 3.8 14 260 M M 0 18 280
31 59 29 44 4 21 0 0.00 0.0 0 4.9 21 350 M M 0 27 350
================================================================================
SM 1769 1138 552 0 1.95 0.0 207.5 M 120
================================================================================
AV 57.1 36.7 6.7 FASTST M M 4 MAX(MPH)
MISC ----> 28 270 35 260
================================================================================
NOTES:
# LAST OF SEVERAL OCCURRENCES
COLUMN 17 PEAK WIND IN M.P.H.
PRELIMINARY LOCAL CLIMATOLOGICAL DATA (WS FORM: F-6) , PAGE 2
STATION: FORT SMITH ARKANSAS
MONTH: DECEMBER
YEAR: 2023
LATITUDE: 35 19 N
LONGITUDE: 94 22 W
[TEMPERATURE DATA] [PRECIPITATION DATA] SYMBOLS USED IN COLUMN 16
AVERAGE MONTHLY: 46.9 TOTAL FOR MONTH: 1.95 1 = FOG OR MIST
DPTR FM NORMAL: 4.1 DPTR FM NORMAL: -1.53 2 = FOG REDUCING VISIBILITY
HIGHEST: 70 ON 8 GRTST 24HR 1.44 ON 24-24 TO 1/4 MILE OR LESS
LOWEST: 26 ON 30 3 = THUNDER
SNOW, ICE PELLETS, HAIL 4 = ICE PELLETS
TOTAL MONTH: 0.0 INCH 5 = HAIL
GRTST 24HR 0.0 6 = FREEZING RAIN OR DRIZZLE
GRTST DEPTH: 0 7 = DUSTSTORM OR SANDSTORM:
VSBY 1/2 MILE OR LESS
8 = SMOKE OR HAZE
[NO. OF DAYS WITH] [WEATHER - DAYS WITH] 9 = BLOWING SNOW
X = TORNADO
MAX 32 OR BELOW: 0 0.01 INCH OR MORE: 5
MAX 90 OR ABOVE: 0 0.10 INCH OR MORE: 2
MIN 32 OR BELOW: 12 0.50 INCH OR MORE: 1
MIN 0 OR BELOW: 0 1.00 INCH OR MORE: 1
[HDD (BASE 65) ]
TOTAL THIS MO. 552 CLEAR (SCALE 0-3) 16
DPTR FM NORMAL -137 PTCLDY (SCALE 4-7) 7
TOTAL FM JUL 1 1025 CLOUDY (SCALE 8-10) 8
DPTR FM NORMAL -209
[CDD (BASE 65) ]
TOTAL THIS MO. 0
DPTR FM NORMAL -1 [PRESSURE DATA]
TOTAL FM JAN 1 2595 HIGHEST SLP 30.62 ON 13
DPTR FM NORMAL 420 LOWEST SLP 29.64 ON 8
[REMARKS]
#FINAL-12-23#