000
CXUS54 KTSA 011200
CLMFSM
CLIMATE REPORT
NATIONAL WEATHER SERVICE TULSA OK
600 AM CST THU FEB 01 2024
...................................
...THE FORT SMITH ARKANSAS CLIMATE SUMMARY FOR THE MONTH OF JANUARY 2024...
CLIMATE NORMAL PERIOD 1991 TO 2020
CLIMATE RECORD PERIOD 1882 TO 2024
WEATHER OBSERVED NORMAL DEPART LAST YEAR`S
VALUE DATE(S) VALUE FROM VALUE DATE(S)
NORMAL
................................................................
TEMPERATURE (F)
RECORD
HIGH 81 01/19/1952
LOW -11 01/12/1918
HIGHEST 69 01/31 48 21 77
LOWEST 3 01/15 27 -24 25
01/16
AVG. MAXIMUM 46.4 51.3 -4.9 56.2
AVG. MINIMUM 26.9 29.6 -2.7 34.5
MEAN 36.7 40.4 -3.7 45.3
DAYS MAX >= 90 0
DAYS MAX <= 32 5
DAYS MIN <= 32 20
DAYS MIN <= 0 0
PRECIPITATION (INCHES)
RECORD
MAXIMUM 11.33 1949
MINIMUM 0.20 1986
TOTALS 3.92 2.91 1.01 1.93
DAILY AVG. 0.13 0.09 0.03 0.06
DAYS >= .01 11 7.5 3.5 9
DAYS >= .10 7 4.7 2.3 4
DAYS >= .50 3 1.8 1.2 1
DAYS >= 1.00 2 0.7 1.3 1
GREATEST
24 HR. TOTAL 1.30 01/22 TO 01/22
SNOWFALL (INCHES)
RECORDS
TOTAL 13.6 1918
TOTALS 2.5 1.4 1.1 4.0
SINCE 7/1 2.5 2.0 0.5 MM
SNOWDEPTH AVG. 0 0
DAYS >= 1.0 1 0.3 0.7 1
GREATEST
SNOW DEPTH 2 01/15 4 01/25
24 HR TOTAL 2.0 01/14
DEGREE DAYS
HEATING TOTAL 871 761 110 601
SINCE 7/1 1896 1997 -101 MM
................................................................
WIND (MPH)
AVERAGE WIND SPEED 7.5
HIGHEST WIND SPEED/DIRECTION 33/260 DATE 01/09
HIGHEST GUST SPEED/DIRECTION 46/260 DATE 01/09
SKY COVER
POSSIBLE SUNSHINE (PERCENT) MM
AVERAGE SKY COVER 0.41
NUMBER OF DAYS FAIR 16
NUMBER OF DAYS PC 5
NUMBER OF DAYS CLOUDY 10
AVERAGE RH (PERCENT) 71
WEATHER CONDITIONS. NUMBER OF DAYS WITH
THUNDERSTORM 2 MIXED PRECIP 0
HEAVY RAIN 3 RAIN 4
LIGHT RAIN 10 FREEZING RAIN 1
LT FREEZING RAIN 1 HAIL 0
HEAVY SNOW 1 SNOW 1
LIGHT SNOW 5 SLEET 0
FOG 14 FOG W/VIS <= 1/4 MILE 2
HAZE 1
- INDICATES NEGATIVE NUMBERS.
R INDICATES RECORD WAS SET OR TIED.
MM INDICATES DATA IS MISSING.
T INDICATES TRACE AMOUNT.
$$