000
CXUS56 KSGX 011012
CLMFUL
CLIMATE REPORT
NATIONAL WEATHER SERVICE SAN DIEGO, CA
312 AM PDT MON APR 01 2024
...................................
...THE FULLERTON AIRPORT CA CLIMATE SUMMARY FOR THE MONTH OF MARCH 2024...
CLIMATE NORMAL PERIOD: 1991 TO 2020
CLIMATE RECORD PERIOD: 1998 TO 2024
WEATHER OBSERVED NORMAL DEPART LAST YEAR`S
VALUE DATE(S) VALUE FROM VALUE DATE(S)
NORMAL
................................................................
TEMPERATURE (F)
RECORD
HIGH 97 03/11/2007
LOW 36 03/12/2006
HIGHEST 76 03/18 70 6 78 03/18
LOWEST 45 03/25 48 -3 40 03/02
AVG. MAXIMUM 67.5 71.0 -3.5 66.4
AVG. MINIMUM 50.3 51.5 -1.2 49.8
MEAN 58.9 61.2 -2.3 58.1
DAYS MAX >= 90 0 1.0 -1.0 0
DAYS MAX <= 32 0 0.0 0.0 0
DAYS MAX >= 45 31 31
DAYS MIN <= 32 0 0.0 0.0 0
PRECIPITATION (INCHES)
RECORD
MAXIMUM 7.49 2023
MINIMUM 0.00 1997
TOTALS 2.84 1.74 1.10 7.72
DAILY AVG. 0.09 0.06 0.03 0.25
DAYS >= .01 10 5.3 4.7 MM
DAYS >= .10 5 2.3 2.7 MM
DAYS >= .50 2 0.8 1.2 MM
DAYS >= 1.00 1 0.2 0.8 MM
DAYS >= %-5.2F 0 MM
DAYS >= %-5.2F 0 0
GREATEST
24 HR. TOTAL 1.29 03/29 TO 03/30 1.69 03/21 TO 03/22
STORM TOTAL 1.24 1.66
(MM/DD(HH)) MM
DEGREE DAYS
HEATING TOTAL 182 138 44 207
SINCE 7/1 806 943 -137 MM
COOLING TOTAL 0 22 -22 0
SINCE 1/1 4 37 -33 MM
FREEZE DATES
RECORD
EARLIEST MM
LATEST MM
EARLIEST 12/31
LATEST MM
................................................................
WIND (MPH)
AVERAGE WIND SPEED 4.5
RESULTANT WIND SPEED/DIRECTION 2/150
HIGHEST WIND SPEED/DIRECTION 26/080 DATE 03/14
HIGHEST GUST SPEED/DIRECTION 35/070 DATE 03/14
SKY COVER
POSSIBLE SUNSHINE (PERCENT) MM
AVERAGE SKY COVER 0.39
NUMBER OF DAYS FAIR 15
NUMBER OF DAYS PC 13
NUMBER OF DAYS CLOUDY 3
AVERAGE RH (PERCENT) 71
WEATHER CONDITIONS. NUMBER OF DAYS WITH
THUNDERSTORM 2 MIXED PRECIP 0
HEAVY RAIN 5 RAIN 5
LIGHT RAIN 10 FREEZING RAIN 0
LT FREEZING RAIN 0 HAIL 0
HEAVY SNOW 0 SNOW 0
LIGHT SNOW 0 SLEET 0
FOG 21 FOG W/VIS <= 1/4 MILE 0
HAZE 9
- INDICATES NEGATIVE NUMBERS.
R INDICATES RECORD WAS SET OR TIED.
MM INDICATES DATA IS MISSING.
T INDICATES TRACE AMOUNT.
$$