000
CXUS51 KCAR 010600
CF6FVE
PRELIMINARY LOCAL CLIMATOLOGICAL DATA (WS FORM: F-6)
STATION: FRENCHVILLE ME
MONTH: DECEMBER
YEAR: 2020
LATITUDE: 47 16 N
LONGITUDE: 68 19 W
TEMPERATURE IN F: :PCPN: SNOW: WIND :SUNSHINE: SKY :PK WND
================================================================================
1 2 3 4 5 6A 6B 7 8 9 10 11 12 13 14 15 16 17 18
12Z AVG MX 2MIN
DY MAX MIN AVG DEP HDD CDD WTR SNW DPTH SPD SPD DIR MIN PSBL S-S WX SPD DR
================================================================================
1 57 45 51 28 14 0 0.46 M M 17.0 26 130 M M 10 12 39 140
2 51 30 41 19 24 0 0.02 M M 10.8 23 170 M M 6 12 33 160
3 35 26 31 9 34 0 T M M 11.0 21 250 M M 8 12 27 250
4 38 32 35 13 30 0 T M M 6.0 12 190 M M 10 1 17 190
5 34 31 33 12 32 0 T M M 4.9 14 20 M M 10 12 M M
6 30 25 28 7 37 0 0.08 M M 21.6 29 330 M M 10 18 40 10
7 27 22 25 5 40 0 T M M 14.2 28 340 M M 10 1 34 330
8 27 22 25 5 40 0 T M M 10.1 18 320 M M 10 22 330
9 23 19 21 2 44 0 T M M 5.0 15 330 M M 10 1 19 330
10 27 18 23 4 42 0 T M M 6.7 18 320 M M 10 1 24 330
11 30 18 24 6 41 0 0.00 M M 5.7 15 320 M M 8 18 320
12 30 25 28 10 37 0 0.03 M M 7.2 13 80 M M 9 1 18 90
13 32 25 29 11 36 0 0.37 M M 8.3 20 250 M M 10 16 24 250
14 30 19 25 8 40 0 T M M 5.3 17 280 M M 10 1 22 250
15 20 -2 9 -8 56 0 T M M 18.3 33 300 M M 5 18 49 290
16 3 -6 -1 -17 66 0 0.00 M M 13.3 22 330 M M 1 1 27 320
17 9 -8 1 -15 64 0 T M M 11.7 18 350 M M 5 18 23 350
18 18 5 12 -4 53 0 T M M 10.5 17 350 M M 6 18 24 340
19 18 3 11 -4 54 0 0.00 M M 5.0 12 320 M M 0 13 320
20 30 8 19 4 46 0 T M M 8.6 17 150 M M 7 1 24 150
21 33 27 30 15 35 0 0.01 M M 6.1 15 350 M M 10 12 21 180
22 32 25 29 15 36 0 T M M 13.7 25 300 M M 10 1 32 300
23 25 8 17 3 48 0 T M M 12.1 24 320 M M 3 33 320
24 41 14 28 14 37 0 T M M 16.7 26 170 M M 8 39 180
25 53 41 47 34 18 0 0.25 M M 19.6 30 160 M M 10 12 40 160
26 52 19 36 23 29 0 0.23 M M 12.4 25 140 M M 10 1 39 190
27 20 10 15 2 50 0 T M M 9.8 22 250 M M 2 27 250
28 34 11 23 11 42 0 0.02 M M 13.2 25 160 M M 8 1 35 160
29 34 12 23 11 42 0 T M M 16.8 30 300 M M 5 39 330
30 21 10 16 4 49 0 T M M 11.4 25 290 M M 5 1 31 290
31 33 16 25 14 40 0 0.03 M M 12.3 25 280 M M 8 128 32 270
================================================================================
SM 947 550 1256 0 1.50 M 345.3 M 234
================================================================================
AV 30.5 17.7 11.1 FASTST M M 8 MAX(MPH)
MISC ----> 33 300 49 290
================================================================================
NOTES:
# LAST OF SEVERAL OCCURRENCES
COLUMN 17 PEAK WIND IN M.P.H.
PRELIMINARY LOCAL CLIMATOLOGICAL DATA (WS FORM: F-6) , PAGE 2
STATION: FRENCHVILLE ME
MONTH: DECEMBER
YEAR: 2020
LATITUDE: 47 16 N
LONGITUDE: 68 19 W
[TEMPERATURE DATA] [PRECIPITATION DATA] SYMBOLS USED IN COLUMN 16
AVERAGE MONTHLY: 24.1 TOTAL FOR MONTH: 1.50 1 = FOG OR MIST
DPTR FM NORMAL: 7.4 DPTR FM NORMAL: -1.04 2 = FOG REDUCING VISIBILITY
HIGHEST: 57 ON 1 GRTST 24HR 0.78 ON 30- 1 TO 1/4 MILE OR LESS
LOWEST: -8 ON 17 3 = THUNDER
SNOW, ICE PELLETS, HAIL 4 = ICE PELLETS
TOTAL MONTH: M 5 = HAIL
GRTST 24HR M ON M 6 = FREEZING RAIN OR DRIZZLE
GRTST DEPTH: M ON M 7 = DUSTSTORM OR SANDSTORM:
VSBY 1/2 MILE OR LESS
8 = SMOKE OR HAZE
[NO. OF DAYS WITH] [WEATHER - DAYS WITH] 9 = BLOWING SNOW
X = TORNADO
MAX 32 OR BELOW: 19 0.01 INCH OR MORE: 10
MAX 90 OR ABOVE: 0 0.10 INCH OR MORE: 4
MIN 32 OR BELOW: 29 0.50 INCH OR MORE: 0
MIN 0 OR BELOW: 3 1.00 INCH OR MORE: 0
[HDD (BASE 65) ]
TOTAL THIS MO. 1256 CLEAR (SCALE 0-3) 4
DPTR FM NORMAL -241 PTCLDY (SCALE 4-7) 11
TOTAL FM JUL 1 3335 CLOUDY (SCALE 8-10) 16
DPTR FM NORMAL -472
[CDD (BASE 65) ]
TOTAL THIS MO. 0
DPTR FM NORMAL 0 [PRESSURE DATA]
TOTAL FM JAN 1 375 HIGHEST SLP M ON M
DPTR FM NORMAL 241 LOWEST SLP 29.29 ON 6
[REMARKS]
#FINAL-12-20#