000
CXUS51 KCAR 010600
CF6FVE
PRELIMINARY LOCAL CLIMATOLOGICAL DATA (WS FORM: F-6)
STATION: FRENCHVILLE ME
MONTH: NOVEMBER
YEAR: 2020
LATITUDE: 47 16 N
LONGITUDE: 68 19 W
TEMPERATURE IN F: :PCPN: SNOW: WIND :SUNSHINE: SKY :PK WND
================================================================================
1 2 3 4 5 6A 6B 7 8 9 10 11 12 13 14 15 16 17 18
12Z AVG MX 2MIN
DY MAX MIN AVG DEP HDD CDD WTR SNW DPTH SPD SPD DIR MIN PSBL S-S WX SPD DR
================================================================================
1 45 23 34 -2 31 0 T M M 13.2 24 180 M M 6 36 180
2 42 19 31 -5 34 0 0.24 M M 16.7 35 300 M M 9 1 45 280
3 28 17 23 -12 42 0 0.00 M M 11.6 23 340 M M 2 29 330
4 30 11 21 -14 44 0 T M M 8.4 15 150 M M 6 21 150
5 56 29 43 8 22 0 0.00 M M 9.7 16 170 M M 2 12 21 170
6 63 42 53 19 12 0 T M M 9.6 22 250 M M 2 31 260
7 53 39 46 12 19 0 0.00 M M 9.3 18 320 M M 5 27 320
8 41 36 39 6 26 0 0.00 M M 5.8 12 150 M M 10 14 150
9 66 35 51 18 14 0 0.00 M M 8.2 20 250 M M 6 12 27 260
10 72 51 62 29 3 0 0.00 M M 10.2 21 220 M M 1 26 250
11 66 53 60 28 5 0 T M M 8.7 25 260 M M 3 36 250
12 60 29 45 13 20 0 0.00 M M 10.4 20 330 M M 3 26 330
13 35 25 30 -1 35 0 0.03 M M 4.8 12 170 M M 3 12 16 180
14 38 29 34 3 31 0 0.04 M M 8.2 22 330 M M 10 12 27 340
15 33 23 28 -2 37 0 0.06 M M 12.5 33 160 M M 3 12 45 150
16 37 30 34 4 31 0 0.30 M M 9.5 28 130 M M 9 12 39 120
17 34 19 27 -2 38 0 0.06 M M 11.1 22 320 M M 7 12 29 320
18 25 16 21 -8 44 0 T M M 12.9 23 290 M M 6 31 300
19 25 15 20 -8 45 0 T M M 9.1 17 180 M M 8 1 22 170
20 41 25 33 5 32 0 0.03 M M 6.5 14 160 M M 8 16 160
21 44 24 34 6 31 0 0.00 M M 12.8 24 310 M M 7 33 320
22 28 18 23 -4 42 0 T M M 6.8 20 160 M M 2 1 27 150
23 34 25 30 3 35 0 1.25 M M 12.1 24 310 M M 10 126 34 300
24 28 10 19 -7 46 0 T M M 17.7 31 320 M M 7 12 45 280
25 24 8 16 -10 49 0 0.04 M M 7.8 17 150 M M 8 1 20 160
26 32 22 27 2 38 0 0.07 M M 6.2 10 110 M M 10 126 16 90
27 38 32 35 10 30 0 T M M 4.5 10 260 M M 10 12 14 220
28 35 30 33 9 32 0 T M M 2.8 9 270 M M 10 12 13 260
29 36 29 33 9 32 0 T M M 6.4 14 280 M M 6 1 18 280
30 45 29 37 14 28 0 0.36 M M 12.9 25 120 M M 10 1 35 120
================================================================================
SM 1234 793 928 0 2.48 M 286.4 M 189
================================================================================
AV 41.1 26.4 9.5 FASTST M M 6 MAX(MPH)
MISC ----> 35 300 # 45 280
================================================================================
NOTES:
# LAST OF SEVERAL OCCURRENCES
COLUMN 17 PEAK WIND IN M.P.H.
PRELIMINARY LOCAL CLIMATOLOGICAL DATA (WS FORM: F-6) , PAGE 2
STATION: FRENCHVILLE ME
MONTH: NOVEMBER
YEAR: 2020
LATITUDE: 47 16 N
LONGITUDE: 68 19 W
[TEMPERATURE DATA] [PRECIPITATION DATA] SYMBOLS USED IN COLUMN 16
AVERAGE MONTHLY: 33.8 TOTAL FOR MONTH: 2.48 1 = FOG OR MIST
DPTR FM NORMAL: 3.8 DPTR FM NORMAL: -0.46 2 = FOG REDUCING VISIBILITY
HIGHEST: 72 ON 10 GRTST 24HR 1.25 ON 22-23 TO 1/4 MILE OR LESS
LOWEST: 8 ON 25 3 = THUNDER
SNOW, ICE PELLETS, HAIL 4 = ICE PELLETS
TOTAL MONTH: M 5 = HAIL
GRTST 24HR M ON M 6 = FREEZING RAIN OR DRIZZLE
GRTST DEPTH: M ON M 7 = DUSTSTORM OR SANDSTORM:
VSBY 1/2 MILE OR LESS
8 = SMOKE OR HAZE
[NO. OF DAYS WITH] [WEATHER - DAYS WITH] 9 = BLOWING SNOW
X = TORNADO
MAX 32 OR BELOW: 8 0.01 INCH OR MORE: 11
MAX 90 OR ABOVE: 0 0.10 INCH OR MORE: 4
MIN 32 OR BELOW: 24 0.50 INCH OR MORE: 1
MIN 0 OR BELOW: 0 1.00 INCH OR MORE: 1
[HDD (BASE 65) ]
TOTAL THIS MO. 928 CLEAR (SCALE 0-3) 6
DPTR FM NORMAL -122 PTCLDY (SCALE 4-7) 15
TOTAL FM JUL 1 2079 CLOUDY (SCALE 8-10) 9
DPTR FM NORMAL -231
[CDD (BASE 65) ]
TOTAL THIS MO. 0
DPTR FM NORMAL 0 [PRESSURE DATA]
TOTAL FM JAN 1 375 HIGHEST SLP M ON M
DPTR FM NORMAL 241 LOWEST SLP 29.01 ON 2
[REMARKS]
#FINAL-11-20#