000
CXUS53 KIWX 010810
CF6FWA
PRELIMINARY LOCAL CLIMATOLOGICAL DATA (WS FORM: F-6)
STATION: FORT WAYNE
MONTH: APRIL
YEAR: 2022
LATITUDE: 41 0 N
LONGITUDE: 85 12 W
TEMPERATURE IN F: :PCPN: SNOW: WIND :SUNSHINE: SKY :PK WND
================================================================================
1 2 3 4 5 6A 6B 7 8 9 10 11 12 13 14 15 16 17 18
12Z AVG MX 2MIN
DY MAX MIN AVG DEP HDD CDD WTR SNW DPTH SPD SPD DIR MIN PSBL S-S WX SPD DR
================================================================================
1 40 29 35 -9 30 0 0.03 0.3 T 8.6 20 320 M M 8 1 26 280
2 50 25 38 -7 27 0 0.08 0.0 0 9.4 29 260 M M 8 1 44 230
3 51 35 43 -2 22 0 0.00 0.0 0 8.7 20 320 M M 8 29 320
4 59 36 48 2 17 0 0.13 0.0 0 9.9 22 220 M M 8 1 27 220
5 61 30 46 0 19 0 0.07 0.0 0 7.3 17 160 M M 8 1 22 160
6 54 43 49 3 16 0 0.33 0.0 0 11.1 25 270 M M 8 1 36 270
7 48 37 43 -4 22 0 T 0.0 0 15.0 29 240 M M 8 36 250
8 47 36 42 -5 23 0 0.06 0.0 0 12.1 23 270 M M 9 1 29 270
9 40 33 37 -11 28 0 0.07 0.4 T 8.6 18 290 M M 10 1 27 300
10 60 30 45 -3 20 0 0.00 0.0 0 9.6 21 130 M M 5 29 130
11 65 47 56 8 9 0 0.02 0.0 0 8.0 20 260 M M 9 3 25 240
12 70 36 53 4 12 0 0.00 0.0 0 8.8 18 150 M M 8 12 26 160
13 67 61 64 15 1 0 0.50 0.0 0 15.5 32 210 M M 8 1 45 210
14 61 37 49 -1 16 0 0.07 0.0 0 19.6 40 240 M M 5 1 55 240
15 67 39 53 3 12 0 T 0.0 0 14.7 37 230 M M 7 48 230
16 54 34 44 -6 21 0 T 0.0 0 12.2 24 290 M M 5 35 280
17 48 27 38 -13 27 0 0.00 0.0 0 9.8 24 80 M M 4 31 70
18 40 33 37 -14 28 0 0.12 0.6 0 12.4 25 280 M M 10 1 33 260
19 47 33 40 -12 25 0 T T 0 12.6 21 290 M M 7 1 35 280
20 56 30 43 -9 22 0 0.02 0.0 0 11.4 25 130 M M 8 34 140
21 67 48 58 6 7 0 0.07 0.0 0 13.9 31 210 M M 6 1 42 210
22 63 40 52 -1 13 0 T 0.0 0 10.7 20 110 M M 8 26 110
23 84 44 64 11 1 0 0.00 0.0 0 13.1 25 230 M M 6 35 230
24 82 63 73 19 0 8 0.03 0.0 0 16.7 37 240 M M 8 54 240
25 66 44 55 1 10 0 0.29 0.0 0 10.6 23 290 M M 10 1 32 290
26 49 36 43 -11 22 0 0.00 0.0 0 10.4 20 270 M M 7 27 270
27 52 31 42 -13 23 0 0.00 0.0 0 9.1 18 280 M M 5 27 290
28 53 37 45 -10 20 0 T 0.0 0 12.1 18 100 M M 10 24 100
29 65 42 54 -1 11 0 T 0.0 0 13.3 21 80 M M 10 30 110
30 65 45 55 -1 10 0 0.65 0.0 0 13.8 25 100 M M 10 13 34 150
================================================================================
SM 1731 1141 514 8 2.54 1.3 349.0 M 231
================================================================================
AV 57.7 38.0 11.6 FASTST M M 8 MAX(MPH)
MISC ----> 40 240 55 240
================================================================================
NOTES:
# LAST OF SEVERAL OCCURRENCES
COLUMN 17 PEAK WIND IN M.P.H.
PRELIMINARY LOCAL CLIMATOLOGICAL DATA (WS FORM: F-6) , PAGE 2
STATION: FORT WAYNE
MONTH: APRIL
YEAR: 2022
LATITUDE: 41 0 N
LONGITUDE: 85 12 W
[TEMPERATURE DATA] [PRECIPITATION DATA] SYMBOLS USED IN COLUMN 16
AVERAGE MONTHLY: 47.9 TOTAL FOR MONTH: 2.54 1 = FOG OR MIST
DPTR FM NORMAL: -2.3 DPTR FM NORMAL: -1.20 2 = FOG REDUCING VISIBILITY
HIGHEST: 84 ON 23 GRTST 24HR 0.65 ON 30-30 TO 1/4 MILE OR LESS
LOWEST: 25 ON 2 3 = THUNDER
SNOW, ICE PELLETS, HAIL 4 = ICE PELLETS
TOTAL MONTH: 1.3 INCHES 5 = HAIL
GRTST 24HR 0.6 ON 18-18 6 = FREEZING RAIN OR DRIZZLE
GRTST DEPTH: T 7 = DUSTSTORM OR SANDSTORM:
VSBY 1/2 MILE OR LESS
8 = SMOKE OR HAZE
[NO. OF DAYS WITH] [WEATHER - DAYS WITH] 9 = BLOWING SNOW
X = TORNADO
MAX 32 OR BELOW: 0 0.01 INCH OR MORE: 16
MAX 90 OR ABOVE: 0 0.10 INCH OR MORE: 6
MIN 32 OR BELOW: 7 0.50 INCH OR MORE: 2
MIN 0 OR BELOW: 0 1.00 INCH OR MORE: 0
[HDD (BASE 65) ]
TOTAL THIS MO. 514 CLEAR (SCALE 0-3) 0
DPTR FM NORMAL 62 PTCLDY (SCALE 4-7) 14
TOTAL FM JUL 1 5472 CLOUDY (SCALE 8-10) 16
DPTR FM NORMAL -295
[CDD (BASE 65) ]
TOTAL THIS MO. 8
DPTR FM NORMAL 1 [PRESSURE DATA]
TOTAL FM JAN 1 8 HIGHEST SLP 30.49 ON 22
DPTR FM NORMAL 0 LOWEST SLP 29.50 ON 13
[REMARKS]
#FINAL-04-22#