278
CXUS53 KIWX 010800
CF6FWA
PRELIMINARY LOCAL CLIMATOLOGICAL DATA (WS FORM: F-6)
STATION: FORT WAYNE
MONTH: JULY
YEAR: 2020
LATITUDE: 41 0 N
LONGITUDE: 85 12 W
TEMPERATURE IN F: :PCPN: SNOW: WIND :SUNSHINE: SKY :PK WND
================================================================================
1 2 3 4 5 6A 6B 7 8 9 10 11 12 13 14 15 16 17 18
12Z AVG MX 2MIN
DY MAX MIN AVG DEP HDD CDD WTR SNW DPTH SPD SPD DIR MIN PSBL S-S WX SPD DR
================================================================================
1 89 66 78 4 0 13 0.00 0.0 0 8.7 15 70 M M 2 19 100
2 92 62 77 3 0 12 0.00 0.0 0 2.5 15 110 M M 3 19 70
3 94 67 81 7 0 16 0.00 0.0 0 5.8 15 360 M M 4 21 320
4 93 69 81 7 0 16 T 0.0 0 4.6 16 150 M M 6 38 21 140
5 92 68 80 6 0 15 0.00 0.0 0 3.0 10 130 M M 3 18 17 130
6 95 68 82 8 0 17 0.00 0.0 0 3.8 10 260 M M 3 3 14 330
7 95 70 83 9 0 18 0.10 0.0 0 3.9 23 160 M M 4 138 30 160
8 94 70 82 8 0 17 0.36 0.0 0 5.1 45 340 M M 5 13 67 340
9 93 68 81 7 0 16 0.00 0.0 0 5.0 14 220 M M 3 1 18 230
10 83 70 77 3 0 12 0.20 0.0 0 11.2 24 280 M M 6 1 35 280
11 87 67 77 3 0 12 0.01 0.0 0 9.0 21 290 M M 4 30 290
12 81 64 73 -1 0 8 0.01 0.0 0 3.9 17 180 M M 6 3 21 180
13 84 60 72 -2 0 7 0.00 0.0 0 6.0 14 360 M M 3 20 350
14 86 56 71 -3 0 6 0.00 0.0 0 3.6 10 190 M M 5 1 14 160
15 90 63 77 3 0 12 0.00 0.0 0 6.9 17 170 M M 7 8 22 160
16 82 67 75 1 0 10 0.47 0.0 0 8.4 15 220 M M 9 1 20 230
17 88 62 75 1 0 10 0.00 0.0 0 2.9 12 220 M M 3 12 16 190
18 91 64 78 4 0 13 0.00 0.0 0 8.1 18 210 M M 5 26 210
19 87 72 80 6 0 15 0.39 0.0 0 12.6 43 280 M M 8 123 64 320
20 84 69 77 3 0 12 0.00 0.0 0 6.8 14 220 M M 8 17 220
21 88 67 78 4 0 13 0.92 0.0 0 4.6 28 220 M M 8 13 39 220
22 83 70 77 4 0 12 0.55 0.0 0 8.0 17 210 M M 8 1 22 230
23 86 70 78 5 0 13 0.00 0.0 0 7.3 13 280 M M 5 1 17 270
24 85 68 77 4 0 12 0.00 0.0 0 4.9 10 60 M M 6 1 13 60
25 87 64 76 3 0 11 0.00 0.0 0 4.1 9 200 M M 4 13 150
26 91 64 78 5 0 13 0.00 0.0 0 7.1 15 220 M M 5 1 20 170
27 88 70 79 6 0 14 2.24 0.0 0 8.7 23 260 M M 6 138 32 250
28 83 62 73 0 0 8 0.00 0.0 0 7.9 20 250 M M 3 26 250
29 86 64 75 2 0 10 0.00 0.0 0 8.4 16 220 M M 6 22 250
30 79 68 74 1 0 9 T 0.0 0 6.1 13 100 M M 9 16 100
31 81 64 73 0 0 8 0.00 0.0 0 7.6 14 60 M M 7 19 40
================================================================================
SM 2717 2053 0 380 5.25 0.0 196.5 M 164
================================================================================
AV 87.7 66.2 6.3 FASTST M M 5 MAX(MPH)
MISC ----> # 45 340 # 67 340
================================================================================
NOTES:
# LAST OF SEVERAL OCCURRENCES
COLUMN 17 PEAK WIND IN M.P.H.
PRELIMINARY LOCAL CLIMATOLOGICAL DATA (WS FORM: F-6) , PAGE 2
STATION: FORT WAYNE
MONTH: JULY
YEAR: 2020
LATITUDE: 41 0 N
LONGITUDE: 85 12 W
[TEMPERATURE DATA] [PRECIPITATION DATA] SYMBOLS USED IN COLUMN 16
AVERAGE MONTHLY: 76.9 TOTAL FOR MONTH: 5.25 1 = FOG OR MIST
DPTR FM NORMAL: 3.3 DPTR FM NORMAL: 1.01 2 = FOG REDUCING VISIBILITY
HIGHEST: 95 ON 7, 6 GRTST 24HR 2.24 ON 27-27 TO 1/4 MILE OR LESS
LOWEST: 56 ON 14 3 = THUNDER
SNOW, ICE PELLETS, HAIL 4 = ICE PELLETS
TOTAL MONTH: 0.0 INCH 5 = HAIL
GRTST 24HR 0.0 6 = FREEZING RAIN OR DRIZZLE
GRTST DEPTH: 0 7 = DUSTSTORM OR SANDSTORM:
VSBY 1/2 MILE OR LESS
8 = SMOKE OR HAZE
[NO. OF DAYS WITH] [WEATHER - DAYS WITH] 9 = BLOWING SNOW
X = TORNADO
MAX 32 OR BELOW: 0 0.01 INCH OR MORE: 10
MAX 90 OR ABOVE: 11 0.10 INCH OR MORE: 8
MIN 32 OR BELOW: 0 0.50 INCH OR MORE: 3
MIN 0 OR BELOW: 0 1.00 INCH OR MORE: 1
[HDD (BASE 65) ]
TOTAL THIS MO. 0 CLEAR (SCALE 0-3) 5
DPTR FM NORMAL -3 PTCLDY (SCALE 4-7) 24
TOTAL FM JUL 1 0 CLOUDY (SCALE 8-10) 2
DPTR FM NORMAL -3
[CDD (BASE 65) ]
TOTAL THIS MO. 380
DPTR FM NORMAL 113 [PRESSURE DATA]
TOTAL FM JAN 1 670 HIGHEST SLP 30.19 ON 17
DPTR FM NORMAL 164 LOWEST SLP 29.74 ON 10
[REMARKS]
#FINAL-07-20#