238
CXUS54 KOUN 010700
CF6GAG
PRELIMINARY LOCAL CLIMATOLOGICAL DATA (WS FORM: F-6)
STATION: GAGE
MONTH: JUNE
YEAR: 2020
LATITUDE: 36 17 N
LONGITUDE: 99 46 W
TEMPERATURE IN F: :PCPN: SNOW: WIND :SUNSHINE: SKY :PK WND
================================================================================
1 2 3 4 5 6A 6B 7 8 9 10 11 12 13 14 15 16 17 18
12Z AVG MX 2MIN
DY MAX MIN AVG DEP HDD CDD WTR SNW DPTH SPD SPD DIR MIN PSBL S-S WX SPD DR
================================================================================
1 89 62 76 5 0 11 0.00 0.0 0 16.2 24 180 M M 0 34 200
2 93 66 80 9 0 15 0.00 0.0 0 15.2 22 190 M M 0 30 210
3 99 69 84 12 0 19 0.00 0.0 0 7.6 21 190 M M 0 8 25 180
4 101 65 83 11 0 18 0.39 0.0 0 10.4 40 330 M M 0 13 53 330
5 96 68 82 10 0 17 0.01 0.0 0 10.6 23 180 M M 0 29 180
6 97 70 84 12 0 19 0.00 0.0 0 16.2 26 160 M M 0 36 160
7 93 71 82 9 0 17 0.00 0.0 0 18.7 30 160 M M 0 37 150
8 96 71 84 11 0 19 0.00 0.0 0 18.0 28 180 M M 0 33 160
9 79 55 67 -6 0 2 0.00 0.0 0 28.6 46 330 M M 6 8 63 300
10 85 50 68 -6 0 3 0.00 0.0 0 11.5 21 320 M M 0 27 320
11 94 53 74 0 0 9 0.00 0.0 0 16.8 33 180 M M 1 8 42 180
12 94 66 80 6 0 15 T 0.0 0 16.9 30 190 M M 0 3 35 180
13 97 69 83 9 0 18 0.00 0.0 0 18.1 28 180 M M 0 44 170
14 94 70 82 7 0 17 0.00 0.0 0 19.2 30 200 M M 0 36 170
15 94 64 79 4 0 14 0.00 0.0 0 15.5 26 190 M M 0 8 32 210
16 93 71 82 7 0 17 0.00 0.0 0 19.7 28 170 M M 1 35 160
17 96 72 84 8 0 19 0.00 0.0 0 23.0 35 170 M M 1 8 44 170
18 96 73 85 9 0 20 0.00 0.0 0 16.4 26 180 M M 0 8 36 160
19 80 64 72 -4 0 7 1.50 0.0 0 10.7 28 120 M M 6 13 36 120
20 89 64 77 1 0 12 T 0.0 0 7.4 23 50 M M 4 30 40
21 90 62 76 -1 0 11 0.48 0.0 0 16.7 43 360 M M 0 138 54 10
22 92 61 77 0 0 12 0.32 0.0 0 6.7 17 40 M M 3 13 22 40
23 87 63 75 -2 0 10 0.00 0.0 0 6.7 15 60 M M 0 19 30
24 91 67 79 1 0 14 0.00 0.0 0 14.3 23 190 M M 3 3 30 180
25 94 68 81 3 0 16 0.00 0.0 0 17.5 25 180 M M 0 31 160
26 96 71 84 6 0 19 0.00 0.0 0 15.6 24 180 M M 0 30 190
27 96 71 84 6 0 19 0.00 0.0 0 17.4 28 170 M M 0 37 170
28 94 74 84 6 0 19 0.00 0.0 0 23.4 32 180 M M 0 8 40 190
29 101 74 88 10 0 23 0.00 0.0 0 24.9 32 180 M M 0 42 180
30 105 74 90 11 0 25 0.00 0.0 0 17.4 28 180 M M 0 36 180
================================================================================
SM 2801 1998 0 456 2.70 0.0 477.3 M 25
================================================================================
AV 93.4 66.6 15.9 FASTST M M 1 MAX(MPH)
MISC ----> # 46 330 # 63 300
================================================================================
NOTES:
# LAST OF SEVERAL OCCURRENCES
COLUMN 17 PEAK WIND IN M.P.H.
PRELIMINARY LOCAL CLIMATOLOGICAL DATA (WS FORM: F-6) , PAGE 2
STATION: GAGE
MONTH: JUNE
YEAR: 2020
LATITUDE: 36 17 N
LONGITUDE: 99 46 W
[TEMPERATURE DATA] [PRECIPITATION DATA] SYMBOLS USED IN COLUMN 16
AVERAGE MONTHLY: 80.0 TOTAL FOR MONTH: 2.70 1 = FOG OR MIST
DPTR FM NORMAL: 4.9 DPTR FM NORMAL: -0.80 2 = FOG REDUCING VISIBILITY
HIGHEST: 105 ON 30 GRTST 24HR 1.50 ON 19-19 TO 1/4 MILE OR LESS
LOWEST: 50 ON 10 3 = THUNDER
SNOW, ICE PELLETS, HAIL 4 = ICE PELLETS
TOTAL MONTH: 0.0 INCH 5 = HAIL
GRTST 24HR 0.0 6 = FREEZING RAIN OR DRIZZLE
GRTST DEPTH: 0 7 = DUSTSTORM OR SANDSTORM:
VSBY 1/2 MILE OR LESS
8 = SMOKE OR HAZE
[NO. OF DAYS WITH] [WEATHER - DAYS WITH] 9 = BLOWING SNOW
X = TORNADO
MAX 32 OR BELOW: 0 0.01 INCH OR MORE: 5
MAX 90 OR ABOVE: 24 0.10 INCH OR MORE: 4
MIN 32 OR BELOW: 0 0.50 INCH OR MORE: 1
MIN 0 OR BELOW: 0 1.00 INCH OR MORE: 1
[HDD (BASE 65) ]
TOTAL THIS MO. 0 CLEAR (SCALE 0-3) 27
DPTR FM NORMAL -8 PTCLDY (SCALE 4-7) 3
TOTAL FM JUL 1 3966 CLOUDY (SCALE 8-10) 0
DPTR FM NORMAL -427
[CDD (BASE 65) ]
TOTAL THIS MO. 456
DPTR FM NORMAL 145 [PRESSURE DATA]
TOTAL FM JAN 1 663 HIGHEST SLP M ON M
DPTR FM NORMAL 194 LOWEST SLP 29.45 ON 9
[REMARKS]
#FINAL-06-20#