000
CXUS53 KUNR 011521
CLMGCC
CLIMATE REPORT
NATIONAL WEATHER SERVICE RAPID CITY SD
921 AM MDT THU JUN 01 2023
...................................
...THE GILLETTE AIRPORT WY CLIMATE SUMMARY FOR THE MONTH OF MAY 2023...
CLIMATE NORMAL PERIOD 1991 TO 2020
CLIMATE RECORD PERIOD 9999 TO 9999
WEATHER OBSERVED NORMAL DEPART LAST YEAR`S
VALUE DATE(S) VALUE FROM VALUE DATE(S)
NORMAL
................................................................
TEMPERATURE (F)
HIGHEST 84 05/22 84 05/27
LOWEST 30 05/08 25 05/21
05/22
AVG. MAXIMUM 71.7 65.1 6.6 62.7
AVG. MINIMUM 44.1 39.1 5.0 38.9
MEAN 57.9 52.1 5.8 50.8
DAYS MAX >= 90 0 0
DAYS MAX <= 32 0 0
DAYS MIN <= 32 2 5
DAYS MIN <= 0 0 0
PRECIPITATION (INCHES)
TOTALS 3.29 2.63 0.66 3.70
DAILY AVG. 0.11 0.08 0.03 0.12
DAYS >= .01 13 15
DAYS >= .10 10 5
DAYS >= .50 1 2
DAYS >= 1.00 0 1
GREATEST
24 HR. TOTAL 0.72 05/10 TO 05/11 1.57
DEGREE DAYS
HEATING TOTAL 217 407 -190 435
SINCE 7/1 7540 7358 182 MM
COOLING TOTAL 7 7 0 3
SINCE 1/1 7 7 0 MM
................................................................
WIND (MPH)
AVERAGE WIND SPEED 9.4
HIGHEST WIND SPEED/DIRECTION 40/200 DATE 05/23
HIGHEST GUST SPEED/DIRECTION 53/200 DATE 05/23
AVERAGE RH (PERCENT) 63
WEATHER CONDITIONS. NUMBER OF DAYS WITH
THUNDERSTORM 11 MIXED PRECIP 0
HEAVY RAIN 5 RAIN 5
LIGHT RAIN 15 FREEZING RAIN 0
LT FREEZING RAIN 0 HAIL 0
HEAVY SNOW 0 SNOW 0
LIGHT SNOW 0 SLEET 0
FOG 15 FOG W/VIS <= 1/4 MILE 0
HAZE 10
- INDICATES NEGATIVE NUMBERS.
R INDICATES RECORD WAS SET OR TIED.
MM INDICATES DATA IS MISSING.
T INDICATES TRACE AMOUNT.
$$