000
CXUS53 KDDC 011609
CF6GCK
PRELIMINARY LOCAL CLIMATOLOGICAL DATA (WS FORM: F-6)
STATION: GARDEN CITY REGIONAL ARPT KS
MONTH: JANUARY
YEAR: 2022
LATITUDE: 37 55 N
LONGITUDE: 100 43 W
TEMPERATURE IN F: :PCPN: SNOW: WIND :SUNSHINE: SKY :PK WND
================================================================================
1 2 3 4 5 6A 6B 7 8 9 10 11 12 13 14 15 16 17 18
12Z AVG MX 2MIN
DY MAX MIN AVG DEP HDD CDD WTR SNW DPTH SPD SPD DIR MIN PSBL S-S WX SPD DR
================================================================================
1 46 4 25 -5 40 0 0.01 M M 21.8 32 10 M M 10 18 40 10
2 27 -7 10 -20 55 0 0.00 M M 10.1 18 260 M M 0 23 270
3 50 6 28 -2 37 0 0.00 M M 9.3 22 180 M M 0 29 180
4 58 19 39 8 26 0 0.00 M M 10.8 22 20 M M 0 29 290
5 38 6 22 -9 43 0 T M M 12.8 31 60 M M 1 1 39 60
6 18 2 10 -21 55 0 T M M 11.9 28 10 M M 5 18 34 10
7 31 4 18 -13 47 0 0.00 M M 14.5 25 190 M M 0 31 190
8 45 12 29 -2 36 0 0.00 M M 13.5 32 30 M M 0 41 20
9 38 3 21 -10 44 0 0.00 M M 10.4 29 30 M M 2 39 20
10 55 18 37 6 28 0 0.00 M M 8.7 14 190 M M 0 21 210
11 60 18 39 8 26 0 0.00 M M 8.3 14 10 M M 0 18 210
12 57 20 39 8 26 0 0.00 M M 10.2 21 350 M M 0 27 340
13 63 27 45 14 20 0 0.00 M M 8.0 15 340 M M 0 19 280
14 54 23 39 8 26 0 0.00 M M 22.4 52 360 M M 2 65 360
15 35 15 25 -6 40 0 0.00 M M 19.6 40 360 M M 0 52 360
16 59 13 36 5 29 0 0.00 M M 10.9 20 350 M M 0 24 330
17 64 18 41 10 24 0 0.00 M M 8.6 23 240 M M 0 30 240
18 65 25 45 14 20 0 0.00 M M 7.5 22 30 M M 0 28 30
19 42 14 28 -3 37 0 T M M 20.7 35 30 M M 7 18 45 30
20 23 7 15 -16 50 0 0.00 M M 8.3 15 30 M M 5 19 30
21 38 6 22 -10 43 0 0.00 M M 10.0 21 180 M M 2 26 200
22 49 15 32 0 33 0 0.00 M M 7.4 14 190 M M 2 20 180
23 57 23 40 8 25 0 0.00 M M 10.1 17 340 M M 0 28 320
24 55 22 39 7 26 0 0.00 M M 12.3 29 20 M M 0 36 20
25 33 16 25 -7 40 0 0.03 M M 10.5 17 70 M M 10 128 23 80
26 31 6 19 -13 46 0 T M M 10.7 24 190 M M 6 128 29 190
27 34 4 19 -13 46 0 0.00 M M 12.6 21 330 M M 4 128 26 330
28 41 14 28 -4 37 0 0.00 M M 11.7 20 320 M M 0 25 320
29 50 19 35 3 30 0 0.00 M M 10.7 18 320 M M 0 26 310
30 59 16 38 6 27 0 0.00 M M 7.9 14 220 M M 0 20 230
31 68 15 42 10 23 0 0.00 M M 9.6 23 190 M M 0 29 190
================================================================================
SM 1443 403 1085 0 0.04 M 361.8 M 56
================================================================================
AV 46.5 13.0 11.7 FASTST M M 2 MAX(MPH)
MISC ----> 52 360 65 360
================================================================================
NOTES:
# LAST OF SEVERAL OCCURRENCES
COLUMN 17 PEAK WIND IN M.P.H.
PRELIMINARY LOCAL CLIMATOLOGICAL DATA (WS FORM: F-6) , PAGE 2
STATION: GARDEN CITY REGIONAL ARPT KS
MONTH: JANUARY
YEAR: 2022
LATITUDE: 37 55 N
LONGITUDE: 100 43 W
[TEMPERATURE DATA] [PRECIPITATION DATA] SYMBOLS USED IN COLUMN 16
AVERAGE MONTHLY: 29.8 TOTAL FOR MONTH: 0.04 1 = FOG OR MIST
DPTR FM NORMAL: -1.4 DPTR FM NORMAL: -0.26 2 = FOG REDUCING VISIBILITY
HIGHEST: 68 ON 31 GRTST 24HR 0.03 ON 25-26 TO 1/4 MILE OR LESS
LOWEST: -7 ON 2 3 = THUNDER
4 = ICE PELLETS
5 = HAIL
6 = FREEZING RAIN OR DRIZZLE
7 = DUSTSTORM OR SANDSTORM:
VSBY 1/2 MILE OR LESS
8 = SMOKE OR HAZE
[NO. OF DAYS WITH] [WEATHER - DAYS WITH] 9 = BLOWING SNOW
X = TORNADO
MAX 32 OR BELOW: 5 0.01 INCH OR MORE: 2
MAX 90 OR ABOVE: 0 0.10 INCH OR MORE: 0
MIN 32 OR BELOW: 31 0.50 INCH OR MORE: 0
MIN 0 OR BELOW: 1 1.00 INCH OR MORE: 0
[HDD (BASE 65) ]
TOTAL THIS MO. 1085 CLEAR (SCALE 0-3) 24
DPTR FM NORMAL 37 PTCLDY (SCALE 4-7) 5
TOTAL FM JUL 1 2681 CLOUDY (SCALE 8-10) 2
DPTR FM NORMAL -462
[CDD (BASE 65) ]
TOTAL THIS MO. 0
DPTR FM NORMAL 0 [PRESSURE DATA]
TOTAL FM JAN 1 0 HIGHEST SLP 30.72 ON 20
DPTR FM NORMAL 0 LOWEST SLP 29.63 ON 31
[REMARKS]
#FINAL-01-22#