000
CXUS54 KFWD 010731
CF6GDJ
PRELIMINARY LOCAL CLIMATOLOGICAL DATA (WS FORM: F-6)
STATION: GRANBURY
MONTH: APRIL
YEAR: 2021
LATITUDE: 32 26 N
LONGITUDE: 97 48 W
TEMPERATURE IN F: :PCPN: SNOW: WIND :SUNSHINE: SKY :PK WND
================================================================================
1 2 3 4 5 6A 6B 7 8 9 10 11 12 13 14 15 16 17 18
12Z AVG MX 2MIN
DY MAX MIN AVG DEP HDD CDD WTR SNW DPTH SPD SPD DIR MIN PSBL S-S WX SPD DR
================================================================================
1 69 34 52 -8 13 0 0.00 M M 3.2 8 40 M M 0 M M
2 71 36 54 -6 11 0 0.00 M M 8.6 18 160 M M 4 23 140
3 69 55 62 2 3 0 0.00 M M 10.5 17 180 M M 8 21 160
4 74 59 67 6 0 2 0.00 M M 8.3 12 200 M M 9 20 160
5 79 56 68 7 0 3 0.00 M M 9.9 17 140 M M 2 23 160
6 85 66 76 15 0 11 0.00 M M 16.8 26 170 M M 6 36 170
7 78 49 64 2 1 0 0.00 M M 12.1 21 330 M M 4 29 170
8 85 46 66 4 0 1 0.00 M M 6.4 13 130 M M 1 18 140
9 95 63 79 17 0 14 0.00 M M 11.1 21 330 M M 2 1 41 330
10 74 49 62 0 3 0 0.00 M M 9.2 16 320 M M 0 22 320
11 88 44 66 3 0 1 0.00 M M 6.5 17 160 M M 0 26 160
12 85 60 73 10 0 8 0.00 0.0 M 6.8 14 340 M M 3 3 20 340
13 78 55 67 4 0 2 0.19 M M 8.2 20 350 M M 8 24 350
14 75 58 67 3 0 2 0.00 M M 8.3 10 30 M M 9 17 360
15 63 56 60 -4 5 0 2.24 M M 8.6 14 80 M M 10 38 22 80
16 64 53 59 -5 6 0 0.50 M M 9.2 15 340 M M 10 1 26 320
17 60 47 54 -11 11 0 0.00 M M 11.0 17 320 M M 5 24 350
18 69 41 55 -10 10 0 0.00 M M 6.5 12 310 M M 0 22 360
19 74 40 57 -8 8 0 0.00 M M 2.8 9 150 M M 0 M M
20 61 43 52 -14 13 0 0.00 M M 10.0 20 350 M M 0 28 330
21 60 34 47 -19 18 0 0.00 M M 3.6 7 120 M M 6 M M
22 63 53 58 -8 7 0 M M M 8.0 13 130 M M 10 22 130
23 73 60 67 1 0 2 0.09 M M 8.7 18 130 M M 9 13 24 130
24 75 52 64 -3 1 0 M M M 7.3 16 320 M M 5 12 23 320
25 86 50 68 1 0 3 0.00 M M 8.5 15 150 M M 0 18 21 180
26 84 66 75 8 0 10 0.00 M M 13.5 21 170 M M 2 28 170
27 76 71 74 6 0 9 M M M 12.8 22 140 M M 9 29 140
28 85 71 78 10 0 13 0.17 M M 8.2 14 170 M M 9 3 23 170
29 72 65 69 1 0 4 0.51 M M 8.3 14 350 M M 9 20 350
30 67 60 64 -4 1 0 1.92 M M 7.2 14 350 M M 10 1 20 350
================================================================================
SM 2237 1592 111 85 5.62 0.0 259.8 M 150
================================================================================
AV 74.6 53.1 8.7 FASTST M M 5 MAX(MPH)
MISC ----> 26 170 41 330
================================================================================
NOTES:
# LAST OF SEVERAL OCCURRENCES
COLUMN 17 PEAK WIND IN M.P.H.
PRELIMINARY LOCAL CLIMATOLOGICAL DATA (WS FORM: F-6) , PAGE 2
STATION: GRANBURY
MONTH: APRIL
YEAR: 2021
LATITUDE: 32 26 N
LONGITUDE: 97 48 W
[TEMPERATURE DATA] [PRECIPITATION DATA] SYMBOLS USED IN COLUMN 16
AVERAGE MONTHLY: 63.8 TOTAL FOR MONTH: 5.62 1 = FOG OR MIST
DPTR FM NORMAL: -0.4 DPTR FM NORMAL: M 2 = FOG REDUCING VISIBILITY
HIGHEST: 95 ON 9 GRTST 24HR 2.24 ON 15-15 TO 1/4 MILE OR LESS
LOWEST: 34 ON 21, 1 3 = THUNDER
SNOW, ICE PELLETS, HAIL 4 = ICE PELLETS
TOTAL MONTH: 0.0 INCH 5 = HAIL
GRTST 24HR 0.0 6 = FREEZING RAIN OR DRIZZLE
GRTST DEPTH: M ON M 7 = DUSTSTORM OR SANDSTORM:
VSBY 1/2 MILE OR LESS
8 = SMOKE OR HAZE
[NO. OF DAYS WITH] [WEATHER - DAYS WITH] 9 = BLOWING SNOW
X = TORNADO
MAX 32 OR BELOW: 0 0.01 INCH OR MORE: 7
MAX 90 OR ABOVE: 1 0.10 INCH OR MORE: 6
MIN 32 OR BELOW: 0 0.50 INCH OR MORE: 4
MIN 0 OR BELOW: 0 1.00 INCH OR MORE: 2
[HDD (BASE 65) ]
TOTAL THIS MO. 111 CLEAR (SCALE 0-3) 12
DPTR FM NORMAL 5 PTCLDY (SCALE 4-7) 7
TOTAL FM JUL 1 2214 CLOUDY (SCALE 8-10) 11
DPTR FM NORMAL -440
[CDD (BASE 65) ]
TOTAL THIS MO. 85
DPTR FM NORMAL 4 [PRESSURE DATA]
TOTAL FM JAN 1 126 HIGHEST SLP M ON M
DPTR FM NORMAL 24 LOWEST SLP M ON M
[REMARKS]
#FINAL-04-21#