000
CXUS51 KPHI 010815
CF6GED
PRELIMINARY LOCAL CLIMATOLOGICAL DATA (WS FORM: F-6)
STATION: GEORGETOWN DE
MONTH: AUGUST
YEAR: 2022
LATITUDE: 38 41 N
LONGITUDE: 75 22 W
TEMPERATURE IN F: :PCPN: SNOW: WIND :SUNSHINE: SKY :PK WND
================================================================================
1 2 3 4 5 6A 6B 7 8 9 10 11 12 13 14 15 16 17 18
12Z AVG MX 2MIN
DY MAX MIN AVG DEP HDD CDD WTR SNW DPTH SPD SPD DIR MIN PSBL S-S WX SPD DR
================================================================================
1 87 74 81 3 0 16 T M M 5.9 14 260 M M 6 17 250
2 93 72 83 5 0 18 0.03 M M 4.5 20 290 M M 3 1 26 290
3 94 70 82 4 0 17 0.00 M M 4.6 14 120 M M 1 16 130
4 97 72 85 7 0 20 0.47 M M 5.9 29 270 M M 1 13 43 280
5 91 72 82 4 0 17 0.84 M M 4.2 36 150 M M 3 13 44 140
6 89 72 81 3 0 16 T M M 7.2 21 210 M M 1 3 24 220
7 92 75 84 6 0 19 0.00 M M 9.1 18 230 M M 1 22 240
8 93 76 85 7 0 20 0.00 M M 9.5 17 220 M M 1 23 230
9 96 79 88 10 0 23 0.00 M M 7.4 16 230 M M 0 21 230
10 94 75 85 7 0 20 0.37 M M 4.8 17 270 M M 3 13 22 290
11 87 71 79 2 0 14 0.02 M M 4.0 12 310 M M 5 17 300
12 84 65 75 -2 0 10 0.19 M M 2.9 13 30 M M 3 17 30
13 83 63 73 -4 0 8 0.00 M M 5.6 16 50 M M 0 25 350
14 84 62 73 -4 0 8 0.00 M M 3.8 14 130 M M 1 17 110
15 82 66 74 -3 0 9 T M M 5.9 17 80 M M 3 22 70
16 81 62 72 -5 0 7 0.00 M M 7.8 21 60 M M 2 26 50
17 82 63 73 -4 0 8 T M M 5.6 16 60 M M 1 1 19 30
18 87 62 75 -2 0 10 0.00 M M 4.5 13 220 M M 1 17 250
19 89 65 77 1 0 12 T M M 5.1 16 170 M M 1 1 20 160
20 90 67 79 3 0 14 0.00 M M 3.9 15 100 M M 0 1 19 110
21 85 66 76 0 0 11 0.04 M M 4.8 14 140 M M 6 12 18 130
22 86 73 80 4 0 15 0.04 M M 5.3 15 140 M M 6 13 20 140
23 88 69 79 3 0 14 0.00 M M 4.2 10 260 M M 1 1 18 270
24 90 67 79 3 0 14 0.00 M M 3.3 13 260 M M 0 1 19 250
25 92 67 80 4 0 15 0.00 M M 4.3 14 150 M M 1 1 22 140
26 94 71 83 8 0 18 0.00 M M 7.9 20 230 M M 0 24 220
27 92 70 81 6 0 16 T M M 3.9 18 190 M M 1 13 23 200
28 91 70 81 6 0 16 0.00 M M 4.8 17 110 M M 5 12 20 120
29 92 71 82 7 0 17 T M M 5.5 16 140 M M 4 12 21 130
30 95 72 84 9 0 19 0.09 M M 6.1 24 210 M M 4 123 29 220
31 87 64 76 2 0 11 T M M 5.9 16 290 M M 0 24 290
================================================================================
SM 2767 2143 0 452 2.09 M 168.2 M 65
================================================================================
AV 89.3 69.1 5.4 FASTST M M 2 MAX(MPH)
MISC ----> 36 150 44 140
================================================================================
NOTES:
# LAST OF SEVERAL OCCURRENCES
COLUMN 17 PEAK WIND IN M.P.H.
PRELIMINARY LOCAL CLIMATOLOGICAL DATA (WS FORM: F-6) , PAGE 2
STATION: GEORGETOWN DE
MONTH: AUGUST
YEAR: 2022
LATITUDE: 38 41 N
LONGITUDE: 75 22 W
[TEMPERATURE DATA] [PRECIPITATION DATA] SYMBOLS USED IN COLUMN 16
AVERAGE MONTHLY: 79.2 TOTAL FOR MONTH: 2.09 1 = FOG OR MIST
DPTR FM NORMAL: 2.5 DPTR FM NORMAL: -1.90 2 = FOG REDUCING VISIBILITY
HIGHEST: 97 ON 4 GRTST 24HR 1.31 ON 4- 5 TO 1/4 MILE OR LESS
LOWEST: 62 ON 18,16 3 = THUNDER
SNOW, ICE PELLETS, HAIL 4 = ICE PELLETS
TOTAL MONTH: M 5 = HAIL
GRTST 24HR M ON M 6 = FREEZING RAIN OR DRIZZLE
GRTST DEPTH: M ON M 7 = DUSTSTORM OR SANDSTORM:
VSBY 1/2 MILE OR LESS
8 = SMOKE OR HAZE
[NO. OF DAYS WITH] [WEATHER - DAYS WITH] 9 = BLOWING SNOW
X = TORNADO
MAX 32 OR BELOW: 0 0.01 INCH OR MORE: 9
MAX 90 OR ABOVE: 16 0.10 INCH OR MORE: 4
MIN 32 OR BELOW: 0 0.50 INCH OR MORE: 1
MIN 0 OR BELOW: 0 1.00 INCH OR MORE: 0
[HDD (BASE 65) ]
TOTAL THIS MO. 0 CLEAR (SCALE 0-3) 24
DPTR FM NORMAL 0 PTCLDY (SCALE 4-7) 7
TOTAL FM JUL 1 0 CLOUDY (SCALE 8-10) 0
DPTR FM NORMAL 0
[CDD (BASE 65) ]
TOTAL THIS MO. 452
DPTR FM NORMAL 89 [PRESSURE DATA]
TOTAL FM JAN 1 1326 HIGHEST SLP 30.27 ON 6
DPTR FM NORMAL 156 LOWEST SLP 29.77 ON 30
[REMARKS]
#FINAL-08-22#