000
CXUS51 KPHI 012322
CF6GED
PRELIMINARY LOCAL CLIMATOLOGICAL DATA (WS FORM: F-6)
STATION: GEORGETOWN DE
MONTH: JANUARY
YEAR: 2022
LATITUDE: 38 41 N
LONGITUDE: 75 22 W
TEMPERATURE IN F: :PCPN: SNOW: WIND :SUNSHINE: SKY :PK WND
================================================================================
1 2 3 4 5 6A 6B 7 8 9 10 11 12 13 14 15 16 17 18
12Z AVG MX 2MIN
DY MAX MIN AVG DEP HDD CDD WTR SNW DPTH SPD SPD DIR MIN PSBL S-S WX SPD DR
================================================================================
1 68 51 60 22 5 0 0.42 M M 7.7 24 230 M M 9 18 34 220
2 68 46 57 19 8 0 0.64 M M 7.4 23 30 M M 8 1 32 240
3 46 22 34 -4 31 0 1.20 M M 11.1 25 30 M M 7 12 37 40
4 33 16 25 -13 40 0 0.00 M M 2.7 9 30 M M 1 12 13 350
5 43 17 30 -7 35 0 0.01 M M 4.4 10 190 M M 6 12 14 190
6 46 27 37 0 28 0 T M M 4.8 18 40 M M 2 12 23 40
7 37 24 31 -6 34 0 0.20 M M 11.1 21 280 M M 4 16 31 290
8 34 21 28 -9 37 0 0.00 M M 4.0 14 10 M M 0 18 360
9 47 21 34 -3 31 0 0.33 M M 8.1 22 210 M M 7 1 29 210
10 45 26 36 -1 29 0 0.00 M M 7.0 17 320 M M 2 29 300
11 29 16 23 -14 42 0 T M M 6.3 15 10 M M 2 25 320
12 45 16 31 -6 34 0 0.00 M M 8.7 25 230 M M 0 32 230
13 48 26 37 0 28 0 0.00 M M 3.4 8 60 M M 0 10 10
14 50 28 39 2 26 0 0.00 M M 10.3 21 360 M M 1 29 330
15 28 19 24 -13 41 0 0.00 M M 7.3 16 360 M M 0 24 340
16 53 16 35 -2 30 0 1.31 M M 11.1 33 180 M M 5 1 50 120
17 52 34 43 7 22 0 0.07 M M 14.6 30 220 M M 8 1 40 210
18 40 24 32 -4 33 0 0.00 M M 9.4 22 300 M M 5 34 290
19 53 23 38 2 27 0 T M M 11.8 26 220 M M 1 36 220
20 50 26 38 2 27 0 0.17 M M 6.6 15 360 M M 7 1 23 10
21 26 20 23 -13 42 0 0.02 M M 10.9 17 30 M M 5 1 24 360
22 35 19 27 -9 38 0 0.05 M M 6.8 15 30 M M 4 1 21 30
23 39 19 29 -7 36 0 0.00 M M 3.3 10 220 M M 2 13 210
24 40 25 33 -4 32 0 0.00 M M 5.7 14 200 M M 1 19 200
25 45 31 38 1 27 0 0.00 M M 5.6 12 360 M M 5 17 340
26 33 22 28 -9 37 0 0.00 M M 6.9 17 30 M M 3 24 10
27 38 13 26 -11 39 0 0.00 M M 2.0 8 230 M M 1 13 250
28 41 26 34 -3 31 0 0.23 M M 5.1 15 20 M M 9 1 21 20
29 31 20 26 -11 39 0 0.77 M M 12.0 21 10 M M 7 19 33 300
30 29 8 19 -18 46 0 0.00 M M 3.4 14 280 M M 2 19 290
31 36 13 25 -12 40 0 0.00 M M 7.3 17 50 M M 1 21 40
================================================================================
SM 1308 715 995 0 5.42 M 226.8 M 115
================================================================================
AV 42.2 23.1 7.3 FASTST M M 4 MAX(MPH)
MISC ----> 33 180 50 120
================================================================================
NOTES:
# LAST OF SEVERAL OCCURRENCES
COLUMN 17 PEAK WIND IN M.P.H.
PRELIMINARY LOCAL CLIMATOLOGICAL DATA (WS FORM: F-6) , PAGE 2
STATION: GEORGETOWN DE
MONTH: JANUARY
YEAR: 2022
LATITUDE: 38 41 N
LONGITUDE: 75 22 W
[TEMPERATURE DATA] [PRECIPITATION DATA] SYMBOLS USED IN COLUMN 16
AVERAGE MONTHLY: 32.6 TOTAL FOR MONTH: 5.42 1 = FOG OR MIST
DPTR FM NORMAL: -4.3 DPTR FM NORMAL: 2.41 2 = FOG REDUCING VISIBILITY
HIGHEST: 68 ON 2, 1 GRTST 24HR 1.31 ON 16-16 TO 1/4 MILE OR LESS
LOWEST: 8 ON 30 3 = THUNDER
SNOW, ICE PELLETS, HAIL 4 = ICE PELLETS
TOTAL MONTH: M 5 = HAIL
GRTST 24HR M ON M 6 = FREEZING RAIN OR DRIZZLE
GRTST DEPTH: M ON M 7 = DUSTSTORM OR SANDSTORM:
VSBY 1/2 MILE OR LESS
8 = SMOKE OR HAZE
[NO. OF DAYS WITH] [WEATHER - DAYS WITH] 9 = BLOWING SNOW
X = TORNADO
MAX 32 OR BELOW: 5 0.01 INCH OR MORE: 13
MAX 90 OR ABOVE: 0 0.10 INCH OR MORE: 9
MIN 32 OR BELOW: 28 0.50 INCH OR MORE: 4
MIN 0 OR BELOW: 0 1.00 INCH OR MORE: 2
[HDD (BASE 65) ]
TOTAL THIS MO. 995 CLEAR (SCALE 0-3) 16
DPTR FM NORMAL 124 PTCLDY (SCALE 4-7) 12
TOTAL FM JUL 1 2229 CLOUDY (SCALE 8-10) 3
DPTR FM NORMAL -86
[CDD (BASE 65) ]
TOTAL THIS MO. 0
DPTR FM NORMAL 0 [PRESSURE DATA]
TOTAL FM JAN 1 0 HIGHEST SLP 30.67 ON 8
DPTR FM NORMAL 0 LOWEST SLP 29.15 ON 17
[REMARKS]
#FINAL-01-22#
UPDATED TO ADD MISSING PRECIPITATION FROM A BACKUP STATION.
STAARMANN