000
CXUS56 KOTX 010910
CF6GEG
PRELIMINARY LOCAL CLIMATOLOGICAL DATA (WS FORM: F-6)
STATION: SPOKANE WA AIRPORT
MONTH: JULY
YEAR: 2021
LATITUDE: 47 37 N
LONGITUDE: 117 32 W
TEMPERATURE IN F: :PCPN: SNOW: WIND :SUNSHINE: SKY :PK WND
================================================================================
1 2 3 4 5 6A 6B 7 8 9 10 11 12 13 14 15 16 17 18
12Z AVG MX 2MIN
DY MAX MIN AVG DEP HDD CDD WTR SNW DPTH SPD SPD DIR MIN PSBL S-S WX SPD DR
================================================================================
1 94 73 84 18 0 19 T 0.0 0 9.9 21 220 M M 7 378 28 220
2 92 64 78 11 0 13 0.00 0.0 0 7.8 17 220 M M 2 23 230
3 93 64 79 12 0 14 0.00 0.0 M 8.1 16 230 M M 1 22 230
4 92 63 78 10 0 13 0.00 0.0 0 9.1 21 220 M M 2 25 220
5 91 63 77 9 0 12 0.00 0.0 0 7.9 17 210 M M 3 8 22 230
6 95 65 80 12 0 15 0.00 0.0 0 5.9 16 230 M M 2 21 220
7 92 68 80 11 0 15 T 0.0 0 9.5 30 280 M M 4 3 37 260
8 88 58 73 4 0 8 0.00 0.0 0 7.1 16 220 M M 2 19 230
9 91 62 77 8 0 12 0.00 0.0 0 5.0 12 240 M M 3 15 120
10 96 64 80 10 0 15 0.00 0.0 0 7.5 22 260 M M 4 8 27 240
11 95 63 79 9 0 14 0.00 0.0 0 8.1 15 220 M M 1 20 230
12 96 66 81 11 0 16 0.00 0.0 0 4.3 14 30 M M 1 21 50
13 97 65 81 10 0 16 0.00 0.0 0 4.4 14 280 M M 4 8 20 280
14 97 69 83 12 0 18 0.00 0.0 0 9.3 22 220 M M 3 8 27 220
15 89 64 77 6 0 12 0.00 0.0 0 11.1 21 220 M M 1 26 210
16 85 59 72 0 0 7 0.00 0.0 0 10.8 21 210 M M 2 31 220
17 85 57 71 -1 0 6 0.00 0.0 0 8.0 16 220 M M 2 21 210
18 92 63 78 6 0 13 0.00 0.0 0 5.2 13 210 M M 5 19 260
19 90 66 78 6 0 13 0.00 0.0 0 4.3 14 220 M M 8 8 16 220
20 88 65 77 4 0 12 T 0.0 0 10.6 18 220 M M 5 25 190
21 81 57 69 -4 0 4 0.12 0.0 0 10.8 22 230 M M 5 13 26 210
22 80 50 65 -8 0 0 0.00 0.0 M 9.3 17 240 M M 1 8 23 190
23 84 54 69 -4 0 4 0.00 0.0 0 9.5 20 240 M M 3 8 29 230
24 92 61 77 4 0 12 0.00 0.0 M 6.4 14 250 M M 3 17 240
25 94 63 79 6 0 14 0.00 0.0 0 8.5 21 240 M M 1 25 230
26 92 65 79 6 0 14 0.00 0.0 0 8.2 17 220 M M 5 24 210
27 82 67 75 2 0 10 T 0.0 0 8.1 17 230 M M 8 8 20 230
28 90 67 79 6 0 14 0.00 0.0 0 5.8 15 210 M M 7 23 220
29 96 65 81 7 0 16 0.00 0.0 0 5.6 16 220 M M 3 22 250
30 101 69 85 12 0 20 0.00 0.0 0 5.7 14 10 M M 4 18 30
31 103 73 88 15 0 23 T 0.0 M 9.8 33 210 M M 7 78 43 210
================================================================================
SM 2833 1972 0 394 0.12 0.0 241.6 M 109
================================================================================
AV 91.4 63.6 7.8 FASTST M M 4 MAX(MPH)
MISC ----> 33 210 43 210
================================================================================
NOTES:
# LAST OF SEVERAL OCCURRENCES
COLUMN 17 PEAK WIND IN M.P.H.
PRELIMINARY LOCAL CLIMATOLOGICAL DATA (WS FORM: F-6) , PAGE 2
STATION: SPOKANE WA AIRPORT
MONTH: JULY
YEAR: 2021
LATITUDE: 47 37 N
LONGITUDE: 117 32 W
[TEMPERATURE DATA] [PRECIPITATION DATA] SYMBOLS USED IN COLUMN 16
AVERAGE MONTHLY: 77.5 TOTAL FOR MONTH: 0.12 1 = FOG OR MIST
DPTR FM NORMAL: 6.5 DPTR FM NORMAL: -0.30 2 = FOG REDUCING VISIBILITY
HIGHEST: 103 ON 31 GRTST 24HR 0.12 ON 21-21 TO 1/4 MILE OR LESS
LOWEST: 50 ON 22 3 = THUNDER
SNOW, ICE PELLETS, HAIL 4 = ICE PELLETS
TOTAL MONTH: 0.0 INCH 5 = HAIL
GRTST 24HR 0.0 6 = FREEZING RAIN OR DRIZZLE
GRTST DEPTH: 0 7 = DUSTSTORM OR SANDSTORM:
VSBY 1/2 MILE OR LESS
8 = SMOKE OR HAZE
[NO. OF DAYS WITH] [WEATHER - DAYS WITH] 9 = BLOWING SNOW
X = TORNADO
MAX 32 OR BELOW: 0 0.01 INCH OR MORE: 1
MAX 90 OR ABOVE: 22 0.10 INCH OR MORE: 1
MIN 32 OR BELOW: 0 0.50 INCH OR MORE: 0
MIN 0 OR BELOW: 0 1.00 INCH OR MORE: 0
[HDD (BASE 65) ]
TOTAL THIS MO. 0 CLEAR (SCALE 0-3) 17
DPTR FM NORMAL -26 PTCLDY (SCALE 4-7) 13
TOTAL FM JUL 1 0 CLOUDY (SCALE 8-10) 1
DPTR FM NORMAL -22
[CDD (BASE 65) ]
TOTAL THIS MO. 394
DPTR FM NORMAL 182 [PRESSURE DATA]
TOTAL FM JAN 1 668 HIGHEST SLP M ON M
DPTR FM NORMAL 389 LOWEST SLP 29.69 ON 1
[REMARKS]
#FINAL-07-21#