000
CXUS53 KFGF 021531
CF6GFK
PRELIMINARY LOCAL CLIMATOLOGICAL DATA (WS FORM: F-6)
STATION: GRAND FORKS INTL AP ND
MONTH: APRIL
YEAR: 2020
LATITUDE: 47 57 N
LONGITUDE: 97 11 W
TEMPERATURE IN F: :PCPN: SNOW: WIND :SUNSHINE: SKY :PK WND
================================================================================
1 2 3 4 5 6A 6B 7 8 9 10 11 12 13 14 15 16 17 18
12Z AVG MX 2MIN
DY MAX MIN AVG DEP HDD CDD WTR SNW DPTH SPD SPD DIR MIN PSBL S-S WX SPD DR
================================================================================
1 51 31 41 7 24 0 0.10 0.0 0 13.2 23 140 M M 9 1 30 130
2 31 16 24 -11 41 0 0.47 4.2 0 21.2 30 340 M M 10 12469 38 340
3 19 0 10 -25 55 0 0.01 0.4 5 14.5 25 330 M M 5 189 33 330
4 27 -5 11 -25 54 0 0.00 0.0 5 6.6 16 150 M M 4 18 19 150
5 39 11 25 -11 40 0 0.00 0.0 5 5.8 14 110 M M 6 1 18 90
6 47 35 41 4 24 0 0.00 0.0 5 7.2 17 110 M M 9 1 22 110
7 43 29 36 -2 29 0 T 0.0 3 7.0 17 300 M M 6 12 22 300
8 43 28 36 -2 29 0 T T 0 15.8 33 310 M M 4 45 330
9 39 25 32 -7 33 0 T 0.2 0 13.2 29 330 M M 6 9 37 330
10 47 25 36 -3 29 0 0.00 0.0 0 9.3 18 210 M M 4 26 210
11 40 30 35 -5 30 0 T T 0 14.9 22 360 M M 9 31 360
12 31 20 26 -14 39 0 0.01 T 0 11.3 24 340 M M 8 8 30 340
13 27 11 19 -22 46 0 0.04 1.1 0 12.8 26 360 M M 7 189 34 350
14 26 4 15 -26 50 0 0.01 0.1 1 6.3 16 350 M M 6 21 340
15 36 14 25 -17 40 0 0.00 0.0 0 7.7 18 350 M M 3 23 350
16 41 16 29 -13 36 0 0.00 0.0 0 6.2 17 330 M M 3 22 320
17 52 22 37 -6 28 0 0.00 0.0 0 12.2 24 230 M M 5 33 230
18 56 31 44 0 21 0 T T 0 15.9 31 360 M M 8 42 320
19 50 21 36 -8 29 0 0.00 0.0 0 11.8 24 230 M M 7 33 240
20 44 25 35 -9 30 0 T T 0 13.3 26 10 M M 7 33 20
21 39 22 31 -14 34 0 T T 0 7.9 18 140 M M 6 23 130
22 58 31 45 -1 20 0 T 0.0 0 5.9 17 100 M M 4 22 110
23 65 37 51 5 14 0 0.21 0.0 0 5.9 24 330 M M 7 13 33 350
24 65 33 49 3 16 0 0.00 0.0 0 5.2 21 10 M M 4 1 27 360
25 60 36 48 1 17 0 T 0.0 0 7.3 18 360 M M 9 1 23 360
26 65 34 50 3 15 0 0.05 0.0 0 12.0 38 210 M M 7 49 210
27 68 36 52 4 13 0 0.00 0.0 0 8.3 14 340 M M 6 23 310
28 63 46 55 7 10 0 0.04 0.0 0 7.2 17 340 M M 9 1 24 330
29 63 38 51 2 14 0 0.00 0.0 0 12.5 21 350 M M 5 29 350
30 70 32 51 2 14 0 T 0.0 0 9.5 20 190 M M 4 30 190
================================================================================
SM 1405 734 874 0 0.94 6.0 307.9 M 187
================================================================================
AV 46.8 24.5 10.3 FASTST M M 6 MAX(MPH)
MISC ----> 38 210 49 210
================================================================================
NOTES:
# LAST OF SEVERAL OCCURRENCES
COLUMN 17 PEAK WIND IN M.P.H.
PRELIMINARY LOCAL CLIMATOLOGICAL DATA (WS FORM: F-6) , PAGE 2
STATION: GRAND FORKS INTL AP ND
MONTH: APRIL
YEAR: 2020
LATITUDE: 47 57 N
LONGITUDE: 97 11 W
[TEMPERATURE DATA] [PRECIPITATION DATA] SYMBOLS USED IN COLUMN 16
AVERAGE MONTHLY: 35.7 TOTAL FOR MONTH: 0.94 1 = FOG OR MIST
DPTR FM NORMAL: -6.3 DPTR FM NORMAL: -0.07 2 = FOG REDUCING VISIBILITY
HIGHEST: 70 ON 30 GRTST 24HR 0.50 ON 1- 2 TO 1/4 MILE OR LESS
LOWEST: -5 ON 4 3 = THUNDER
SNOW, ICE PELLETS, HAIL 4 = ICE PELLETS
TOTAL MONTH: 6.0 INCHES 5 = HAIL
GRTST 24HR 4.2 ON 2- 2 6 = FREEZING RAIN OR DRIZZLE
GRTST DEPTH: 5 ON 6, 5 7 = DUSTSTORM OR SANDSTORM:
VSBY 1/2 MILE OR LESS
8 = SMOKE OR HAZE
[NO. OF DAYS WITH] [WEATHER - DAYS WITH] 9 = BLOWING SNOW
X = TORNADO
MAX 32 OR BELOW: 6 0.01 INCH OR MORE: 9
MAX 90 OR ABOVE: 0 0.10 INCH OR MORE: 3
MIN 32 OR BELOW: 22 0.50 INCH OR MORE: 0
MIN 0 OR BELOW: 2 1.00 INCH OR MORE: 0
[HDD (BASE 65) ]
TOTAL THIS MO. 874 CLEAR (SCALE 0-3) 1
DPTR FM NORMAL 181 PTCLDY (SCALE 4-7) 21
TOTAL FM JUL 1 9403 CLOUDY (SCALE 8-10) 8
DPTR FM NORMAL 323
[CDD (BASE 65) ]
TOTAL THIS MO. 0
DPTR FM NORMAL -1 [PRESSURE DATA]
TOTAL FM JAN 1 0 HIGHEST SLP 30.36 ON 4
DPTR FM NORMAL -1 LOWEST SLP 29.46 ON 18
[REMARKS]
#FINAL-04-20#