000
CXUS55 KALY 010710
CF6GFL
PRELIMINARY LOCAL CLIMATOLOGICAL DATA (WS FORM: F-6)
STATION: GLENS FALLS NY
MONTH: SEPTEMBER
YEAR: 2022
LATITUDE: 43 20 N
LONGITUDE: 73 37 W
TEMPERATURE IN F: :PCPN: SNOW: WIND :SUNSHINE: SKY :PK WND
================================================================================
1 2 3 4 5 6A 6B 7 8 9 10 11 12 13 14 15 16 17 18
12Z AVG MX 2MIN
DY MAX MIN AVG DEP HDD CDD WTR SNW DPTH SPD SPD DIR MIN PSBL S-S WX SPD DR
================================================================================
1 71 46 59 -6 6 0 0.02 M M 6.7 18 300 M M 4 1 23 300
2 75 42 59 -5 6 0 0.00 M M 1.6 10 160 M M 0 1 13 170
3 79 45 62 -2 3 0 0.00 M M 2.7 14 190 M M 0 1 18 180
4 81 54 68 4 0 3 0.00 M M 4.9 16 70 M M 2 13 19 60
5 62 57 60 -4 5 0 0.98 M M 4.0 8 60 M M 10 1 10 70
6 67 60 64 1 1 0 0.49 M M 5.3 10 20 M M 10 1 13 30
7 71 52 62 -1 3 0 T M M 2.2 8 90 M M 8 12 10 80
8 79 52 66 3 0 1 0.00 M M 1.4 8 20 M M 5 12 10 360
9 81 49 65 3 0 0 0.00 M M 1.4 7 150 M M 1 12 9 170
10 81 50 66 4 0 1 0.00 M M 2.4 10 160 M M 2 12 12 170
11 76 57 67 5 0 2 0.00 M M 4.5 13 200 M M 5 12 17 210
12 79 61 70 9 0 5 0.00 M M 1.2 8 170 M M 5 1 11 140
13 73 56 65 4 0 0 0.52 M M 4.2 10 280 M M 8 13 15 270
14 77 53 65 5 0 0 T M M 5.7 17 340 M M 4 25 350
15 67 42 55 -5 10 0 0.00 M M 8.8 18 340 M M 1 24 360
16 70 39 55 -5 10 0 0.00 M M 3.2 10 80 M M 2 1 15 340
17 69 38 54 -5 11 0 0.00 M M 1.8 10 170 M M 3 1 13 170
18 77 49 63 4 2 0 T M M 5.6 15 190 M M 5 1 18 190
19 75 61 68 10 0 3 0.79 M M 3.5 15 190 M M 8 13 19 160
20 70 56 63 5 2 0 0.41 M M 4.3 17 330 M M 9 1 21 330
21 71 54 63 5 2 0 0.00 M M 3.5 14 180 M M 6 1 17 190
22 68 50 59 2 6 0 0.44 M M 8.3 22 320 M M 6 1 32 310
23 55 43 49 -8 16 0 0.00 M M 11.6 22 310 M M 2 32 310
24 67 35 51 -5 14 0 0.00 M M 4.5 15 320 M M 0 1 21 310
25 58 40 49 -7 16 0 0.11 M M 2.2 10 200 M M 7 1 15 200
26 68 46 57 1 8 0 0.12 M M 6.4 16 300 M M 6 123 24 300
27 63 39 51 -4 14 0 0.11 M M 4.6 16 200 M M 8 123 22 190
28 64 50 57 2 8 0 0.16 M M 4.5 12 350 M M 8 18 15 350
29 59 35 47 -7 18 0 0.00 M M 4.6 13 350 M M 6 1 17 20
30 61 31 46 -8 19 0 0.00 M M 0.8 6 150 M M 0 1 8 160
================================================================================
SM 2114 1442 180 15 4.15 M 126.4 M 141
================================================================================
AV 70.5 48.1 4.2 FASTST M M 5 MAX(MPH)
MISC ----> # 22 320 # 32 310
================================================================================
NOTES:
# LAST OF SEVERAL OCCURRENCES
COLUMN 17 PEAK WIND IN M.P.H.
PRELIMINARY LOCAL CLIMATOLOGICAL DATA (WS FORM: F-6) , PAGE 2
STATION: GLENS FALLS NY
MONTH: SEPTEMBER
YEAR: 2022
LATITUDE: 43 20 N
LONGITUDE: 73 37 W
[TEMPERATURE DATA] [PRECIPITATION DATA] SYMBOLS USED IN COLUMN 16
AVERAGE MONTHLY: 59.3 TOTAL FOR MONTH: 4.15 1 = FOG OR MIST
DPTR FM NORMAL: -0.4 DPTR FM NORMAL: 0.85 2 = FOG REDUCING VISIBILITY
HIGHEST: 81 ON 10, 9 GRTST 24HR 1.44 ON 5- 6 TO 1/4 MILE OR LESS
LOWEST: 31 ON 30 3 = THUNDER
SNOW, ICE PELLETS, HAIL 4 = ICE PELLETS
TOTAL MONTH: M 5 = HAIL
GRTST 24HR M ON M 6 = FREEZING RAIN OR DRIZZLE
GRTST DEPTH: M ON M 7 = DUSTSTORM OR SANDSTORM:
VSBY 1/2 MILE OR LESS
8 = SMOKE OR HAZE
[NO. OF DAYS WITH] [WEATHER - DAYS WITH] 9 = BLOWING SNOW
X = TORNADO
MAX 32 OR BELOW: 0 0.01 INCH OR MORE: 11
MAX 90 OR ABOVE: 0 0.10 INCH OR MORE: 10
MIN 32 OR BELOW: 1 0.50 INCH OR MORE: 3
MIN 0 OR BELOW: 0 1.00 INCH OR MORE: 0
[HDD (BASE 65) ]
TOTAL THIS MO. 180 CLEAR (SCALE 0-3) 11
DPTR FM NORMAL -13 PTCLDY (SCALE 4-7) 16
TOTAL FM JUL 1 197 CLOUDY (SCALE 8-10) 3
DPTR FM NORMAL -42
[CDD (BASE 65) ]
TOTAL THIS MO. 15
DPTR FM NORMAL -19 [PRESSURE DATA]
TOTAL FM JAN 1 451 HIGHEST SLP M ON M
DPTR FM NORMAL 45 LOWEST SLP 29.52 ON 22
[REMARKS]
#FINAL-09-22#