000
CXUS54 KSHV 011300
CF6GGG
PRELIMINARY LOCAL CLIMATOLOGICAL DATA (WS FORM: F-6)
STATION: LONGVIEW
MONTH: AUGUST
YEAR: 2021
LATITUDE: 32 22 N
LONGITUDE: 94 43 W
TEMPERATURE IN F: :PCPN: SNOW: WIND :SUNSHINE: SKY :PK WND
================================================================================
1 2 3 4 5 6A 6B 7 8 9 10 11 12 13 14 15 16 17 18
12Z AVG MX 2MIN
DY MAX MIN AVG DEP HDD CDD WTR SNW DPTH SPD SPD DIR MIN PSBL S-S WX SPD DR
================================================================================
1 97 77 87 2 0 22 0.00 0.0 0 4.3 13 310 M M 1 3 15 300
2 81 73 77 -8 0 12 0.31 0.0 0 2.7 15 160 M M 6 13 18 160
3 88 72 80 -5 0 15 0.00 0.0 0 3.5 12 80 M M 5 18 60
4 88 70 79 -6 0 14 0.00 0.0 0 2.8 10 130 M M 2 18 14 120
5 88 67 78 -7 0 13 0.00 0.0 0 2.9 8 90 M M 0 8 11 150
6 90 70 80 -5 0 15 0.00 0.0 0 4.1 10 140 M M 1 18 16 170
7 91 71 81 -4 0 16 0.12 0.0 0 5.8 17 220 M M 4 20 230
8 94 75 85 0 0 20 0.00 0.0 0 10.5 18 210 M M 3 24 220
9 94 75 85 1 0 20 0.00 0.0 0 9.4 21 200 M M 4 25 210
10 94 76 85 1 0 20 0.00 0.0 0 9.2 16 210 M M 4 18 22 160
11 94 75 85 1 0 20 0.00 0.0 0 8.1 15 200 M M 4 20 180
12 95 74 85 1 0 20 0.00 0.0 0 6.3 14 220 M M 2 17 150
13 95 73 84 0 0 19 0.00 0.0 0 4.0 10 180 M M 1 13 180
14 93 73 83 -1 0 18 T 0.0 0 4.6 22 290 M M 3 3 27 290
15 91 72 82 -2 0 17 T 0.0 0 2.6 12 20 M M 2 1 14 20
16 91 70 81 -3 0 16 0.00 0.0 0 3.4 15 130 M M 2 3 18 120
17 91 73 82 -2 0 17 0.72 0.0 0 4.3 18 220 M M 6 138 24 210
18 89 72 81 -3 0 16 0.76 0.0 0 6.3 21 230 M M 5 3 25 230
19 89 76 83 -1 0 18 1.07 0.0 0 7.2 21 230 M M 5 13 26 140
20 93 74 84 0 0 19 0.00 0.0 0 7.8 14 190 M M 4 19 230
21 93 72 83 0 0 18 0.00 0.0 0 6.0 16 230 M M 2 20 230
22 93 75 84 1 0 19 0.00 0.0 0 5.1 12 260 M M 0 16 270
23 94 73 84 1 0 19 0.00 0.0 0 4.3 12 260 M M 0 16 160
24 94 73 84 1 0 19 0.00 0.0 0 4.2 10 180 M M 1 14 120
25 95 74 85 2 0 20 0.00 0.0 0 3.8 9 90 M M 1 3 12 90
26 94 73 84 1 0 19 0.00 0.0 0 5.0 15 130 M M 1 20 140
27 91 73 82 0 0 17 0.00 0.0 0 5.7 15 100 M M 3 18 80
28 88 72 80 -2 0 15 0.24 0.0 0 6.1 29 150 M M 5 40 150
29 91 72 82 0 0 17 0.00 0.0 0 4.4 13 70 M M 4 17 70
30 92 72 82 0 0 17 0.00 0.0 0 5.6 16 340 M M 3 23 330
31 95 72 84 2 0 19 0.00 0.0 0 3.5 22 350 M M 1 3 28 340
================================================================================
SM 2846 2259 0 546 3.22 0.0 163.5 M 85
================================================================================
AV 91.8 72.9 5.3 FASTST M M 3 MAX(MPH)
MISC ----> 29 150 40 150
================================================================================
NOTES:
# LAST OF SEVERAL OCCURRENCES
COLUMN 17 PEAK WIND IN M.P.H.
PRELIMINARY LOCAL CLIMATOLOGICAL DATA (WS FORM: F-6) , PAGE 2
STATION: LONGVIEW
MONTH: AUGUST
YEAR: 2021
LATITUDE: 32 22 N
LONGITUDE: 94 43 W
[TEMPERATURE DATA] [PRECIPITATION DATA] SYMBOLS USED IN COLUMN 16
AVERAGE MONTHLY: 82.3 TOTAL FOR MONTH: 3.22 1 = FOG OR MIST
DPTR FM NORMAL: -1.5 DPTR FM NORMAL: 0.58 2 = FOG REDUCING VISIBILITY
HIGHEST: 97 ON 1 GRTST 24HR 1.47 ON 17-18 TO 1/4 MILE OR LESS
LOWEST: 67 ON 5 3 = THUNDER
SNOW, ICE PELLETS, HAIL 4 = ICE PELLETS
TOTAL MONTH: 0.0 INCH 5 = HAIL
GRTST 24HR 0.0 6 = FREEZING RAIN OR DRIZZLE
GRTST DEPTH: 0 7 = DUSTSTORM OR SANDSTORM:
VSBY 1/2 MILE OR LESS
8 = SMOKE OR HAZE
[NO. OF DAYS WITH] [WEATHER - DAYS WITH] 9 = BLOWING SNOW
X = TORNADO
MAX 32 OR BELOW: 0 0.01 INCH OR MORE: 6
MAX 90 OR ABOVE: 24 0.10 INCH OR MORE: 6
MIN 32 OR BELOW: 0 0.50 INCH OR MORE: 3
MIN 0 OR BELOW: 0 1.00 INCH OR MORE: 1
[HDD (BASE 65) ]
TOTAL THIS MO. 0 CLEAR (SCALE 0-3) 17
DPTR FM NORMAL 0 PTCLDY (SCALE 4-7) 14
TOTAL FM JUL 1 0 CLOUDY (SCALE 8-10) 0
DPTR FM NORMAL 0
[CDD (BASE 65) ]
TOTAL THIS MO. 546
DPTR FM NORMAL -35 [PRESSURE DATA]
TOTAL FM JAN 1 1806 HIGHEST SLP 30.13 ON 14
DPTR FM NORMAL -252 LOWEST SLP 29.68 ON 31
[REMARKS]
#FINAL-08-21#