000
CXUS54 KSHV 011300
CF6GGG
PRELIMINARY LOCAL CLIMATOLOGICAL DATA (WS FORM: F-6)
STATION: LONGVIEW
MONTH: JULY
YEAR: 2021
LATITUDE: 32 22 N
LONGITUDE: 94 43 W
TEMPERATURE IN F: :PCPN: SNOW: WIND :SUNSHINE: SKY :PK WND
================================================================================
1 2 3 4 5 6A 6B 7 8 9 10 11 12 13 14 15 16 17 18
12Z AVG MX 2MIN
DY MAX MIN AVG DEP HDD CDD WTR SNW DPTH SPD SPD DIR MIN PSBL S-S WX SPD DR
================================================================================
1 94 73 84 1 0 19 0.07 0.0 0 4.5 17 80 M M 3 3 23 40
2 86 74 80 -3 0 15 0.64 0.0 0 3.7 17 30 M M 5 13 22 20
3 86 65 76 -7 0 11 0.16 0.0 0 5.4 16 90 M M 6 1 23 70
4 87 67 77 -6 0 12 0.00 0.0 0 3.7 12 80 M M 3 14 80
5 90 70 80 -3 0 15 0.00 0.0 0 5.8 14 80 M M 5 17 230
6 92 72 82 -1 0 17 0.07 0.0 0 5.1 17 160 M M 3 3 20 160
7 88 71 80 -3 0 15 0.77 0.0 0 2.8 22 200 M M 2 13 28 190
8 92 73 83 0 0 18 0.00 0.0 0 7.1 16 160 M M 3 22 160
9 87 72 80 -4 0 15 T 0.0 0 7.0 21 190 M M 4 28 210
10 92 72 82 -2 0 17 0.01 0.0 0 7.8 16 210 M M 4 22 210
11 88 68 78 -6 0 13 0.38 0.0 0 9.7 22 200 M M 5 3 30 210
12 82 68 75 -9 0 10 T 0.0 0 8.6 17 270 M M 1 3 23 280
13 90 69 80 -4 0 15 0.00 0.0 0 5.6 23 190 M M 1 33 180
14 91 69 80 -4 0 15 T 0.0 0 5.0 25 230 M M 2 3 34 230
15 88 72 80 -4 0 15 0.34 0.0 0 6.9 20 140 M M 3 3 25 140
16 91 73 82 -2 0 17 0.00 0.0 0 9.1 17 250 M M 4 23 220
17 91 75 83 -1 0 18 0.00 0.0 0 6.4 15 200 M M 3 20 220
18 93 75 84 0 0 19 0.00 0.0 0 6.0 14 240 M M 2 18 250
19 78 69 74 -10 0 9 2.04 0.0 0 5.3 16 200 M M 4 13 20 20
20 87 68 78 -6 0 13 0.29 0.0 0 4.1 21 360 M M 6 13 28 20
21 89 71 80 -4 0 15 T 0.0 0 3.6 12 130 M M 2 8 15 120
22 90 71 81 -3 0 16 0.00 0.0 0 4.7 12 210 M M 2 18 13 210
23 92 73 83 -1 0 18 0.04 0.0 0 5.0 18 170 M M 2 3 24 180
24 92 75 84 -1 0 19 0.00 0.0 0 6.2 15 230 M M 2 19 220
25 93 74 84 -1 0 19 0.00 0.0 0 3.4 10 270 M M 0 13 220
26 95 73 84 -1 0 19 0.00 0.0 0 2.2 8 270 M M 1 12 210
27 94 76 85 0 0 20 0.00 0.0 0 2.2 12 10 M M 1 16 30
28 94 76 85 0 0 20 0.00 0.0 0 2.4 10 80 M M 2 12 80
29 95 76 86 1 0 21 T 0.0 0 3.3 10 80 M M 2 18 12 70
30 96 75 86 1 0 21 0.00 0.0 0 1.6 8 180 M M 1 8 11 110
31 95 76 86 1 0 21 0.00 0.0 0 3.5 9 190 M M 2 14 220
================================================================================
SM 2798 2231 0 507 4.81 0.0 157.7 M 86
================================================================================
AV 90.3 72.0 5.1 FASTST M M 3 MAX(MPH)
MISC ----> 25 230 34 230
================================================================================
NOTES:
# LAST OF SEVERAL OCCURRENCES
COLUMN 17 PEAK WIND IN M.P.H.
PRELIMINARY LOCAL CLIMATOLOGICAL DATA (WS FORM: F-6) , PAGE 2
STATION: LONGVIEW
MONTH: JULY
YEAR: 2021
LATITUDE: 32 22 N
LONGITUDE: 94 43 W
[TEMPERATURE DATA] [PRECIPITATION DATA] SYMBOLS USED IN COLUMN 16
AVERAGE MONTHLY: 81.1 TOTAL FOR MONTH: 4.81 1 = FOG OR MIST
DPTR FM NORMAL: -2.8 DPTR FM NORMAL: 2.35 2 = FOG REDUCING VISIBILITY
HIGHEST: 96 ON 30 GRTST 24HR 2.04 ON 19-19 TO 1/4 MILE OR LESS
LOWEST: 65 ON 3 3 = THUNDER
SNOW, ICE PELLETS, HAIL 4 = ICE PELLETS
TOTAL MONTH: 0.0 INCH 5 = HAIL
GRTST 24HR 0.0 6 = FREEZING RAIN OR DRIZZLE
GRTST DEPTH: 0 7 = DUSTSTORM OR SANDSTORM:
VSBY 1/2 MILE OR LESS
8 = SMOKE OR HAZE
[NO. OF DAYS WITH] [WEATHER - DAYS WITH] 9 = BLOWING SNOW
X = TORNADO
MAX 32 OR BELOW: 0 0.01 INCH OR MORE: 11
MAX 90 OR ABOVE: 20 0.10 INCH OR MORE: 7
MIN 32 OR BELOW: 0 0.50 INCH OR MORE: 3
MIN 0 OR BELOW: 0 1.00 INCH OR MORE: 1
[HDD (BASE 65) ]
TOTAL THIS MO. 0 CLEAR (SCALE 0-3) 21
DPTR FM NORMAL 0 PTCLDY (SCALE 4-7) 10
TOTAL FM JUL 1 0 CLOUDY (SCALE 8-10) 0
DPTR FM NORMAL 0
[CDD (BASE 65) ]
TOTAL THIS MO. 507
DPTR FM NORMAL -80 [PRESSURE DATA]
TOTAL FM JAN 1 1260 HIGHEST SLP 30.20 ON 14
DPTR FM NORMAL -217 LOWEST SLP 29.85 ON 7
[REMARKS]
#FINAL-07-21#