018
CXUS53 KGLD 040122
CF6GLD
PRELIMINARY LOCAL CLIMATOLOGICAL DATA (WS FORM: F-6)
STATION: GOODLAND KS
MONTH: OCTOBER
YEAR: 2020
LATITUDE: 39 22 N
LONGITUDE: 101 42 W
TEMPERATURE IN F: :PCPN: SNOW: WIND :SUNSHINE: SKY :PK WND
================================================================================
1 2 3 4 5 6A 6B 7 8 9 10 11 12 13 14 15 16 17 18
12Z AVG MX 2MIN
DY MAX MIN AVG DEP HDD CDD WTR SNW DPTH SPD SPD DIR MIN PSBL S-S WX SPD DR
================================================================================
1 67 35 51 -7 14 0 0.00 0.0 0 7.9 17 350 M M 2 23 350
2 77 32 55 -2 10 0 0.00 0.0 0 7.8 21 20 M M 0 31 360
3 69 40 55 -2 10 0 0.00 0.0 0 11.9 26 340 M M 0 38 360
4 83 48 66 10 0 1 0.00 0.0 0 13.4 20 200 M M 0 30 210
5 89 46 68 12 0 3 0.00 0.0 0 11.6 30 320 M M 0 8 38 310
6 90 42 66 10 0 1 T 0.0 0 10.4 21 240 M M 0 29 230
7 90 43 67 12 0 2 0.00 0.0 0 7.1 14 350 M M 0 20 80
8 88 39 64 9 1 0 0.00 0.0 0 8.2 18 170 M M 0 8 28 150
9 93 45 69 15 0 4 0.00 0.0 0 9.5 17 350 M M 0 8 24 330
10 84 40 62 8 3 0 0.00 0.0 0 10.6 20 170 M M 0 27 120
11 91 37 64 10 1 0 0.00 0.0 0 20.2 49 330 M M 1 8 66 320
12 76 34 55 2 10 0 0.00 0.0 0 11.1 23 220 M M 0 31 240
13 72 39 56 3 9 0 0.00 0.0 0 12.5 20 200 M M 0 28 190
14 70 40 55 2 10 0 0.00 0.0 0 13.2 30 10 M M 0 37 20
15 56 40 48 -4 17 0 0.00 0.0 0 9.6 25 10 M M 8 33 10
16 67 30 49 -3 16 0 0.00 0.0 0 13.6 29 190 M M 3 40 190
17 72 37 55 3 10 0 0.00 0.0 0 7.9 20 30 M M 1 28 40
18 42 32 37 -14 28 0 0.00 0.0 0 11.4 22 10 M M 10 1 27 10
19 54 35 45 -6 20 0 0.00 0.0 0 12.0 21 190 M M 5 8 26 210
20 67 29 48 -2 17 0 0.00 0.0 0 8.1 21 190 M M 0 27 20
21 60 30 45 -5 20 0 0.00 0.0 0 11.7 25 150 M M 5 12 33 160
22 49 28 39 -11 26 0 T T 0 17.3 28 340 M M 10 12 38 360
23 33 20 27 -22 38 0 0.00 0.0 0 12.2 26 350 M M 8 36 350
24 45 19 32 -17 33 0 0.00 0.0 0 15.6 24 170 M M 5 30 170
25 28 14 21 -28 44 0 0.15 4.8 0 13.7 22 20 M M 10 16 28 30
26 15 5 10 -38 55 0 0.08 1.0 5 9.2 20 20 M M 7 18 25 20
27 32 0 16 -32 49 0 0.00 0.0 6 7.7 14 300 M M 0 16 300
28 40 18 29 -18 36 0 0.00 0.0 4 12.3 22 340 M M 0 29 340
29 63 23 43 -4 22 0 0.00 0.0 1 8.5 15 240 M M 0 21 320
30 71 33 52 5 13 0 0.00 0.0 0 9.8 18 160 M M 0 25 190
31 64 30 47 1 18 0 0.00 0.0 0 11.2 24 350 M M 0 32 350
================================================================================
SM 1997 983 530 11 0.23 5.8 347.2 M 75
================================================================================
AV 64.4 31.7 11.2 FASTST M M 2 MAX(MPH)
MISC ----> 49 330 66 320
================================================================================
NOTES:
# LAST OF SEVERAL OCCURRENCES
COLUMN 17 PEAK WIND IN M.P.H.
PRELIMINARY LOCAL CLIMATOLOGICAL DATA (WS FORM: F-6) , PAGE 2
STATION: GOODLAND KS
MONTH: OCTOBER
YEAR: 2020
LATITUDE: 39 22 N
LONGITUDE: 101 42 W
[TEMPERATURE DATA] [PRECIPITATION DATA] SYMBOLS USED IN COLUMN 16
AVERAGE MONTHLY: 48.1 TOTAL FOR MONTH: 0.23 1 = FOG OR MIST
DPTR FM NORMAL: -3.8 DPTR FM NORMAL: -1.14 2 = FOG REDUCING VISIBILITY
HIGHEST: 93 ON 9 GRTST 24HR 0.18 ON 25-26 TO 1/4 MILE OR LESS
LOWEST: 0 ON 27 3 = THUNDER
SNOW, ICE PELLETS, HAIL 4 = ICE PELLETS
TOTAL MONTH: 5.8 INCHES 5 = HAIL
GRTST 24HR 4.8 ON 25-25 6 = FREEZING RAIN OR DRIZZLE
GRTST DEPTH: 6 ON 27 7 = DUSTSTORM OR SANDSTORM:
VSBY 1/2 MILE OR LESS
8 = SMOKE OR HAZE
[NO. OF DAYS WITH] [WEATHER - DAYS WITH] 9 = BLOWING SNOW
X = TORNADO
MAX 32 OR BELOW: 3 0.01 INCH OR MORE: 2
MAX 90 OR ABOVE: 4 0.10 INCH OR MORE: 1
MIN 32 OR BELOW: 14 0.50 INCH OR MORE: 0
MIN 0 OR BELOW: 1 1.00 INCH OR MORE: 0
[HDD (BASE 65) ]
TOTAL THIS MO. 530 CLEAR (SCALE 0-3) 22
DPTR FM NORMAL 114 PTCLDY (SCALE 4-7) 5
TOTAL FM JUL 1 654 CLOUDY (SCALE 8-10) 4
DPTR FM NORMAL 116
[CDD (BASE 65) ]
TOTAL THIS MO. 11
DPTR FM NORMAL 3 [PRESSURE DATA]
TOTAL FM JAN 1 1187 HIGHEST SLP 30.54 ON 26
DPTR FM NORMAL 246 LOWEST SLP 29.42 ON 11
[REMARKS]
#FINAL-10-20#