000
CXUS54 KJAN 020446
CF6GLH
PRELIMINARY LOCAL CLIMATOLOGICAL DATA (WS FORM: F-6)
STATION: GREENVILLE
MONTH: JUNE
YEAR: 2021
LATITUDE: 33 29 N
LONGITUDE: 90 59 W
TEMPERATURE IN F: :PCPN: SNOW: WIND :SUNSHINE: SKY :PK WND
================================================================================
1 2 3 4 5 6A 6B 7 8 9 10 11 12 13 14 15 16 17 18
12Z AVG MX 2MIN
DY MAX MIN AVG DEP HDD CDD WTR SNW DPTH SPD SPD DIR MIN PSBL S-S WX SPD DR
================================================================================
1 82 68 75 -2 0 10 0.20 0.0 0 6.0 13 150 M M 4 1 20 170
2 84 68 76 -1 0 11 0.01 0.0 0 8.7 21 230 M M 5 1 27 250
3 85 65 75 -2 0 10 0.00 0.0 0 4.8 10 290 M M 1 15 250
4 87 62 75 -2 0 10 0.00 0.0 0 2.5 10 190 M M 0 17 80
5 80 70 75 -3 0 10 0.10 0.0 0 5.7 16 190 M M 7 1 21 190
6 81 71 76 -2 0 11 0.07 0.0 0 6.9 17 150 M M 7 1 23 140
7 87 69 78 0 0 13 1.53 0.0 0 7.8 48 190 M M 8 1238 68 200
8 88 70 79 1 0 14 1.36 0.0 0 8.4 24 320 M M 7 13 33 310
9 87 72 80 2 0 15 0.25 0.0 0 7.2 28 230 M M 6 13 40 230
10 79 72 76 -2 0 11 0.45 0.0 0 9.6 23 160 M M 3 13 29 110
11 91 71 81 2 0 16 0.00 0.0 0 10.2 14 220 M M 3 8 21 220
12 93 72 83 4 0 18 0.00 0.0 0 5.2 12 310 M M 1 15 310
13 96 73 85 6 0 20 0.03 0.0 0 M 25 90 M M 1 3 30 90
14 95 73 84 5 0 19 0.00 0.0 0 M 12 340 M M 0 16 340
15 95 70 83 4 0 18 0.00 0.0 0 M 12 20 M M M 14 20
16 90 67 79 -1 0 14 0.00 0.0 0 M 14 30 M M M 20 30
17 92 66 79 -1 0 14 0.00 0.0 0 4.2 13 190 M M 0 16 170
18 92 65 79 -1 0 14 0.00 0.0 0 4.2 12 130 M M 0 12 17 190
19 91 72 82 2 0 17 0.00 0.0 0 5.5 13 80 M M 2 18 70
20 95 71 83 3 0 18 0.00 0.0 0 8.4 17 200 M M 0 24 180
21 89 70 80 0 0 15 0.56 0.0 0 10.9 21 280 M M 6 13 29 260
22 82 61 72 -8 0 7 0.00 0.0 0 6.7 16 40 M M 1 22 350
23 88 60 74 -7 0 9 0.00 0.0 0 4.8 12 170 M M 2 15 170
24 94 72 83 2 0 18 0.00 0.0 0 5.6 12 160 M M 1 1 16 160
25 91 75 83 2 0 18 0.02 0.0 0 8.6 17 180 M M 3 23 170
26 91 74 83 2 0 18 T 0.0 0 9.0 15 160 M M 2 20 150
27 92 72 82 1 0 17 0.39 0.0 0 6.6 31 140 M M 2 13 42 140
28 90 73 82 1 0 17 0.00 0.0 0 7.5 14 130 M M 2 1 20 130
29 92 72 82 1 0 17 T 0.0 0 4.9 13 180 M M 1 18 180
30 93 71 82 0 0 17 0.00 0.0 0 3.3 10 110 M M 1 14 100
================================================================================
SM 2672 2087 0 436 4.97 0.0 173.2 M 76
================================================================================
AV 89.1 69.6 6.7 FASTST M M 3 MAX(MPH)
MISC ----> 48 190 68 200
================================================================================
NOTES:
# LAST OF SEVERAL OCCURRENCES
COLUMN 17 PEAK WIND IN M.P.H.
PRELIMINARY LOCAL CLIMATOLOGICAL DATA (WS FORM: F-6) , PAGE 2
STATION: GREENVILLE
MONTH: JUNE
YEAR: 2021
LATITUDE: 33 29 N
LONGITUDE: 90 59 W
[TEMPERATURE DATA] [PRECIPITATION DATA] SYMBOLS USED IN COLUMN 16
AVERAGE MONTHLY: 79.3 TOTAL FOR MONTH: 4.97 1 = FOG OR MIST
DPTR FM NORMAL: -0.1 DPTR FM NORMAL: 1.65 2 = FOG REDUCING VISIBILITY
HIGHEST: 96 ON 13 GRTST 24HR 2.48 ON 7- 8 TO 1/4 MILE OR LESS
LOWEST: 60 ON 23 3 = THUNDER
SNOW, ICE PELLETS, HAIL 4 = ICE PELLETS
TOTAL MONTH: 0.0 INCH 5 = HAIL
GRTST 24HR 0.0 6 = FREEZING RAIN OR DRIZZLE
GRTST DEPTH: 0 7 = DUSTSTORM OR SANDSTORM:
VSBY 1/2 MILE OR LESS
8 = SMOKE OR HAZE
[NO. OF DAYS WITH] [WEATHER - DAYS WITH] 9 = BLOWING SNOW
X = TORNADO
MAX 32 OR BELOW: 0 0.01 INCH OR MORE: 12
MAX 90 OR ABOVE: 17 0.10 INCH OR MORE: 8
MIN 32 OR BELOW: 0 0.50 INCH OR MORE: 3
MIN 0 OR BELOW: 0 1.00 INCH OR MORE: 2
[HDD (BASE 65) ]
TOTAL THIS MO. 0 CLEAR (SCALE 0-3) 20
DPTR FM NORMAL 0 PTCLDY (SCALE 4-7) 8
TOTAL FM JUL 1 2499 CLOUDY (SCALE 8-10) 2
DPTR FM NORMAL -120
[CDD (BASE 65) ]
TOTAL THIS MO. 436
DPTR FM NORMAL 6 [PRESSURE DATA]
TOTAL FM JAN 1 752 HIGHEST SLP 30.17 ON 30
DPTR FM NORMAL -30 LOWEST SLP 29.79 ON 20
[REMARKS]
#FINAL-06-21#