000
CXUS54 KFWD 010830
CF6GOP
PRELIMINARY LOCAL CLIMATOLOGICAL DATA (WS FORM: F-6)
STATION: GATESVILLE
MONTH: FEBRUARY
YEAR: 2023
LATITUDE: 31 25 N
LONGITUDE: 97 48 W
TEMPERATURE IN F: :PCPN: SNOW: WIND :SUNSHINE: SKY :PK WND
================================================================================
1 2 3 4 5 6A 6B 7 8 9 10 11 12 13 14 15 16 17 18
12Z AVG MX 2MIN
DY MAX MIN AVG DEP HDD CDD WTR SNW DPTH SPD SPD DIR MIN PSBL S-S WX SPD DR
================================================================================
1 30 27 29 -18 36 0 M M M M M M M M 8 16 M M
2 36 30 33 -14 32 0 0.12 M M M M M M M 9 16 M M
3 48 30 39 -8 26 0 0.00 M M M M M M M 4 12 M M
4 61 28 45 -2 20 0 0.00 M M M M M M M 4 12 M M
5 73 34 54 7 11 0 0.00 M M M M M M M 0 1 M M
6 73 54 64 17 1 0 0.00 M M M M M M M 4 M M
7 68 46 57 9 8 0 0.09 M M M M M M M 9 1 M M
8 54 37 46 -2 19 0 0.26 M M M M M M M 7 13 M M
9 72 34 53 5 12 0 0.00 M M M M M M M 0 M M
10 50 36 43 -5 22 0 0.00 M M M M M M M 3 M M
11 55 30 43 -5 22 0 0.00 M M M M M M M 0 M M
12 66 28 47 -1 18 0 0.00 M M M M M M M 0 M M
13 66 39 53 5 12 0 0.00 M M M M M M M 2 M M
14 75 54 65 16 0 0 0.15 M M M M M M M 3 1 M M
15 79 45 62 13 3 0 0.00 M M M M M M M 1 1 M M
16 63 36 50 1 15 0 0.00 M M M M M M M 4 M M
17 50 28 39 -10 26 0 0.00 M M M M M M M 0 M M
18 55 25 40 -9 25 0 0.00 M M M M M M M 0 M M
19 70 41 56 6 9 0 0.00 M M M M M M M 0 M M
20 84 59 72 22 0 7 0.00 M M M M M M M 0 M M
21 86 57 72 22 0 7 0.00 M M M M M M M 1 M M
22 84 59 72 22 0 7 0.03 M M M M M M M 3 M M
23 66 50 58 8 7 0 0.00 M M M M M M M 2 M M
24 50 45 48 -3 17 0 0.00 M M M M M M M 10 M M
25 55 39 47 -4 18 0 0.00 M M M M M M M 9 128 M M
26 79 50 65 14 0 0 0.00 M M M M M M M 7 12 M M
27 77 48 63 12 2 0 0.00 M M M M M M M 0 8 M M
28 86 46 66 14 0 1 0.00 M M M M M M M 0 M M
================================================================================
SM 1811 1135 361 22 0.65 M M M 90
================================================================================
AV 64.7 40.5 M FASTST M M 3 MAX(MPH)
MISC ----> M M M M
================================================================================
NOTES:
# LAST OF SEVERAL OCCURRENCES
COLUMN 17 PEAK WIND IN M.P.H.
PRELIMINARY LOCAL CLIMATOLOGICAL DATA (WS FORM: F-6) , PAGE 2
STATION: GATESVILLE
MONTH: FEBRUARY
YEAR: 2023
LATITUDE: 31 25 N
LONGITUDE: 97 48 W
[TEMPERATURE DATA] [PRECIPITATION DATA] SYMBOLS USED IN COLUMN 16
AVERAGE MONTHLY: 52.6 TOTAL FOR MONTH: 0.65 1 = FOG OR MIST
DPTR FM NORMAL: 3.8 DPTR FM NORMAL: 0.65 2 = FOG REDUCING VISIBILITY
HIGHEST: 86 ON 28,21 GRTST 24HR 0.26 ON 8- 8 TO 1/4 MILE OR LESS
LOWEST: 25 ON 18 3 = THUNDER
SNOW, ICE PELLETS, HAIL 4 = ICE PELLETS
TOTAL MONTH: M 5 = HAIL
GRTST 24HR M ON M 6 = FREEZING RAIN OR DRIZZLE
GRTST DEPTH: M ON M 7 = DUSTSTORM OR SANDSTORM:
VSBY 1/2 MILE OR LESS
8 = SMOKE OR HAZE
[NO. OF DAYS WITH] [WEATHER - DAYS WITH] 9 = BLOWING SNOW
X = TORNADO
MAX 32 OR BELOW: 1 0.01 INCH OR MORE: 5
MAX 90 OR ABOVE: 0 0.10 INCH OR MORE: 3
MIN 32 OR BELOW: 8 0.50 INCH OR MORE: 0
MIN 0 OR BELOW: 0 1.00 INCH OR MORE: 0
[HDD (BASE 65) ]
TOTAL THIS MO. 361 CLEAR (SCALE 0-3) 16
DPTR FM NORMAL -94 PTCLDY (SCALE 4-7) 8
TOTAL FM JUL 1 1607 CLOUDY (SCALE 8-10) 4
DPTR FM NORMAL -428
[CDD (BASE 65) ]
TOTAL THIS MO. 22
DPTR FM NORMAL 19 [PRESSURE DATA]
TOTAL FM JAN 1 34 HIGHEST SLP M ON M
DPTR FM NORMAL 33 LOWEST SLP M ON M
[REMARKS]
#FINAL-02-23#