000
CXUS53 KGRB 140114
CF6GRB
PRELIMINARY LOCAL CLIMATOLOGICAL DATA (WS FORM: F-6)
STATION: GREEN BAY WI
MONTH: OCTOBER
YEAR: 2021
LATITUDE: 44 28 N
LONGITUDE: 88 8 W
TEMPERATURE IN F: :PCPN: SNOW: WIND :SUNSHINE: SKY :PK WND
================================================================================
1 2 3 4 5 6A 6B 7 8 9 10 11 12 13 14 15 16 17 18
12Z AVG MX 2MIN
DY MAX MIN AVG DEP HDD CDD WTR SNW DPTH SPD SPD DIR MIN PSBL S-S WX SPD DR
================================================================================
1 84 50 67 12 0 2 0.00 0.0 0 3.8 12 150 M M 0 12 15 160
2 80 62 71 17 0 6 0.02 0.0 0 4.5 14 270 M M 5 138 18 280
3 67 61 64 10 1 0 0.20 0.0 0 4.1 10 40 M M 8 13 13 40
4 67 60 64 10 1 0 0.02 0.0 0 9.1 17 30 M M 9 1 23 40
5 71 54 63 10 2 0 0.00 0.0 0 6.5 13 40 M M 6 1 18 60
6 74 52 63 10 2 0 0.00 0.0 0 4.5 13 110 M M 2 12 19 100
7 68 52 60 8 5 0 0.42 0.0 0 6.2 13 80 M M 9 18 18 60
8 75 59 67 15 0 2 0.02 0.0 0 4.4 10 50 M M 7 12 12 40
9 72 60 66 14 0 1 0.00 0.0 0 4.8 12 130 M M 8 12 16 130
10 76 63 70 19 0 5 T 0.0 0 9.5 16 190 M M 2 1 28 200
11 68 63 66 15 0 1 0.02 0.0 0 4.1 13 280 M M 9 13 19 290
12 68 61 65 15 0 0 0.10 0.0 0 5.4 12 310 M M 10 1 14 300
13 67 54 61 11 4 0 T 0.0 0 6.0 16 150 M M 8 21 130
14 68 45 57 7 8 0 0.00 0.0 0 7.7 17 210 M M 1 27 220
15 61 39 50 1 15 0 T 0.0 0 5.0 12 270 M M 3 16 280
16 61 41 51 2 14 0 0.00 0.0 0 10.6 22 300 M M 3 33 320
17 67 40 54 6 11 0 0.00 0.0 0 9.0 22 300 M M 0 31 300
18 70 35 53 5 12 0 0.00 0.0 0 3.5 9 190 M M 0 8 15 180
19 74 41 58 10 7 0 0.00 0.0 0 4.5 14 200 M M 0 18 21 200
20 63 47 55 8 10 0 0.24 0.0 0 7.6 21 40 M M 5 13 28 50
21 56 35 46 -1 19 0 0.02 0.0 0 13.2 28 10 M M 7 1 38 10
22 47 33 40 -6 25 0 0.00 0.0 0 3.9 10 320 M M 9 15 330
23 54 32 43 -3 22 0 0.00 0.0 0 4.1 13 300 M M 3 17 290
24 51 28 40 -6 25 0 T 0.0 0 10.7 29 50 M M 1 36 50
25 50 36 43 -2 22 0 T 0.0 0 14.6 28 20 M M 6 8 36 20
26 52 32 42 -3 23 0 0.00 0.0 0 5.9 16 40 M M 2 22 50
27 56 33 45 1 20 0 0.00 0.0 0 5.9 15 100 M M 10 22 120
28 56 50 53 9 12 0 0.03 0.0 0 11.6 21 30 M M 7 1 29 40
29 56 49 53 9 12 0 0.06 0.0 0 16.0 29 20 M M 10 40 30
30 60 38 49 6 16 0 0.00 0.0 0 6.9 15 360 M M 4 21 350
31 51 35 43 0 22 0 0.00 0.0 0 11.2 24 320 M M 5 34 330
================================================================================
SM 1990 1440 310 17 1.15 0.0 224.8 M 159
================================================================================
AV 64.2 46.5 7.3 FASTST M M 5 MAX(MPH)
MISC ----> # 29 50 40 30
================================================================================
NOTES:
# LAST OF SEVERAL OCCURRENCES
COLUMN 17 PEAK WIND IN M.P.H.
PRELIMINARY LOCAL CLIMATOLOGICAL DATA (WS FORM: F-6) , PAGE 2
STATION: GREEN BAY WI
MONTH: OCTOBER
YEAR: 2021
LATITUDE: 44 28 N
LONGITUDE: 88 8 W
[TEMPERATURE DATA] [PRECIPITATION DATA] SYMBOLS USED IN COLUMN 16
AVERAGE MONTHLY: 55.3 TOTAL FOR MONTH: 1.15 1 = FOG OR MIST
DPTR FM NORMAL: 6.6 DPTR FM NORMAL: -1.52 2 = FOG REDUCING VISIBILITY
HIGHEST: 84 ON 1 GRTST 24HR 0.44 ON 7- 8 TO 1/4 MILE OR LESS
LOWEST: 28 ON 24 3 = THUNDER
SNOW, ICE PELLETS, HAIL 4 = ICE PELLETS
TOTAL MONTH: 0.0 INCH 5 = HAIL
GRTST 24HR 0.0 6 = FREEZING RAIN OR DRIZZLE
GRTST DEPTH: 0 7 = DUSTSTORM OR SANDSTORM:
VSBY 1/2 MILE OR LESS
8 = SMOKE OR HAZE
[NO. OF DAYS WITH] [WEATHER - DAYS WITH] 9 = BLOWING SNOW
X = TORNADO
MAX 32 OR BELOW: 0 0.01 INCH OR MORE: 11
MAX 90 OR ABOVE: 0 0.10 INCH OR MORE: 4
MIN 32 OR BELOW: 3 0.50 INCH OR MORE: 0
MIN 0 OR BELOW: 0 1.00 INCH OR MORE: 0
[HDD (BASE 65) ]
TOTAL THIS MO. 310 CLEAR (SCALE 0-3) 12
DPTR FM NORMAL -197 PTCLDY (SCALE 4-7) 11
TOTAL FM JUL 1 401 CLOUDY (SCALE 8-10) 8
DPTR FM NORMAL -317
[CDD (BASE 65) ]
TOTAL THIS MO. 17
DPTR FM NORMAL 13 [PRESSURE DATA]
TOTAL FM JAN 1 678 HIGHEST SLP 30.34 ON 6
DPTR FM NORMAL 170 LOWEST SLP 29.60 ON 10
[REMARKS]
#FINAL-10-21#