000
CXUS53 KGRR 010910
CF6GRR
PRELIMINARY LOCAL CLIMATOLOGICAL DATA (WS FORM: F-6)
STATION: GRAND RAPIDS
MONTH: APRIL
YEAR: 2022
LATITUDE: 42 52 N
LONGITUDE: 85 31 W
TEMPERATURE IN F: :PCPN: SNOW: WIND :SUNSHINE: SKY :PK WND
================================================================================
1 2 3 4 5 6A 6B 7 8 9 10 11 12 13 14 15 16 17 18
12Z AVG MX 2MIN
DY MAX MIN AVG DEP HDD CDD WTR SNW DPTH SPD SPD DIR MIN PSBL S-S WX SPD DR
================================================================================
1 37 25 31 -11 34 0 T T 0 10.7 21 320 M M 8 29 290
2 41 23 32 -10 33 0 0.10 T 0 5.8 15 180 M M 7 1 18 180
3 49 33 41 -1 24 0 0.00 0.0 0 5.4 13 320 M M 10 1 18 330
4 47 33 40 -3 25 0 0.42 0.1 0 8.2 16 120 M M 10 1 23 170
5 56 36 46 3 19 0 0.00 0.0 0 8.6 18 100 M M 8 18 23 90
6 54 42 48 4 17 0 0.69 0.0 0 14.4 26 240 M M 9 18 36 250
7 45 39 42 -2 23 0 0.01 0.0 0 13.3 23 240 M M 10 30 250
8 45 31 38 -6 27 0 0.11 0.0 0 9.8 20 320 M M 10 1 26 320
9 40 30 35 -10 30 0 0.01 T 0 9.1 20 290 M M 8 1 26 300
10 58 24 41 -4 24 0 0.00 0.0 0 8.0 21 140 M M 4 29 150
11 59 39 49 3 16 0 0.00 0.0 0 12.5 26 250 M M 7 3 34 250
12 67 32 50 4 15 0 0.00 0.0 0 10.2 22 130 M M 4 32 140
13 67 48 58 12 7 0 0.73 0.0 0 11.3 31 250 M M 10 13 42 270
14 49 33 41 -6 24 0 0.10 0.0 0 21.7 43 240 M M 6 1 58 240
15 45 38 42 -5 23 0 0.00 0.0 0 19.3 35 230 M M 9 46 230
16 39 30 35 -13 30 0 T T 0 9.3 24 280 M M 7 32 290
17 44 27 36 -12 29 0 0.00 0.0 0 8.3 17 90 M M 6 22 90
18 37 32 35 -14 30 0 0.17 0.3 0 7.8 17 290 M M 8 1 26 290
19 43 28 36 -13 29 0 0.01 T 0 12.1 22 310 M M 8 30 320
20 54 26 40 -9 25 0 0.08 0.0 0 10.8 22 130 M M 7 32 120
21 62 43 53 3 12 0 0.34 0.0 0 14.9 30 260 M M 6 1 38 260
22 48 38 43 -7 22 0 1.22 0.0 0 12.0 25 110 M M 7 13 33 110
23 82 46 64 13 1 0 0.02 0.0 0 12.7 22 210 M M 8 30 200
24 74 56 65 14 0 0 0.34 0.0 0 14.3 23 270 M M 8 1 34 210
25 56 40 48 -3 17 0 T 0.0 0 13.7 24 240 M M 8 32 260
26 45 34 40 -12 25 0 T T 0 13.9 24 290 M M 10 58 31 300
27 47 30 39 -13 26 0 0.00 0.0 0 9.5 18 320 M M 6 25 320
28 54 28 41 -12 24 0 0.00 0.0 0 8.9 17 100 M M 5 25 160
29 62 42 52 -1 13 0 0.00 0.0 0 12.6 21 90 M M 9 28 110
30 57 46 52 -1 13 0 0.84 0.0 0 16.3 25 100 M M 10 13 34 100
================================================================================
SM 1563 1052 637 0 5.19 0.4 345.4 M 233
================================================================================
AV 52.1 35.1 11.5 FASTST M M 8 MAX(MPH)
MISC ----> 43 240 58 240
================================================================================
NOTES:
# LAST OF SEVERAL OCCURRENCES
COLUMN 17 PEAK WIND IN M.P.H.
PRELIMINARY LOCAL CLIMATOLOGICAL DATA (WS FORM: F-6) , PAGE 2
STATION: GRAND RAPIDS
MONTH: APRIL
YEAR: 2022
LATITUDE: 42 52 N
LONGITUDE: 85 31 W
[TEMPERATURE DATA] [PRECIPITATION DATA] SYMBOLS USED IN COLUMN 16
AVERAGE MONTHLY: 43.6 TOTAL FOR MONTH: 5.19 1 = FOG OR MIST
DPTR FM NORMAL: -4.0 DPTR FM NORMAL: 1.20 2 = FOG REDUCING VISIBILITY
HIGHEST: 82 ON 23 GRTST 24HR 1.24 ON 22-23 TO 1/4 MILE OR LESS
LOWEST: 23 ON 2 3 = THUNDER
SNOW, ICE PELLETS, HAIL 4 = ICE PELLETS
TOTAL MONTH: 0.4 INCH 5 = HAIL
GRTST 24HR 0.3 ON 18-18 6 = FREEZING RAIN OR DRIZZLE
GRTST DEPTH: 0 7 = DUSTSTORM OR SANDSTORM:
VSBY 1/2 MILE OR LESS
8 = SMOKE OR HAZE
[NO. OF DAYS WITH] [WEATHER - DAYS WITH] 9 = BLOWING SNOW
X = TORNADO
MAX 32 OR BELOW: 0 0.01 INCH OR MORE: 16
MAX 90 OR ABOVE: 0 0.10 INCH OR MORE: 11
MIN 32 OR BELOW: 13 0.50 INCH OR MORE: 4
MIN 0 OR BELOW: 0 1.00 INCH OR MORE: 1
[HDD (BASE 65) ]
TOTAL THIS MO. 637 CLEAR (SCALE 0-3) 0
DPTR FM NORMAL 109 PTCLDY (SCALE 4-7) 18
TOTAL FM JUL 1 6065 CLOUDY (SCALE 8-10) 12
DPTR FM NORMAL -79
[CDD (BASE 65) ]
TOTAL THIS MO. 0
DPTR FM NORMAL -5 [PRESSURE DATA]
TOTAL FM JAN 1 0 HIGHEST SLP 30.52 ON 22
DPTR FM NORMAL -6 LOWEST SLP 29.42 ON 13
[REMARKS]
#FINAL-04-22#