675
CXUS53 KIWX 010810
CF6GSH
PRELIMINARY LOCAL CLIMATOLOGICAL DATA (WS FORM: F-6)
STATION: GOSHEN
MONTH: MARCH
YEAR: 2021
LATITUDE: 41 31 N
LONGITUDE: 85 47 W
TEMPERATURE IN F: :PCPN: SNOW: WIND :SUNSHINE: SKY :PK WND
================================================================================
1 2 3 4 5 6A 6B 7 8 9 10 11 12 13 14 15 16 17 18
12Z AVG MX 2MIN
DY MAX MIN AVG DEP HDD CDD WTR SNW DPTH SPD SPD DIR MIN PSBL S-S WX SPD DR
================================================================================
1 37 21 29 -3 36 0 0.00 M M 13.6 25 330 M M 5 33 320
2 40 16 28 -4 37 0 0.00 0.0 M 8.9 20 220 M M 0 25 220
3 56 31 44 12 21 0 0.00 0.0 M 10.2 20 330 M M 0 27 320
4 40 24 32 -1 33 0 0.00 M M 8.7 20 350 M M 0 25 350
5 45 19 32 -1 33 0 0.00 M M 8.8 21 310 M M 0 28 330
6 44 21 33 0 32 0 0.00 M M 7.1 18 290 M M 0 25 280
7 47 17 32 -2 33 0 0.00 M M 3.2 10 180 M M 0 14 190
8 68 36 52 18 13 0 0.00 M M 12.6 29 250 M M 1 39 250
9 66 34 50 16 15 0 0.00 M M 8.6 20 170 M M 0 26 200
10 68 51 60 25 5 0 0.00 M M 20.1 35 200 M M 6 46 220
11 65 37 51 16 14 0 T M M 17.3 31 240 M M 5 41 240
12 52 29 41 5 24 0 0.00 M M 7.5 21 310 M M 0 26 310
13 55 20 38 2 27 0 0.00 M M 3.7 10 280 M M 0 16 280
14 54 31 43 7 22 0 0.00 M M 9.8 16 10 M M 0 24 20
15 35 27 31 -6 34 0 0.03 M M 16.5 29 90 M M 5 8 40 90
16 43 32 38 1 27 0 0.00 M M 5.1 10 120 M M 10 18 14 90
17 65 28 47 9 18 0 T M M 6.9 18 50 M M 4 18 27 70
18 48 32 40 2 25 0 0.19 M M 19.6 29 30 M M 7 1 42 40
19 50 27 39 1 26 0 0.00 M M 9.9 23 30 M M 0 32 20
20 58 22 40 1 25 0 0.00 M M 4.5 12 130 M M 0 18 210
21 64 26 45 6 20 0 0.00 M M 6.5 18 170 M M 0 24 170
22 67 35 51 11 14 0 0.00 M M 9.1 24 200 M M 4 31 230
23 73 47 60 20 5 0 0.02 M M 9.3 21 160 M M 7 28 170
24 68 50 59 19 6 0 0.06 M M 16.2 30 200 M M 7 40 210
25 59 38 49 8 16 0 0.90 0.0 0 8.1 26 340 M M 5 13 36 340
26 48 38 43 2 22 0 0.35 0.0 0 8.2 29 20 M M 10 1 39 20
27 67 36 52 10 13 0 0.60 0.0 0 8.7 24 150 M M 6 138 33 150
28 53 28 41 -1 24 0 0.13 M M 15.3 29 310 M M 8 1 43 300
29 55 25 40 -2 25 0 0.00 M M 11.0 21 180 M M 0 31 180
30 70 45 58 15 7 0 0.09 M M 18.1 30 200 M M 3 1 43 210
31 45 28 37 -6 28 0 0.03 M M 13.7 24 300 M M 5 33 310
================================================================================
SM 1705 951 680 0 2.40 0.0 326.8 M 98
================================================================================
AV 55.0 30.7 10.5 FASTST M M 3 MAX(MPH)
MISC ----> 35 200 46 220
================================================================================
NOTES:
# LAST OF SEVERAL OCCURRENCES
COLUMN 17 PEAK WIND IN M.P.H.
PRELIMINARY LOCAL CLIMATOLOGICAL DATA (WS FORM: F-6) , PAGE 2
STATION: GOSHEN
MONTH: MARCH
YEAR: 2021
LATITUDE: 41 31 N
LONGITUDE: 85 47 W
[TEMPERATURE DATA] [PRECIPITATION DATA] SYMBOLS USED IN COLUMN 16
AVERAGE MONTHLY: 42.8 TOTAL FOR MONTH: 2.40 1 = FOG OR MIST
DPTR FM NORMAL: 5.6 DPTR FM NORMAL: 0.13 2 = FOG REDUCING VISIBILITY
HIGHEST: 73 ON 23 GRTST 24HR 0.90 ON 25-25 TO 1/4 MILE OR LESS
LOWEST: 16 ON 2 3 = THUNDER
SNOW, ICE PELLETS, HAIL 4 = ICE PELLETS
TOTAL MONTH: 0.0 INCH 5 = HAIL
GRTST 24HR 0.0 6 = FREEZING RAIN OR DRIZZLE
GRTST DEPTH: 0 7 = DUSTSTORM OR SANDSTORM:
VSBY 1/2 MILE OR LESS
8 = SMOKE OR HAZE
[NO. OF DAYS WITH] [WEATHER - DAYS WITH] 9 = BLOWING SNOW
X = TORNADO
MAX 32 OR BELOW: 0 0.01 INCH OR MORE: 10
MAX 90 OR ABOVE: 0 0.10 INCH OR MORE: 5
MIN 32 OR BELOW: 20 0.50 INCH OR MORE: 2
MIN 0 OR BELOW: 0 1.00 INCH OR MORE: 0
[HDD (BASE 65) ]
TOTAL THIS MO. 680 CLEAR (SCALE 0-3) 16
DPTR FM NORMAL -181 PTCLDY (SCALE 4-7) 13
TOTAL FM JUL 1 5161 CLOUDY (SCALE 8-10) 2
DPTR FM NORMAL -505
[CDD (BASE 65) ]
TOTAL THIS MO. 0
DPTR FM NORMAL 0 [PRESSURE DATA]
TOTAL FM JAN 1 0 HIGHEST SLP 30.61 ON 20
DPTR FM NORMAL 0 LOWEST SLP 29.42 ON 26
[REMARKS]
#FINAL-03-21#