000
CXUS52 KRAH 010945
CF6GSO
PRELIMINARY LOCAL CLIMATOLOGICAL DATA (WS FORM: F-6)
STATION: GREENSBORO NC
MONTH: DECEMBER
YEAR: 2022
LATITUDE: 36 4 N
LONGITUDE: 79 57 W
TEMPERATURE IN F: :PCPN: SNOW: WIND :SUNSHINE: SKY :PK WND
================================================================================
1 2 3 4 5 6A 6B 7 8 9 10 11 12 13 14 15 16 17 18
12Z AVG MX 2MIN
DY MAX MIN AVG DEP HDD CDD WTR SNW DPTH SPD SPD DIR MIN PSBL S-S WX SPD DR
================================================================================
1 50 30 40 -5 25 0 0.00 0.0 0 5.8 18 330 M M 4 26 330
2 55 26 41 -4 24 0 0.01 0.0 0 5.2 12 220 M M 5 14 220
3 59 46 53 8 12 0 0.18 0.0 0 6.9 16 230 M M 9 12 22 230
4 50 33 42 -3 23 0 0.00 0.0 0 3.0 10 50 M M 7 13 60
5 52 28 40 -4 25 0 T 0.0 0 2.2 10 160 M M 8 13 170
6 50 41 46 2 19 0 0.24 0.0 0 2.7 8 230 M M 10 12 9 220
7 57 49 53 9 12 0 0.16 0.0 0 6.4 10 260 M M 10 12 14 260
8 61 51 56 12 9 0 0.14 0.0 0 6.9 15 60 M M 10 12 17 60
9 51 45 48 4 17 0 0.15 0.0 0 7.2 16 80 M M 10 1 21 80
10 48 43 46 3 19 0 T 0.0 0 5.7 10 60 M M 10 11 70
11 52 42 47 4 18 0 0.00 0.0 0 3.6 8 260 M M 10 10 300
12 53 36 45 2 20 0 0.00 0.0 0 5.4 15 60 M M 2 18 50
13 43 31 37 -6 28 0 0.00 0.0 0 3.3 10 80 M M 8 13 80
14 43 30 37 -6 28 0 0.41 0.0 0 3.6 12 60 M M 10 18 15 70
15 38 35 37 -5 28 0 0.84 0.0 0 9.7 25 50 M M 10 1 29 50
16 50 33 42 0 23 0 0.00 0.0 0 6.9 17 240 M M 4 12 20 240
17 49 27 38 -4 27 0 0.00 0.0 0 6.8 17 230 M M 4 23 210
18 46 27 37 -5 28 0 0.00 0.0 0 7.0 18 300 M M 1 27 300
19 47 22 35 -7 30 0 0.00 0.0 0 2.7 13 270 M M 5 16 310
20 39 28 34 -8 31 0 0.00 0.0 0 2.9 12 60 M M 8 12 60
21 45 26 36 -6 29 0 0.07 0.0 0 7.4 14 60 M M 8 18 18 50
22 42 34 38 -3 27 0 1.17 0.0 0 9.7 21 50 M M 10 1 30 50
23 46 10 28 -13 37 0 0.09 T 0 19.7 39 290 M M 4 14 50 290
24 26 5 16 -25 49 0 0.00 0.0 0 12.7 26 300 M M 1 33 300
25 35 13 24 -17 41 0 0.00 0.0 0 9.0 20 270 M M 1 24 310
26 37 13 25 -16 40 0 0.00 0.0 0 4.3 10 200 M M 6 13 200
27 48 24 36 -5 29 0 0.00 0.0 0 2.8 8 20 M M 3 10 20
28 52 23 38 -3 27 0 0.00 0.0 0 4.4 14 230 M M 1 21 250
29 60 28 44 4 21 0 0.00 0.0 0 7.0 17 260 M M 1 22 260
30 66 36 51 11 14 0 0.00 0.0 0 3.4 14 160 M M 6 1 17 160
31 57 47 52 12 13 0 0.34 0.0 0 4.7 14 290 M M 10 12 17 280
================================================================================
SM 1507 962 773 0 3.80 T 189.0 M 196
================================================================================
AV 48.6 31.0 6.1 FASTST M M 6 MAX(MPH)
MISC ----> 39 290 50 290
================================================================================
NOTES:
# LAST OF SEVERAL OCCURRENCES
COLUMN 17 PEAK WIND IN M.P.H.
PRELIMINARY LOCAL CLIMATOLOGICAL DATA (WS FORM: F-6) , PAGE 2
STATION: GREENSBORO NC
MONTH: DECEMBER
YEAR: 2022
LATITUDE: 36 4 N
LONGITUDE: 79 57 W
[TEMPERATURE DATA] [PRECIPITATION DATA] SYMBOLS USED IN COLUMN 16
AVERAGE MONTHLY: 39.8 TOTAL FOR MONTH: 3.80 1 = FOG OR MIST
DPTR FM NORMAL: -2.7 DPTR FM NORMAL: 0.63 2 = FOG REDUCING VISIBILITY
HIGHEST: 66 ON 30 GRTST 24HR 1.25 ON 14-15 TO 1/4 MILE OR LESS
LOWEST: 5 ON 24 3 = THUNDER
SNOW, ICE PELLETS, HAIL 4 = ICE PELLETS
TOTAL MONTH: T 5 = HAIL
GRTST 24HR T ON 23-23 6 = FREEZING RAIN OR DRIZZLE
GRTST DEPTH: 0 7 = DUSTSTORM OR SANDSTORM:
VSBY 1/2 MILE OR LESS
8 = SMOKE OR HAZE
[NO. OF DAYS WITH] [WEATHER - DAYS WITH] 9 = BLOWING SNOW
X = TORNADO
MAX 32 OR BELOW: 1 0.01 INCH OR MORE: 12
MAX 90 OR ABOVE: 0 0.10 INCH OR MORE: 9
MIN 32 OR BELOW: 17 0.50 INCH OR MORE: 2
MIN 0 OR BELOW: 0 1.00 INCH OR MORE: 1
[HDD (BASE 65) ]
TOTAL THIS MO. 773 CLEAR (SCALE 0-3) 6
DPTR FM NORMAL 74 PTCLDY (SCALE 4-7) 13
TOTAL FM JUL 1 1448 CLOUDY (SCALE 8-10) 12
DPTR FM NORMAL 79
[CDD (BASE 65) ]
TOTAL THIS MO. 0
DPTR FM NORMAL -1 [PRESSURE DATA]
TOTAL FM JAN 1 1604 HIGHEST SLP 30.55 ON 2
DPTR FM NORMAL 51 LOWEST SLP 29.40 ON 23
[REMARKS]
#FINAL-12-22#